000
CXUS56 KEKA 031328
CF6CEC
PRELIMINARY LOCAL CLIMATOLOGICAL DATA (WS FORM: F-6)
STATION: CRESCENT CITY CA
MONTH: MARCH
YEAR: 2020
LATITUDE: 41 46 N
LONGITUDE: 124 14 W
TEMPERATURE IN F: :PCPN: SNOW: WIND :SUNSHINE: SKY :PK WND
================================================================================
1 2 3 4 5 6A 6B 7 8 9 10 11 12 13 14 15 16 17 18
12Z AVG MX 2MIN
DY MAX MIN AVG DEP HDD CDD WTR SNW DPTH SPD SPD DIR MIN PSBL S-S WX SPD DR
================================================================================
1 55 42 49 1 16 0 0.00 0.0 0 15.4 26 340 M M 0 38 340
2 53 45 49 1 16 0 0.00 0.0 0 14.4 24 340 M M 2 33 330
3 54 46 50 2 15 0 0.00 0.0 0 12.0 20 350 M M 3 1 26 350
4 54 42 48 0 17 0 0.00 0.0 0 4.6 13 330 M M 5 28 15 330
5 51 43 47 -1 18 0 0.00 0.0 0 4.6 10 180 M M 7 1 14 180
6 52 44 48 0 17 0 0.21 M 0 5.4 16 330 M M 10 18 22 330
7 51 38 45 -3 20 0 0.01 M 0 4.8 15 270 M M 3 1 19 190
8 51 41 46 -2 19 0 0.00 0.0 0 3.9 8 320 M M 6 8 10 320
9 55 38 47 -1 18 0 0.00 0.0 0 5.7 15 340 M M 3 1 20 340
10 56 38 47 -1 18 0 0.00 0.0 0 7.3 17 350 M M 0 1 25 350
11 55 38 47 -1 18 0 0.00 0.0 0 9.0 21 350 M M 2 28 30 350
12 54 46 50 2 15 0 0.00 0.0 0 15.2 28 340 M M 0 8 40 340
13 51 44 48 0 17 0 0.21 M 0 13.3 25 200 M M 5 18 29 190
14 49 40 45 -3 20 0 0.28 M 0 11.0 23 150 M M 9 1 31 170
15 49 38 44 -4 21 0 0.17 M 0 8.1 24 180 M M 5 30 180
16 53 35 44 -4 21 0 0.00 0.0 0 6.9 16 160 M M 1 20 90
17 48 45 47 -1 18 0 0.02 M 0 12.1 22 160 M M 10 27 180
18 53 40 47 -1 18 0 0.04 M 0 4.6 12 340 M M 5 14 260
19 53 40 47 -1 18 0 0.00 0.0 0 4.7 10 280 M M 3 13 270
20 57 37 47 -2 18 0 0.00 0.0 0 4.2 10 340 M M 1 12 350
21 56 38 47 -2 18 0 0.00 0.0 0 7.2 18 340 M M 0 1 25 340
22 53 45 49 0 16 0 0.00 0.0 0 6.1 16 160 M M 9 21 160
23 53 45 49 0 16 0 0.12 M 0 8.8 21 210 M M 10 1 26 210
24 50 40 45 -4 20 0 0.66 M 0 8.6 21 180 M M 8 1 25 200
25 50 37 44 -5 21 0 0.12 M 0 7.1 14 210 M M 5 13 18 210
26 53 33 43 -6 22 0 0.00 0.0 0 6.9 16 320 M M 1 19 330
27 53 39 46 -3 19 0 0.06 M 0 8.9 15 180 M M 9 1 18 190
28 55 48 52 3 13 0 0.06 M 0 10.2 18 190 M M 10 21 190
29 56 49 53 4 12 0 0.15 M 0 12.5 30 180 M M 9 1 38 180
30 52 49 51 2 14 0 0.61 0.0 0 19.0 31 180 M M 10 1 40 180
31 55 39 47 -2 18 0 0.14 M 0 8.9 21 200 M M 7 1 26 190
================================================================================
SM 1640 1282 547 0 2.86 0.0 271.4 M 158
================================================================================
AV 52.9 41.4 8.8 FASTST M M 5 MAX(MPH)
MISC ----> # 31 180 # 40 340
================================================================================
NOTES:
# LAST OF SEVERAL OCCURRENCES
COLUMN 17 PEAK WIND IN M.P.H.
PRELIMINARY LOCAL CLIMATOLOGICAL DATA (WS FORM: F-6) , PAGE 2
STATION: CRESCENT CITY CA
MONTH: MARCH
YEAR: 2020
LATITUDE: 41 46 N
LONGITUDE: 124 14 W
[TEMPERATURE DATA] [PRECIPITATION DATA] SYMBOLS USED IN COLUMN 16
AVERAGE MONTHLY: 47.1 TOTAL FOR MONTH: 2.86 1 = FOG OR MIST
DPTR FM NORMAL: -1.4 DPTR FM NORMAL: -5.00 2 = FOG REDUCING VISIBILITY
HIGHEST: 57 ON 20 GRTST 24HR 0.70 ON 23-24 TO 1/4 MILE OR LESS
LOWEST: 33 ON 26 3 = THUNDER
SNOW, ICE PELLETS, HAIL 4 = ICE PELLETS
TOTAL MONTH: 0.0 INCH 5 = HAIL
GRTST 24HR 0.0 6 = FREEZING RAIN OR DRIZZLE
GRTST DEPTH: 0 7 = DUSTSTORM OR SANDSTORM:
VSBY 1/2 MILE OR LESS
8 = SMOKE OR HAZE
[NO. OF DAYS WITH] [WEATHER - DAYS WITH] 9 = BLOWING SNOW
X = TORNADO
MAX 32 OR BELOW: 0 0.01 INCH OR MORE: 15
MAX 90 OR ABOVE: 0 0.10 INCH OR MORE: 10
MIN 32 OR BELOW: 0 0.50 INCH OR MORE: 2
MIN 0 OR BELOW: 0 1.00 INCH OR MORE: 0
[HDD (BASE 65) ]
TOTAL THIS MO. 547 CLEAR (SCALE 0-3) 11
DPTR FM NORMAL 34 PTCLDY (SCALE 4-7) 11
TOTAL FM JUL 1 3517 CLOUDY (SCALE 8-10) 9
DPTR FM NORMAL -169
[CDD (BASE 65) ]
TOTAL THIS MO. 0
DPTR FM NORMAL 0 [PRESSURE DATA]
TOTAL FM JAN 1 0 HIGHEST SLP 30.38 ON 2
DPTR FM NORMAL 0 LOWEST SLP 29.70 ON 13
[REMARKS]
#FINAL-03-20#