000
CXUS53 KPAH 010700
CF6CGI
PRELIMINARY LOCAL CLIMATOLOGICAL DATA (WS FORM: F-6)
STATION: CAPE GIRARDEAU MO
MONTH: SEPTEMBER
YEAR: 2021
LATITUDE: 37 13 N
LONGITUDE: 89 35 W
TEMPERATURE IN F: :PCPN: SNOW: WIND :SUNSHINE: SKY :PK WND
================================================================================
1 2 3 4 5 6A 6B 7 8 9 10 11 12 13 14 15 16 17 18
12Z AVG MX 2MIN
DY MAX MIN AVG DEP HDD CDD WTR SNW DPTH SPD SPD DIR MIN PSBL S-S WX SPD DR
================================================================================
1 86 66 76 2 0 11 0.01 M M 6.5 16 30 M M 5 1 21 30
2 84 58 71 -3 0 6 0.00 M M 3.0 10 30 M M 0 1 15 50
3 84 57 71 -3 0 6 0.00 M M 2.0 10 130 M M 0 1 14 120
4 86 64 75 1 0 10 0.37 M M 3.2 8 170 M M 4 1 M M
5 82 58 70 -3 0 5 0.15 M M 6.9 14 10 M M 4 1 22 350
6 87 55 71 -2 0 6 0.00 M M 0.8 7 280 M M 2 12 9 260
7 87 57 72 -1 0 7 0.00 M M 4.6 12 220 M M 0 12 17 180
8 85 58 72 0 0 7 0.00 M M 6.8 21 360 M M 2 28 360
9 83 53 68 -4 0 3 0.00 M M 4.2 15 330 M M 1 1 20 330
10 84 53 69 -3 0 4 0.00 M M 4.6 12 200 M M 1 12 17 220
11 86 64 75 4 0 10 0.00 M M 7.9 15 200 M M 1 23 200
12 86 64 75 4 0 10 0.00 M M 6.6 14 190 M M 0 21 220
13 90 64 77 6 0 12 0.00 M M 5.1 15 200 M M 1 18 24 200
14 91 72 82 12 0 17 0.00 M M 6.1 14 260 M M 2 20 240
15 85 63 74 4 0 9 0.02 M M 5.4 14 340 M M 2 13 19 10
16 85 60 73 3 0 8 0.00 M M 3.3 10 120 M M 3 12 15 120
17 80 64 72 3 0 7 0.06 M M 3.3 13 80 M M 6 1 17 70
18 88 67 78 9 0 13 T M M 4.7 14 60 M M 5 1 18 60
19 80 66 73 4 0 8 0.05 M M 5.0 12 130 M M 5 12 19 170
20 87 72 80 12 0 15 0.47 M M 7.5 14 150 M M 6 13 21 160
21 78 61 70 2 0 5 0.17 M M 9.2 20 350 M M 9 1 29 340
22 74 48 61 -7 4 0 0.00 M M 8.1 24 340 M M 2 36 330
23 75 42 59 -8 6 0 0.00 M M 3.8 14 310 M M 0 1 28 300
24 81 45 63 -4 2 0 0.00 M M 4.4 14 220 M M 0 12 21 210
25 77 47 62 -4 3 0 0.02 M M 3.6 14 360 M M 1 1 18 50
26 84 44 64 -2 1 0 0.00 M M 5.7 14 190 M M 1 12 21 170
27 90 61 76 10 0 11 0.00 M M 9.0 18 220 M M 0 26 220
28 89 56 73 8 0 8 0.00 M M 4.0 13 220 M M 0 1 18 200
29 88 60 74 9 0 9 0.00 M M 3.4 12 100 M M 1 1 19 140
30 82 66 74 9 0 9 0.01 M M 1.0 15 180 M M 2 13 21 180
================================================================================
SM 2524 1765 16 216 1.33 M 149.7 M 66
================================================================================
AV 84.1 58.8 5.0 FASTST M M 2 MAX(MPH)
MISC ----> 24 340 36 330
================================================================================
NOTES:
# LAST OF SEVERAL OCCURRENCES
COLUMN 17 PEAK WIND IN M.P.H.
PRELIMINARY LOCAL CLIMATOLOGICAL DATA (WS FORM: F-6) , PAGE 2
STATION: CAPE GIRARDEAU MO
MONTH: SEPTEMBER
YEAR: 2021
LATITUDE: 37 13 N
LONGITUDE: 89 35 W
[TEMPERATURE DATA] [PRECIPITATION DATA] SYMBOLS USED IN COLUMN 16
AVERAGE MONTHLY: 71.5 TOTAL FOR MONTH: 1.33 1 = FOG OR MIST
DPTR FM NORMAL: 1.8 DPTR FM NORMAL: -2.28 2 = FOG REDUCING VISIBILITY
HIGHEST: 91 ON 14 GRTST 24HR 0.52 ON 4- 5 TO 1/4 MILE OR LESS
LOWEST: 42 ON 23 3 = THUNDER
SNOW, ICE PELLETS, HAIL 4 = ICE PELLETS
TOTAL MONTH: M 5 = HAIL
GRTST 24HR M ON M 6 = FREEZING RAIN OR DRIZZLE
GRTST DEPTH: M ON M 7 = DUSTSTORM OR SANDSTORM:
VSBY 1/2 MILE OR LESS
8 = SMOKE OR HAZE
[NO. OF DAYS WITH] [WEATHER - DAYS WITH] 9 = BLOWING SNOW
X = TORNADO
MAX 32 OR BELOW: 0 0.01 INCH OR MORE: 10
MAX 90 OR ABOVE: 3 0.10 INCH OR MORE: 4
MIN 32 OR BELOW: 0 0.50 INCH OR MORE: 0
MIN 0 OR BELOW: 0 1.00 INCH OR MORE: 0
[HDD (BASE 65) ]
TOTAL THIS MO. 16 CLEAR (SCALE 0-3) 22
DPTR FM NORMAL -21 PTCLDY (SCALE 4-7) 7
TOTAL FM JUL 1 16 CLOUDY (SCALE 8-10) 1
DPTR FM NORMAL -21
[CDD (BASE 65) ]
TOTAL THIS MO. 216
DPTR FM NORMAL 37 [PRESSURE DATA]
TOTAL FM JAN 1 1563 HIGHEST SLP M ON M
DPTR FM NORMAL 39 LOWEST SLP 29.71 ON 1
[REMARKS]
#FINAL-09-21#