000
CXUS53 KPAH 171240
CLMCGI
CLIMATE REPORT
NATIONAL WEATHER SERVICE PADUCAH KY
740 AM CDT THU AUG 17 2023
...................................
...THE CAPE GIRARDEAU MO CLIMATE SUMMARY FOR THE MONTH OF JULY 2023...
CLIMATE NORMAL PERIOD 1991 TO 2020
CLIMATE RECORD PERIOD 1960 TO 2023
WEATHER OBSERVED NORMAL DEPART LAST YEAR`S
VALUE DATE(S) VALUE FROM VALUE
NORMAL
..............................................................
TEMPERATURE (F)
RECORD
HIGH 106 07/06/2012
07/05/2012
LOW 49 07/27/1962
HIGHEST 95 07/01 100
LOWEST 58 07/10 61
AVG. MAXIMUM 89.3 89.2 0.1 92.3
AVG. MINIMUM 68.2 69.3 -1.1 70.5
MEAN 78.8 79.3 -0.5 81.4
DAYS MAX >= 90 18 16.6 1.4 25
DAYS MAX <= 32 0 0.0 0.0 0
DAYS MIN <= 32 0 0.0 0.0 0
DAYS MIN <= 0 0 0.0 0.0 0
PRECIPITATION (INCHES)
RECORD
MAXIMUM 10.72 2001
MINIMUM 0.63 1999
TOTALS 6.74 3.87 2.87 1.54
DAILY AVG. 0.22 0.12 0.10 0.05
DAYS >= .01 14 9.5 4.5 7
DAYS >= .10 9 6.2 2.8 3
DAYS >= .50 4 2.5 1.5 2
DAYS >= 1.00 2 0.9 1.1 0
GREATEST
24 HR. TOTAL 2.61 07/19 TO 07/19
DEGREE DAYS
COOLING TOTAL 436 442 -6 513
SINCE 1/1 929 962 -33 MM
..............................................................
WIND (MPH)
AVERAGE WIND SPEED 5.2
HIGHEST WIND SPEED/DIRECTION 43/260 DATE 07/01
43/280 07/24
HIGHEST GUST SPEED/DIRECTION 65/260 DATE 07/18
SKY COVER
POSSIBLE SUNSHINE (PERCENT) MM
AVERAGE SKY COVER 0.22
NUMBER OF DAYS FAIR 23
NUMBER OF DAYS PC 8
NUMBER OF DAYS CLOUDY 0
AVERAGE RH (PERCENT) 78
WEATHER CONDITIONS. NUMBER OF DAYS WITH
THUNDERSTORM 15 MIXED PRECIP 0
HEAVY RAIN 7 RAIN 5
LIGHT RAIN 15 FREEZING RAIN 0
LT FREEZING RAIN 0 HAIL 0
HEAVY SNOW 0 SNOW 0
LIGHT SNOW 0 SLEET 0
FOG 23 FOG W/VIS <= 1/4 MILE 4
HAZE 8
- INDICATES NEGATIVE NUMBERS.
R INDICATES RECORD WAS SET OR TIED.
MM INDICATES DATA IS MISSING.
T INDICATES TRACE AMOUNT.
$$