000
CXUS55 KDVN 011100
CF6CID
PRELIMINARY LOCAL CLIMATOLOGICAL DATA (WS FORM: F-6)
STATION: CEDAR RAPIDS IA
MONTH: FEBRUARY
YEAR: 2021
LATITUDE: 41 52 N
LONGITUDE: 91 42 W
TEMPERATURE IN F: :PCPN: SNOW: WIND :SUNSHINE: SKY :PK WND
================================================================================
1 2 3 4 5 6A 6B 7 8 9 10 11 12 13 14 15 16 17 18
12Z AVG MX 2MIN
DY MAX MIN AVG DEP HDD CDD WTR SNW DPTH SPD SPD DIR MIN PSBL S-S WX SPD DR
================================================================================
1 29 15 22 1 43 0 0.00 M M 12.6 20 310 M M 8 1 23 320
2 23 19 21 0 44 0 0.00 M M 5.6 12 110 M M 10 128 14 110
3 32 18 25 4 40 0 0.00 M M 12.2 22 150 M M 7 1 29 160
4 34 11 23 2 42 0 0.33 M M 21.8 38 300 M M 7 1289 51 320
5 11 -2 5 -16 60 0 0.00 M M 16.8 28 280 M M 0 18 33 280
6 4 -14 -5 -27 70 0 0.09 M M 12.6 20 310 M M 5 18 24 300
7 -5 -21 -13 -35 78 0 T M M 7.3 16 320 M M 5 8 18 320
8 3 -10 -3 -25 68 0 0.05 M M 6.5 14 360 M M 9 18 17 350
9 -1 -19 -10 -32 75 0 0.00 M M 6.5 10 340 M M 0 1 14 350
10 9 -2 4 -19 61 0 T M M 8.4 14 350 M M 8 8 20 360
11 4 -9 -2 -25 67 0 0.02 M M 11.0 17 350 M M 8 18 20 360
12 0 -9 -4 -27 69 0 0.00 M M 15.0 22 350 M M 5 8 28 350
13 -2 -12 -7 -31 72 0 0.11 M M 13.6 21 330 M M 6 18 29 360
14 -6 -9 -7 -31 72 0 0.00 M M 15.0 23 350 M M 8 8 27 350
15 -1 -13 -7 -31 72 0 0.00 M M 12.3 18 360 M M 6 8 23 360
16 4 -13 -4 -29 69 0 0.00 M M 6.2 15 350 M M 5 18 20 350
17 12 -16 -2 -27 67 0 0.00 M M 3.8 10 90 M M 4 1 13 100
18 15 0 8 -17 57 0 0.00 M M 5.9 9 250 M M 6 18 11 290
19 19 -3 8 -18 57 0 0.00 M M 4.0 12 270 M M 7 128 13 270
20 29 -4 13 -13 52 0 0.00 M M 9.6 17 150 M M 6 128 21 150
21 31 15 23 -3 42 0 0.28 M M 13.8 23 300 M M 7 128 30 300
22 38 21 30 3 35 0 0.00 M M 15.4 23 230 M M 5 18 30 220
23 42 29 36 9 29 0 0.00 M M 12.4 24 290 M M 1 33 280
24 38 20 29 1 36 0 0.00 M M 13.6 25 330 M M 3 33 340
25 34 16 25 -3 40 0 0.00 M M 3.7 12 300 M M 2 18 13 300
26 37 16 27 -2 38 0 0.00 M M 9.0 20 160 M M 5 1 26 160
27 42 24 33 4 32 0 0.00 M M 8.4 17 100 M M 0 18 22 90
28 38 21 30 0 35 0 0.00 M M 16.1 30 280 M M 7 128 39 270
================================================================================
SM 513 69 1522 0 0.88 M 299.1 M 150
================================================================================
AV 18.3 2.5 10.7 FASTST M M 5 MAX(MPH)
MISC ----> 38 300 51 320
================================================================================
NOTES:
# LAST OF SEVERAL OCCURRENCES
COLUMN 17 PEAK WIND IN M.P.H.
PRELIMINARY LOCAL CLIMATOLOGICAL DATA (WS FORM: F-6) , PAGE 2
STATION: CEDAR RAPIDS IA
MONTH: FEBRUARY
YEAR: 2021
LATITUDE: 41 52 N
LONGITUDE: 91 42 W
[TEMPERATURE DATA] [PRECIPITATION DATA] SYMBOLS USED IN COLUMN 16
AVERAGE MONTHLY: 10.4 TOTAL FOR MONTH: 0.88 1 = FOG OR MIST
DPTR FM NORMAL: -14.0 DPTR FM NORMAL: -0.34 2 = FOG REDUCING VISIBILITY
HIGHEST: 42 ON 27,23 GRTST 24HR 0.33 ON 4- 4 TO 1/4 MILE OR LESS
LOWEST: -21 ON 7 3 = THUNDER
SNOW, ICE PELLETS, HAIL 4 = ICE PELLETS
TOTAL MONTH: M 5 = HAIL
GRTST 24HR M ON M 6 = FREEZING RAIN OR DRIZZLE
GRTST DEPTH: M ON M 7 = DUSTSTORM OR SANDSTORM:
VSBY 1/2 MILE OR LESS
8 = SMOKE OR HAZE
[NO. OF DAYS WITH] [WEATHER - DAYS WITH] 9 = BLOWING SNOW
X = TORNADO
MAX 32 OR BELOW: 20 0.01 INCH OR MORE: 6
MAX 90 OR ABOVE: 0 0.10 INCH OR MORE: 3
MIN 32 OR BELOW: 28 0.50 INCH OR MORE: 0
MIN 0 OR BELOW: 16 1.00 INCH OR MORE: 0
[HDD (BASE 65) ]
TOTAL THIS MO. 1522 CLEAR (SCALE 0-3) 6
DPTR FM NORMAL 387 PTCLDY (SCALE 4-7) 19
TOTAL FM JUL 1 5485 CLOUDY (SCALE 8-10) 3
DPTR FM NORMAL 202
[CDD (BASE 65) ]
TOTAL THIS MO. 0
DPTR FM NORMAL 0 [PRESSURE DATA]
TOTAL FM JAN 1 0 HIGHEST SLP 30.71 ON 14
DPTR FM NORMAL 0 LOWEST SLP 29.45 ON 4
[REMARKS]
#FINAL-02-21#