000
CXUS54 KHGX 011410
CF6CLL
PRELIMINARY LOCAL CLIMATOLOGICAL DATA (WS FORM: F-6)
STATION: COLLEGE STATION
MONTH: SEPTEMBER
YEAR: 2022
LATITUDE: 30 34 N
LONGITUDE: 96 22 W
TEMPERATURE IN F: :PCPN: SNOW: WIND :SUNSHINE: SKY :PK WND
================================================================================
1 2 3 4 5 6A 6B 7 8 9 10 11 12 13 14 15 16 17 18
12Z AVG MX 2MIN
DY MAX MIN AVG DEP HDD CDD WTR SNW DPTH SPD SPD DIR MIN PSBL S-S WX SPD DR
================================================================================
1 94 73 84 0 0 19 0.76 0.0 0 3.9 23 100 M M 2 13 34 80
2 94 74 84 0 0 19 0.28 0.0 0 3.8 17 90 M M 2 13 24 100
3 90 72 81 -3 0 16 1.14 0.0 0 3.8 20 50 M M 3 13 29 60
4 87 72 80 -3 0 15 0.02 0.0 0 4.0 18 10 M M 0 27 360
5 93 70 82 -1 0 17 0.00 0.0 0 4.4 18 160 M M 1 23 170
6 92 72 82 -1 0 17 0.00 0.0 0 5.3 13 150 M M 1 17 180
7 95 73 84 1 0 19 0.34 0.0 0 3.3 15 70 M M 2 13 21 80
8 93 72 83 1 0 18 0.00 0.0 0 6.3 15 30 M M 1 22 40
9 92 72 82 0 0 17 0.00 0.0 0 4.1 9 60 M M 3 16 130
10 94 72 83 1 0 18 0.00 0.0 0 3.4 10 50 M M 2 16 50
11 92 74 83 1 0 18 0.00 0.0 0 6.8 16 360 M M 1 22 350
12 90 72 81 -1 0 16 0.00 0.0 0 7.2 12 360 M M 1 18 40
13 91 70 81 0 0 16 0.00 0.0 0 5.1 12 130 M M 1 16 120
14 90 68 79 -2 0 14 0.00 0.0 0 5.2 14 100 M M 0 18 90
15 91 67 79 -2 0 14 0.00 0.0 0 5.7 12 130 M M 1 17 100
16 94 73 84 3 0 19 0.00 0.0 0 6.0 16 140 M M 2 23 120
17 94 75 85 5 0 20 0.00 0.0 0 6.3 16 160 M M 3 1 21 150
18 95 73 84 4 0 19 0.00 0.0 0 5.3 13 160 M M 0 17 160
19 95 74 85 5 0 20 0.00 0.0 0 3.7 13 160 M M 1 17 140
20 96 74 85 5 0 20 0.00 0.0 0 3.9 12 160 M M 1 18 18 150
21 96 72 84 5 0 19 0.00 0.0 0 2.5 12 150 M M 0 17 120
22 98 72 85 6 0 20 0.00 0.0 0 2.4 10 120 M M 1 16 120
23 97 71 84 5 0 19 0.00 0.0 0 5.0 13 170 M M 1 17 140
24 95 71 83 5 0 18 0.00 0.0 0 4.2 15 120 M M 0 1 21 150
25 96 71 84 6 0 19 0.00 0.0 0 2.3 9 270 M M 0 16 240
26 93 65 79 1 0 14 0.00 0.0 0 10.8 20 20 M M 0 27 50
27 92 57 75 -3 0 10 0.00 0.0 0 5.2 15 60 M M 0 22 30
28 91 60 76 -1 0 11 0.00 0.0 0 3.1 14 130 M M 0 19 130
29 89 61 75 -2 0 10 0.00 0.0 0 4.6 12 100 M M 0 19 110
30 85 59 72 -5 0 7 0.00 0.0 0 4.9 13 10 M M 0 18 30
================================================================================
SM 2784 2101 0 498 2.54 0.0 142.5 M 30
================================================================================
AV 92.8 70.0 4.8 FASTST M M 1 MAX(MPH)
MISC ----> 23 100 34 80
================================================================================
NOTES:
# LAST OF SEVERAL OCCURRENCES
COLUMN 17 PEAK WIND IN M.P.H.
PRELIMINARY LOCAL CLIMATOLOGICAL DATA (WS FORM: F-6) , PAGE 2
STATION: COLLEGE STATION
MONTH: SEPTEMBER
YEAR: 2022
LATITUDE: 30 34 N
LONGITUDE: 96 22 W
[TEMPERATURE DATA] [PRECIPITATION DATA] SYMBOLS USED IN COLUMN 16
AVERAGE MONTHLY: 81.4 TOTAL FOR MONTH: 2.54 1 = FOG OR MIST
DPTR FM NORMAL: 0.8 DPTR FM NORMAL: -0.96 2 = FOG REDUCING VISIBILITY
HIGHEST: 98 ON 22 GRTST 24HR 1.42 ON 2- 3 TO 1/4 MILE OR LESS
LOWEST: 57 ON 27 3 = THUNDER
SNOW, ICE PELLETS, HAIL 4 = ICE PELLETS
TOTAL MONTH: 0.0 INCH 5 = HAIL
GRTST 24HR 0.0 6 = FREEZING RAIN OR DRIZZLE
GRTST DEPTH: 0 7 = DUSTSTORM OR SANDSTORM:
VSBY 1/2 MILE OR LESS
8 = SMOKE OR HAZE
[NO. OF DAYS WITH] [WEATHER - DAYS WITH] 9 = BLOWING SNOW
X = TORNADO
MAX 32 OR BELOW: 0 0.01 INCH OR MORE: 5
MAX 90 OR ABOVE: 27 0.10 INCH OR MORE: 4
MIN 32 OR BELOW: 0 0.50 INCH OR MORE: 2
MIN 0 OR BELOW: 0 1.00 INCH OR MORE: 1
[HDD (BASE 65) ]
TOTAL THIS MO. 0 CLEAR (SCALE 0-3) 29
DPTR FM NORMAL -1 PTCLDY (SCALE 4-7) 1
TOTAL FM JUL 1 0 CLOUDY (SCALE 8-10) 0
DPTR FM NORMAL 0
[CDD (BASE 65) ]
TOTAL THIS MO. 498
DPTR FM NORMAL 29 [PRESSURE DATA]
TOTAL FM JAN 1 3545 HIGHEST SLP 30.26 ON 29
DPTR FM NORMAL 674 LOWEST SLP 29.71 ON 9
[REMARKS]
#FINAL-09-22#