310
CXUS56 KLOX 011655
CF6CMA
PRELIMINARY LOCAL CLIMATOLOGICAL DATA (WS FORM: F-6)
STATION: CAMARILLO AIRPORT CA
MONTH: SEPTEMBER
YEAR: 2020
LATITUDE: 34 12 N
LONGITUDE: 119 6 W
TEMPERATURE IN F: :PCPN: SNOW: WIND :SUNSHINE: SKY :PK WND
================================================================================
1 2 3 4 5 6A 6B 7 8 9 10 11 12 13 14 15 16 17 18
12Z AVG MX 2MIN
DY MAX MIN AVG DEP HDD CDD WTR SNW DPTH SPD SPD DIR MIN PSBL S-S WX SPD DR
================================================================================
1 79 64 72 4 0 7 0.00 0.0 0 5.1 14 260 M M 4 20 260
2 77 59 68 0 0 3 0.00 0.0 0 4.7 14 270 M M 1 18 270
3 81 60 71 3 0 6 0.00 0.0 0 4.3 13 260 M M 0 8 18 270
4 85 62 74 6 0 9 0.00 0.0 0 3.6 10 260 M M 0 8 15 260
5 91 64 78 10 0 13 0.00 0.0 0 3.7 10 240 M M 0 8 14 250
6 106 68 87 19 0 22 0.00 0.0 0 4.5 10 320 M M 0 8 13 240
7 83 70 77 9 0 12 0.00 0.0 0 4.6 16 270 M M 3 8 19 260
8 80 68 74 6 0 9 0.01 0.0 0 4.6 14 210 M M 7 18 17 220
9 79 65 72 4 0 7 0.00 0.0 0 4.6 12 260 M M 5 18 15 250
10 75 58 67 -1 0 2 0.00 0.0 0 2.1 10 270 M M 3 128 12 290
11 82 53 68 1 0 3 0.00 0.0 0 2.6 10 240 M M 0 8 14 260
12 74 55 65 -2 0 0 0.00 0.0 0 2.5 9 250 M M 0 8 12 250
13 80 53 67 0 0 2 0.00 0.0 0 3.0 12 260 M M 4 128 17 260
14 80 55 68 1 0 3 0.00 0.0 0 3.3 12 230 M M 1 8 18 240
15 81 56 69 2 0 4 0.00 0.0 0 2.7 10 260 M M 0 8 15 260
16 84 56 70 3 0 5 0.00 0.0 0 3.9 12 240 M M 0 8 14 230
17 87 54 71 4 0 6 0.00 0.0 0 4.3 13 270 M M 0 8 16 270
18 90 61 76 9 0 11 0.00 0.0 0 4.1 12 240 M M 0 14 260
19 82 60 71 4 0 6 0.00 0.0 0 3.2 13 240 M M 0 8 16 260
20 77 55 66 0 0 1 0.00 0.0 0 4.3 13 210 M M 3 128 17 240
21 77 62 70 4 0 5 0.00 0.0 0 3.9 13 220 M M 6 18 16 270
22 79 61 70 4 0 5 0.00 0.0 0 4.4 12 260 M M 4 8 15 240
23 82 59 71 5 0 6 0.00 0.0 0 3.4 10 240 M M 4 128 16 210
24 83 55 69 3 0 4 0.00 0.0 0 4.2 12 260 M M 0 15 240
25 78 56 67 1 0 2 0.00 0.0 0 4.0 14 220 M M 1 8 17 230
26 79 62 71 5 0 6 0.00 0.0 0 4.1 13 240 M M 3 8 17 240
27 79 66 73 7 0 8 0.00 0.0 0 4.1 12 220 M M 5 8 16 220
28 81 66 74 9 0 9 0.00 0.0 0 4.2 10 270 M M 6 8 15 240
29 85 63 74 9 0 9 0.00 0.0 0 4.0 12 240 M M 4 128 15 240
30 102 60 81 16 0 16 0.00 0.0 0 3.6 13 240 M M 0 19 200
================================================================================
SM 2478 1806 0 201 0.01 0.0 115.6 M 64
================================================================================
AV 82.6 60.2 3.9 FASTST M M 2 MAX(MPH)
MISC ----> # 16 270 # 20 260
================================================================================
NOTES:
# LAST OF SEVERAL OCCURRENCES
COLUMN 17 PEAK WIND IN M.P.H.
PRELIMINARY LOCAL CLIMATOLOGICAL DATA (WS FORM: F-6) , PAGE 2
STATION: CAMARILLO AIRPORT CA
MONTH: SEPTEMBER
YEAR: 2020
LATITUDE: 34 12 N
LONGITUDE: 119 6 W
[TEMPERATURE DATA] [PRECIPITATION DATA] SYMBOLS USED IN COLUMN 16
AVERAGE MONTHLY: 71.4 TOTAL FOR MONTH: 0.01 1 = FOG OR MIST
DPTR FM NORMAL: 4.6 DPTR FM NORMAL: -0.17 2 = FOG REDUCING VISIBILITY
HIGHEST: 106 ON 6 GRTST 24HR 0.01 ON 8- 8 TO 1/4 MILE OR LESS
LOWEST: 53 ON 13,11 3 = THUNDER
SNOW, ICE PELLETS, HAIL 4 = ICE PELLETS
TOTAL MONTH: 0.0 INCH 5 = HAIL
GRTST 24HR 0.0 6 = FREEZING RAIN OR DRIZZLE
GRTST DEPTH: 0 7 = DUSTSTORM OR SANDSTORM:
VSBY 1/2 MILE OR LESS
8 = SMOKE OR HAZE
[NO. OF DAYS WITH] [WEATHER - DAYS WITH] 9 = BLOWING SNOW
X = TORNADO
MAX 32 OR BELOW: 0 0.01 INCH OR MORE: 1
MAX 90 OR ABOVE: 4 0.10 INCH OR MORE: 0
MIN 32 OR BELOW: 0 0.50 INCH OR MORE: 0
MIN 0 OR BELOW: 0 1.00 INCH OR MORE: 0
[HDD (BASE 65) ]
TOTAL THIS MO. 0 CLEAR (SCALE 0-3) 18
DPTR FM NORMAL -17 PTCLDY (SCALE 4-7) 12
TOTAL FM JUL 1 1 CLOUDY (SCALE 8-10) 0
DPTR FM NORMAL -31
[CDD (BASE 65) ]
TOTAL THIS MO. 201
DPTR FM NORMAL 130 [PRESSURE DATA]
TOTAL FM JAN 1 811 HIGHEST SLP 30.08 ON 15
DPTR FM NORMAL 528 LOWEST SLP 29.67 ON 8
[REMARKS]
#FINAL-09-20#