000
CXUS51 KILN 010619
CF6CMH
PRELIMINARY LOCAL CLIMATOLOGICAL DATA (WS FORM: F-6)
STATION: COLUMBUS OH
MONTH: MAY
YEAR: 2020
LATITUDE: 40 0 N
LONGITUDE: 82 53 W
TEMPERATURE IN F: :PCPN: SNOW: WIND :SUNSHINE: SKY :PK WND
================================================================================
1 2 3 4 5 6A 6B 7 8 9 10 11 12 13 14 15 16 17 18
12Z AVG MX 2MIN
DY MAX MIN AVG DEP HDD CDD WTR SNW DPTH SPD SPD DIR MIN PSBL S-S WX SPD DR
================================================================================
1 61 45 53 -5 12 0 0.07 0.0 0 8.2 17 300 M M 8 1 21 350
2 79 48 64 6 1 0 0.00 0.0 0 10.2 23 220 M M 7 29 190
3 73 54 64 5 1 0 0.14 0.0 0 8.5 24 320 M M 9 13 31 320
4 64 45 55 -4 10 0 0.00 0.0 0 8.3 17 340 M M 5 23 10
5 54 40 47 -12 18 0 0.04 0.0 0 10.7 20 50 M M 10 1 23 70
6 58 38 48 -12 17 0 0.04 0.0 0 10.3 22 350 M M 7 1 27 350
7 67 34 51 -9 14 0 0.00 0.0 0 10.1 25 260 M M 6 33 270
8 56 34 45 -15 20 0 0.19 0.0 0 10.1 24 350 M M 8 1 30 350
9 51 30 41 -19 24 0 0.00 0.0 0 10.1 25 320 M M 3 32 290
10 63 36 50 -11 15 0 0.17 0.0 0 11.0 47 270 M M 6 3 64 250
11 45 37 41 -20 24 0 0.03 0.0 0 11.0 25 280 M M 10 1 31 290
12 59 31 45 -16 20 0 0.00 0.0 0 5.9 17 270 M M 4 23 250
13 68 34 51 -11 14 0 0.00 0.0 0 3.1 15 200 M M 4 20 190
14 75 53 64 2 1 0 0.40 0.0 0 7.2 39 300 M M 9 138 54 280
15 76 56 66 4 0 1 0.15 0.0 0 10.8 28 240 M M 9 12 38 230
16 78 54 66 4 0 1 0.00 0.0 0 5.7 14 110 M M 8 12 17 120
17 82 62 72 9 0 7 0.01 0.0 0 6.2 13 190 M M 9 15 170
18 74 61 68 5 0 3 2.33 0.0 0 7.9 18 220 M M 9 13 22 220
19 63 51 57 -6 8 0 2.02 0.0 0 16.9 26 90 M M 9 13 37 100
20 56 47 52 -12 13 0 0.13 0.0 0 13.7 23 90 M M 10 1 33 100
21 62 52 57 -7 8 0 0.39 0.0 0 9.4 17 110 M M 10 1 23 110
22 74 58 66 2 0 1 T 0.0 0 3.7 12 50 M M 9 1 12 30
23 81 53 67 2 0 2 0.00 0.0 0 2.6 15 170 M M 5 1 21 190
24 86 63 75 10 0 10 0.00 0.0 0 4.3 12 190 M M 6 15 190
25 87 66 77 12 0 12 0.00 0.0 0 4.3 18 240 M M 5 22 240
26 89 65 77 11 0 12 0.00 0.0 0 5.1 15 130 M M 5 24 100
27 85 70 78 12 0 13 0.00 0.0 0 7.5 15 160 M M 8 20 170
28 83 66 75 9 0 10 0.17 0.0 0 7.4 21 240 M M 8 18 27 250
29 81 57 69 3 0 4 0.01 0.0 0 9.6 26 290 M M 7 13 35 300
30 74 57 66 -1 0 1 0.00 0.0 0 8.4 18 320 M M 6 24 10
31 68 48 58 -9 7 0 0.00 0.0 0 10.0 18 330 M M 1 24 340
================================================================================
SM 2172 1545 227 77 6.29 0.0 258.2 M 220
================================================================================
AV 70.1 49.8 8.3 FASTST M M 7 MAX(MPH)
MISC ----> # 47 270 # 64 250
================================================================================
NOTES:
# LAST OF SEVERAL OCCURRENCES
COLUMN 17 PEAK WIND IN M.P.H.
PRELIMINARY LOCAL CLIMATOLOGICAL DATA (WS FORM: F-6) , PAGE 2
STATION: COLUMBUS OH
MONTH: MAY
YEAR: 2020
LATITUDE: 40 0 N
LONGITUDE: 82 53 W
[TEMPERATURE DATA] [PRECIPITATION DATA] SYMBOLS USED IN COLUMN 16
AVERAGE MONTHLY: 60.0 TOTAL FOR MONTH: 6.29 1 = FOG OR MIST
DPTR FM NORMAL: -2.5 DPTR FM NORMAL: 2.12 2 = FOG REDUCING VISIBILITY
HIGHEST: 89 ON 26 GRTST 24HR 2.33 ON 18-18 TO 1/4 MILE OR LESS
LOWEST: 30 ON 9 3 = THUNDER
SNOW, ICE PELLETS, HAIL 4 = ICE PELLETS
TOTAL MONTH: 0.0 INCH 5 = HAIL
GRTST 24HR 0.0 6 = FREEZING RAIN OR DRIZZLE
GRTST DEPTH: 0 7 = DUSTSTORM OR SANDSTORM:
VSBY 1/2 MILE OR LESS
8 = SMOKE OR HAZE
[NO. OF DAYS WITH] [WEATHER - DAYS WITH] 9 = BLOWING SNOW
X = TORNADO
MAX 32 OR BELOW: 0 0.01 INCH OR MORE: 16
MAX 90 OR ABOVE: 0 0.10 INCH OR MORE: 10
MIN 32 OR BELOW: 2 0.50 INCH OR MORE: 2
MIN 0 OR BELOW: 0 1.00 INCH OR MORE: 2
[HDD (BASE 65) ]
TOTAL THIS MO. 227 CLEAR (SCALE 0-3) 1
DPTR FM NORMAL 82 PTCLDY (SCALE 4-7) 16
TOTAL FM JUL 1 4904 CLOUDY (SCALE 8-10) 14
DPTR FM NORMAL -323
[CDD (BASE 65) ]
TOTAL THIS MO. 77
DPTR FM NORMAL 7 [PRESSURE DATA]
TOTAL FM JAN 1 77 HIGHEST SLP 30.34 ON 13
DPTR FM NORMAL -5 LOWEST SLP 29.76 ON 18
[REMARKS]
#FINAL-05-20#