000
CXUS53 KILX 010900
CF6CMI
PRELIMINARY LOCAL CLIMATOLOGICAL DATA (WS FORM: F-6)
STATION: CHAMPAIGN IL AIRPORT
MONTH: JUNE
YEAR: 2021
LATITUDE: 40 1 N
LONGITUDE: 88 17 W
TEMPERATURE IN F: :PCPN: SNOW: WIND :SUNSHINE: SKY :PK WND
================================================================================
1 2 3 4 5 6A 6B 7 8 9 10 11 12 13 14 15 16 17 18
12Z AVG MX 2MIN
DY MAX MIN AVG DEP HDD CDD WTR SNW DPTH SPD SPD DIR MIN PSBL S-S WX SPD DR
================================================================================
1 76 58 67 -2 0 2 T M M 5.5 13 160 M M 7 16 160
2 76 60 68 -2 0 3 0.00 M M 6.8 16 60 M M 8 8 23 100
3 85 57 71 1 0 6 0.00 M M 5.5 15 330 M M 1 8 21 350
4 90 58 74 4 0 9 0.00 M M 10.6 22 200 M M 0 28 230
5 91 62 77 7 0 12 0.00 M M 10.8 20 180 M M 1 27 190
6 87 64 76 5 0 11 0.10 M M 9.9 22 180 M M 4 1 28 190
7 85 70 78 7 0 13 0.19 M M 9.9 18 190 M M 6 23 190
8 86 66 76 5 0 11 0.06 M M 7.7 14 170 M M 3 1 M M
9 86 68 77 5 0 12 0.01 M M 6.5 16 60 M M 4 1 21 80
10 90 69 80 8 0 15 0.00 M M 4.8 12 20 M M 2 1 18 40
11 94 69 82 10 0 17 T M M 3.6 17 290 M M 2 1 24 280
12 97 70 84 12 0 19 0.80 M M 5.3 36 320 M M 2 138 51 300
13 87 66 77 5 0 12 0.00 M M 8.4 17 350 M M 0 24 20
14 85 63 74 1 0 9 0.00 M M 10.4 21 310 M M 0 8 29 340
15 85 57 71 -2 0 6 0.00 M M 6.7 16 40 M M 2 8 23 30
16 84 58 71 -2 0 6 0.00 M M 6.7 13 330 M M 1 8 19 360
17 90 55 73 0 0 8 0.00 M M 8.3 18 180 M M 0 8 27 160
18 96 72 84 11 0 19 0.01 M M 10.1 28 270 M M 1 138 37 230
19 83 68 76 2 0 11 0.67 M M 10.8 35 340 M M 4 13 51 330
20 88 68 78 4 0 13 0.00 M M 9.7 20 200 M M 0 12 28 200
21 81 52 67 -7 0 2 0.01 M M 12.3 28 270 M M 6 43 270
22 75 48 62 -12 3 0 0.00 M M 5.7 13 330 M M 1 8 17 330
23 81 59 70 -4 0 5 0.01 M M 12.2 24 170 M M 3 8 34 160
24 79 62 71 -3 0 6 1.16 M M 10.2 22 190 M M 5 138 29 190
25 84 70 77 3 0 12 1.32 M M 11.5 24 210 M M 6 13 38 200
26 85 70 78 4 0 13 0.77 M M 16.2 29 190 M M 6 13 41 180
27 87 71 79 5 0 14 1.26 M M 10.9 23 230 M M 6 13 35 230
28 88 70 79 4 0 14 0.09 M M 7.4 17 190 M M 2 13 24 180
29 89 71 80 5 0 15 0.04 M M 5.1 18 300 M M 2 13 25 290
30 80 71 76 1 0 11 0.25 M M 2.9 10 240 M M 8 13 17 240
================================================================================
SM 2570 1922 3 306 6.75 M 252.4 M 93
================================================================================
AV 85.7 64.1 8.4 FASTST M M 3 MAX(MPH)
MISC ----> 36 320 # 51 300
================================================================================
NOTES:
# LAST OF SEVERAL OCCURRENCES
COLUMN 17 PEAK WIND IN M.P.H.
PRELIMINARY LOCAL CLIMATOLOGICAL DATA (WS FORM: F-6) , PAGE 2
STATION: CHAMPAIGN IL AIRPORT
MONTH: JUNE
YEAR: 2021
LATITUDE: 40 1 N
LONGITUDE: 88 17 W
[TEMPERATURE DATA] [PRECIPITATION DATA] SYMBOLS USED IN COLUMN 16
AVERAGE MONTHLY: 74.9 TOTAL FOR MONTH: 6.75 1 = FOG OR MIST
DPTR FM NORMAL: 2.3 DPTR FM NORMAL: 2.40 2 = FOG REDUCING VISIBILITY
HIGHEST: 97 ON 12 GRTST 24HR 1.87 ON 25-26 TO 1/4 MILE OR LESS
LOWEST: 48 ON 22 3 = THUNDER
SNOW, ICE PELLETS, HAIL 4 = ICE PELLETS
TOTAL MONTH: M 5 = HAIL
GRTST 24HR M ON M 6 = FREEZING RAIN OR DRIZZLE
GRTST DEPTH: M ON M 7 = DUSTSTORM OR SANDSTORM:
VSBY 1/2 MILE OR LESS
8 = SMOKE OR HAZE
[NO. OF DAYS WITH] [WEATHER - DAYS WITH] 9 = BLOWING SNOW
X = TORNADO
MAX 32 OR BELOW: 0 0.01 INCH OR MORE: 16
MAX 90 OR ABOVE: 7 0.10 INCH OR MORE: 9
MIN 32 OR BELOW: 0 0.50 INCH OR MORE: 6
MIN 0 OR BELOW: 0 1.00 INCH OR MORE: 3
[HDD (BASE 65) ]
TOTAL THIS MO. 3 CLEAR (SCALE 0-3) 18
DPTR FM NORMAL -10 PTCLDY (SCALE 4-7) 11
TOTAL FM JUL 1 5451 CLOUDY (SCALE 8-10) 1
DPTR FM NORMAL -131
[CDD (BASE 65) ]
TOTAL THIS MO. 306
DPTR FM NORMAL 66 [PRESSURE DATA]
TOTAL FM JAN 1 413 HIGHEST SLP 30.24 ON 1
DPTR FM NORMAL 60 LOWEST SLP 29.52 ON 21
[REMARKS]
#FINAL-06-21#