000
CXUS53 KTOP 011431
CLMCNK
CLIMATE REPORT
NATIONAL WEATHER SERVICE TOPEKA KS
931 AM CDT WED NOV 01 2023
...................................
...THE CONCORDIA KS CLIMATE SUMMARY FOR THE MONTH OF OCTOBER 2023...
CLIMATE NORMAL PERIOD 1991 TO 2020
CLIMATE RECORD PERIOD 1885 TO 2023
WEATHER OBSERVED NORMAL DEPART LAST YEAR`S
VALUE DATE(S) VALUE FROM VALUE
NORMAL
..............................................................
TEMPERATURE (F)
RECORD
HIGH 102 10/05/1947
LOW 14 10/31/1993
HIGHEST 93 10/01 75 18 87
LOWEST 20 10/30 37 -17 25
AVG. MAXIMUM 69.9 67.5 2.4 73.6
AVG. MINIMUM 46.5 43.7 2.8 43.9
MEAN 58.2 55.6 2.6 58.8
DAYS MAX >= 90 2 0.7 1.3 0
DAYS MAX <= 32 0 0.1 -0.1 0
DAYS MIN <= 32 5 3.8 1.2 3
DAYS MIN <= 0 0 0.0 0.0 0
PRECIPITATION (INCHES)
RECORD
MAXIMUM 6.37 1959
MINIMUM 0.00 1952
TOTALS 1.50 1.98 -0.48 1.62
DAILY AVG. 0.05 0.06 -0.01 0.05
DAYS >= .01 4 6.6 -2.6 6
DAYS >= .10 2 3.6 -1.6 5
DAYS >= .50 2 1.4 0.6 2
DAYS >= 1.00 0 0.4 -0.4 0
GREATEST
24 HR. TOTAL 0.84 10/03 TO 10/03 0.54
SNOWFALL (INCHES)
RECORDS
TOTAL 4.6 1970
TOTALS MM 0.3 MM MM
SINCE 7/1 MM 0.3 MM MM
SNOWDEPTH AVG. MM MM
DAYS >= 1.0 MM 0.1 MM MM
GREATEST
SNOW DEPTH MM MM
24 HR TOTAL MM MM
DEGREE DAYS
HEATING TOTAL 267 318 -51 223
SINCE 7/1 268 384 -116 MM
COOLING TOTAL 65 26 39 38
SINCE 1/1 1856 1372 484 MM
..............................................................
WIND (MPH)
AVERAGE WIND SPEED 11.2
HIGHEST WIND SPEED/DIRECTION 35/140 DATE 10/12
HIGHEST GUST SPEED/DIRECTION 50/250 DATE 10/03
SKY COVER
POSSIBLE SUNSHINE (PERCENT) MM
AVERAGE SKY COVER 0.28
NUMBER OF DAYS FAIR 19
NUMBER OF DAYS PC 6
NUMBER OF DAYS CLOUDY 6
AVERAGE RH (PERCENT) 59
WEATHER CONDITIONS. NUMBER OF DAYS WITH
THUNDERSTORM 2 MIXED PRECIP 0
HEAVY RAIN 2 RAIN 1
LIGHT RAIN 7 FREEZING RAIN 0
LT FREEZING RAIN 0 HAIL 0
HEAVY SNOW 0 SNOW 0
LIGHT SNOW 1 SLEET 0
FOG 6 FOG W/VIS <= 1/4 MILE 1
HAZE 2
- INDICATES NEGATIVE NUMBERS.
R INDICATES RECORD WAS SET OR TIED.
MM INDICATES DATA IS MISSING.
T INDICATES TRACE AMOUNT.
$$