000
CXUS54 KMAF 011230
CF6CNM
PRELIMINARY LOCAL CLIMATOLOGICAL DATA (WS FORM: F-6)
STATION: CARLSBAD
MONTH: MAY
YEAR: 2023
LATITUDE: 32 20 N
LONGITUDE: 104 15 W
TEMPERATURE IN F: :PCPN: SNOW: WIND :SUNSHINE: SKY :PK WND
================================================================================
1 2 3 4 5 6A 6B 7 8 9 10 11 12 13 14 15 16 17 18
12Z AVG MX 2MIN
DY MAX MIN AVG DEP HDD CDD WTR SNW DPTH SPD SPD DIR MIN PSBL S-S WX SPD DR
================================================================================
1 75 51 63 -4 2 0 0.00 M M 6.8 15 190 M M 0 20 190
2 89 57 73 5 0 8 T M M 7.8 31 360 M M 0 3 39 350
3 85 51 68 0 0 3 0.36 M M 8.5 48 210 M M 2 13 63 210
4 87 60 74 6 0 9 0.00 M M 10.1 25 270 M M 1 33 250
5 89 55 72 3 0 7 0.00 M M 12.7 26 250 M M 0 35 250
6 89 55 72 3 0 7 0.00 M M 12.4 28 260 M M 0 35 250
7 93 51 72 3 0 7 0.00 M M 10.4 26 240 M M 0 37 240
8 95 50 73 3 0 8 0.00 M M 7.6 21 180 M M 0 28 180
9 95 53 74 4 0 9 0.00 M M 8.5 23 130 M M 0 38 130
10 94 60 77 7 0 12 0.00 M M 12.3 29 200 M M 0 36 220
11 86 50 68 -3 0 3 0.00 M M 10.2 24 260 M M 0 32 260
12 92 48 70 -1 0 5 0.00 M M 8.7 32 160 M M 0 8 43 160
13 75 57 66 -5 0 1 0.02 M M 11.6 20 50 M M 3 28 30
14 78 55 67 -5 0 2 0.00 M M 8.9 21 350 M M 3 28 350
15 81 61 71 -1 0 6 0.12 M M 9.9 17 330 M M 7 1 31 10
16 83 57 70 -2 0 5 0.00 M M 5.5 16 210 M M 2 23 140
17 90 57 74 1 0 9 0.00 M M 8.2 30 280 M M 2 37 270
18 88 63 76 3 0 11 0.00 M M 8.9 26 300 M M 2 32 290
19 89 62 76 2 0 11 T M M 11.9 36 330 M M 2 3 47 330
20 69 59 64 -10 1 0 0.00 M M 6.2 16 350 M M 8 18 20 350
21 83 57 70 -4 0 5 0.21 M M 6.6 38 310 M M 2 13 44 310
22 91 57 74 -1 0 9 0.01 M M 8.7 30 170 M M 1 3 38 160
23 95 57 76 1 0 11 0.00 M M 6.0 20 30 M M 0 25 30
24 91 60 76 0 0 11 0.00 M M 10.0 28 140 M M 2 8 42 140
25 85 66 76 0 0 11 0.00 M M 12.4 26 150 M M 5 36 140
26 85 68 77 1 0 12 0.00 M M 12.0 23 180 M M 6 33 180
27 83 64 74 -3 0 9 0.06 M M 10.4 20 170 M M 2 3 27 180
28 87 56 72 -5 0 7 0.00 M M 8.2 33 200 M M 2 3 48 170
29 93 55 74 -3 0 9 0.00 M M 6.6 14 200 M M 0 20 160
30 97 58 78 0 0 13 0.00 M M 8.0 23 160 M M 0 32 150
31 94 67 81 3 0 16 T M M 15.3 32 140 M M 0 38 47 140
================================================================================
SM 2706 1777 3 236 0.78 M 291.3 M 52
================================================================================
AV 87.3 57.3 9.4 FASTST M M 2 MAX(MPH)
MISC ----> 48 210 63 210
================================================================================
NOTES:
# LAST OF SEVERAL OCCURRENCES
COLUMN 17 PEAK WIND IN M.P.H.
PRELIMINARY LOCAL CLIMATOLOGICAL DATA (WS FORM: F-6) , PAGE 2
STATION: CARLSBAD
MONTH: MAY
YEAR: 2023
LATITUDE: 32 20 N
LONGITUDE: 104 15 W
[TEMPERATURE DATA] [PRECIPITATION DATA] SYMBOLS USED IN COLUMN 16
AVERAGE MONTHLY: 72.3 TOTAL FOR MONTH: 0.78 1 = FOG OR MIST
DPTR FM NORMAL: -0.3 DPTR FM NORMAL: -0.37 2 = FOG REDUCING VISIBILITY
HIGHEST: 97 ON 30 GRTST 24HR 0.36 ON 3- 3 TO 1/4 MILE OR LESS
LOWEST: 48 ON 12 3 = THUNDER
SNOW, ICE PELLETS, HAIL 4 = ICE PELLETS
TOTAL MONTH: M 5 = HAIL
GRTST 24HR M ON M 6 = FREEZING RAIN OR DRIZZLE
GRTST DEPTH: M ON M 7 = DUSTSTORM OR SANDSTORM:
VSBY 1/2 MILE OR LESS
8 = SMOKE OR HAZE
[NO. OF DAYS WITH] [WEATHER - DAYS WITH] 9 = BLOWING SNOW
X = TORNADO
MAX 32 OR BELOW: 0 0.01 INCH OR MORE: 6
MAX 90 OR ABOVE: 12 0.10 INCH OR MORE: 3
MIN 32 OR BELOW: 0 0.50 INCH OR MORE: 0
MIN 0 OR BELOW: 0 1.00 INCH OR MORE: 0
[HDD (BASE 65) ]
TOTAL THIS MO. 3 CLEAR (SCALE 0-3) 27
DPTR FM NORMAL -17 PTCLDY (SCALE 4-7) 4
TOTAL FM JUL 1 2685 CLOUDY (SCALE 8-10) 0
DPTR FM NORMAL -69
[CDD (BASE 65) ]
TOTAL THIS MO. 236
DPTR FM NORMAL -18 [PRESSURE DATA]
TOTAL FM JAN 1 294 HIGHEST SLP 30.23 ON 20
DPTR FM NORMAL -41 LOWEST SLP 29.47 ON 10
[REMARKS]
#FINAL-05-23#