000
CXUS54 KMAF 011823
CF6CNM
PRELIMINARY LOCAL CLIMATOLOGICAL DATA (WS FORM: F-6)
STATION: CARLSBAD
MONTH: MAY
YEAR: 2021
LATITUDE: 32 20 N
LONGITUDE: 104 15 W
TEMPERATURE IN F: :PCPN: SNOW: WIND :SUNSHINE: SKY :PK WND
================================================================================
1 2 3 4 5 6A 6B 7 8 9 10 11 12 13 14 15 16 17 18
12Z AVG MX 2MIN
DY MAX MIN AVG DEP HDD CDD WTR SNW DPTH SPD SPD DIR MIN PSBL S-S WX SPD DR
================================================================================
1 78 50 64 -3 1 0 0.00 M M 5.4 14 150 M M 0 18 160
2 90 53 72 4 0 7 0.00 M M 14.4 40 270 M M 0 48 270
3 85 52 69 1 0 4 0.00 M M 16.7 32 10 M M 0 37 340
4 71 52 62 -6 3 0 0.00 M M 10.0 22 330 M M 3 26 320
5 88 53 71 2 0 6 0.00 M M 10.3 18 140 M M 0 24 140
6 85 59 72 3 0 7 0.00 M M 11.9 30 320 M M 0 35 320
7 95 63 79 10 0 14 0.00 M M 12.3 29 150 M M 0 3 38 150
8 93 58 76 6 0 11 0.00 M M 15.7 32 270 M M 0 43 280
9 89 63 76 6 0 11 0.00 M M 10.3 21 270 M M 0 33 320
10 82 55 69 -1 0 4 0.00 M M 11.0 21 120 M M 0 26 140
11 78 56 67 -4 0 2 0.04 M M 13.1 23 60 M M 3 3 29 100
12 67 49 58 -13 7 0 0.04 M M 6.3 18 50 M M 6 1 22 50
13 78 52 65 -6 0 0 0.00 M M 10.1 18 150 M M 3 23 150
14 88 56 72 0 0 7 0.47 M M 11.8 38 230 M M 2 3 46 240
15 87 59 73 1 0 8 0.14 M M 8.3 29 150 M M 1 3 37 160
16 90 60 75 3 0 10 0.00 M M 5.5 17 260 M M 2 22 250
17 89 60 75 2 0 10 0.00 M M 8.2 30 260 M M 0 34 260
18 83 58 71 -2 0 6 0.00 M M 8.2 22 40 M M 0 28 30
19 84 61 73 -1 0 8 0.00 M M 6.8 17 160 M M 1 23 140
20 94 60 77 3 0 12 0.00 M M 7.4 18 140 M M 1 26 140
21 94 65 80 6 0 15 0.00 M M 13.4 23 170 M M 0 36 170
22 85 69 77 2 0 12 T M M 17.0 36 120 M M 5 3 46 110
23 91 66 79 4 0 14 0.07 M M 12.2 37 120 M M 2 3 49 120
24 90 65 78 2 0 13 T M M 7.8 26 200 M M 2 38 37 210
25 95 64 80 4 0 15 0.00 M M 7.7 16 120 M M 1 25 330
26 97 60 79 3 0 14 T M M 10.3 25 180 M M 0 40 170
27 95 65 80 3 0 15 0.00 M M 7.1 16 170 M M 0 21 360
28 92 59 76 -1 0 11 M M M 8.6 40 20 M M 1 13 47 30
29 92 59 76 -1 0 11 0.00 M M 11.8 40 20 M M 0 13 47 20
30 84 67 76 -2 0 11 0.00 M M 14.3 25 140 M M 5 32 130
31 77 63 70 -8 0 5 0.84 M M 9.1 28 320 M M 8 13 34 320
================================================================================
SM 2686 1831 11 263 1.60 M 323.0 M 46
================================================================================
AV 86.6 59.1 10.4 FASTST M M 1 MAX(MPH)
MISC ----> # 40 270 49 120
================================================================================
NOTES:
# LAST OF SEVERAL OCCURRENCES
COLUMN 17 PEAK WIND IN M.P.H.
PRELIMINARY LOCAL CLIMATOLOGICAL DATA (WS FORM: F-6) , PAGE 2
STATION: CARLSBAD
MONTH: MAY
YEAR: 2021
LATITUDE: 32 20 N
LONGITUDE: 104 15 W
[TEMPERATURE DATA] [PRECIPITATION DATA] SYMBOLS USED IN COLUMN 16
AVERAGE MONTHLY: 72.9 TOTAL FOR MONTH: 1.60 1 = FOG OR MIST
DPTR FM NORMAL: 0.3 DPTR FM NORMAL: 0.45 2 = FOG REDUCING VISIBILITY
HIGHEST: 97 ON 26 GRTST 24HR 0.84 ON 31-31 TO 1/4 MILE OR LESS
LOWEST: 49 ON 12 3 = THUNDER
SNOW, ICE PELLETS, HAIL 4 = ICE PELLETS
TOTAL MONTH: M 5 = HAIL
GRTST 24HR M ON M 6 = FREEZING RAIN OR DRIZZLE
GRTST DEPTH: M ON M 7 = DUSTSTORM OR SANDSTORM:
VSBY 1/2 MILE OR LESS
8 = SMOKE OR HAZE
[NO. OF DAYS WITH] [WEATHER - DAYS WITH] 9 = BLOWING SNOW
X = TORNADO
MAX 32 OR BELOW: 0 0.01 INCH OR MORE: 6
MAX 90 OR ABOVE: 13 0.10 INCH OR MORE: 3
MIN 32 OR BELOW: 0 0.50 INCH OR MORE: 1
MIN 0 OR BELOW: 0 1.00 INCH OR MORE: 0
[HDD (BASE 65) ]
TOTAL THIS MO. 11 CLEAR (SCALE 0-3) 25
DPTR FM NORMAL -9 PTCLDY (SCALE 4-7) 6
TOTAL FM JUL 1 2932 CLOUDY (SCALE 8-10) 0
DPTR FM NORMAL 178
[CDD (BASE 65) ]
TOTAL THIS MO. 263
DPTR FM NORMAL 9 [PRESSURE DATA]
TOTAL FM JAN 1 316 HIGHEST SLP 30.29 ON 12
DPTR FM NORMAL -19 LOWEST SLP 29.36 ON 2
[REMARKS]
#FINAL-05-21#