000
CXUS56 KSGX 011046
CF6CNO
PRELIMINARY LOCAL CLIMATOLOGICAL DATA (WS FORM: F-6)
STATION: CHINO AIRPORT CA
MONTH: MARCH
YEAR: 2024
LATITUDE: 33 58 N
LONGITUDE: 117 38 W
TEMPERATURE IN F: :PCPN: SNOW: WIND :SUNSHINE: SKY :PK WND
================================================================================
1 2 3 4 5 6A 6B 7 8 9 10 11 12 13 14 15 16 17 18
12Z AVG MX 2MIN
DY MAX MIN AVG DEP HDD CDD WTR SNW DPTH SPD SPD DIR MIN PSBL S-S WX SPD DR
================================================================================
1 67 48 58 0 7 0 0.02 M M 5.6 16 240 M M 8 1 20 220
2 62 50 56 -2 9 0 0.48 M M 9.5 22 240 M M 9 18 29 250
3 62 46 54 -4 11 0 0.06 M M 7.4 20 250 M M 8 1 26 250
4 64 45 55 -3 10 0 0.00 M M 4.3 16 240 M M 6 1 20 240
5 67 41 54 -4 11 0 0.00 M M 4.0 15 230 M M 2 128 17 240
6 65 45 55 -3 10 0 0.61 M M 3.9 16 220 M M 8 8 21 220
7 64 45 55 -3 10 0 0.04 M M 3.5 20 220 M M 6 138 24 220
8 72 39 56 -2 9 0 0.00 M M 4.0 16 240 M M 2 128 18 240
9 74 41 58 0 7 0 0.00 M M 3.3 15 230 M M 2 1 17 240
10 73 40 57 -2 8 0 0.00 M M 4.4 13 250 M M 3 1 16 270
11 68 41 55 -4 10 0 0.00 M M 5.1 17 220 M M 4 23 220
12 60 50 55 -4 10 0 0.00 M M 3.6 13 230 M M 10 16 230
13 70 49 60 1 5 0 0.00 M M 5.5 15 230 M M 6 19 230
14 68 48 58 -1 7 0 0.00 M M 13.0 30 20 M M 3 8 44 30
15 68 47 58 -1 7 0 T M M 7.5 20 220 M M 7 3 24 230
16 66 48 57 -2 8 0 T M M 4.3 15 260 M M 7 19 260
17 73 44 59 0 6 0 0.00 M M 3.4 15 230 M M 4 19 230
18 78 43 61 2 4 0 0.01 M M 4.2 16 310 M M 3 38 20 230
19 76 43 60 0 5 0 0.00 M M 5.7 17 270 M M 2 18 23 270
20 75 46 61 1 4 0 0.00 M M 4.9 17 240 M M 1 8 21 240
21 75 51 63 3 2 0 0.00 M M 3.7 14 230 M M 5 18 18 220
22 75 46 61 1 4 0 0.00 M M 5.5 15 240 M M 4 8 19 270
23 60 49 55 -5 10 0 0.17 M M 6.1 18 250 M M 7 18 24 250
24 65 41 53 -7 12 0 0.07 M M 5.2 20 230 M M 4 38 24 230
25 68 37 53 -7 12 0 0.00 M M 5.6 20 240 M M 4 8 23 240
26 69 46 58 -2 7 0 0.00 M M 4.5 17 260 M M 6 22 240
27 76 42 59 -1 6 0 0.00 M M 3.7 16 250 M M 3 8 19 250
28 70 43 57 -3 8 0 0.00 M M 6.9 20 260 M M 3 18 28 260
29 66 41 54 -6 11 0 0.01 M M 6.4 18 230 M M 6 8 24 240
30 54 48 51 -9 14 0 1.52 M M 5.0 15 290 M M 10 1 22 280
31 60 47 54 -7 11 0 0.46 M M 4.9 13 140 M M 9 18 17 140
================================================================================
SM 2110 1390 255 0 3.45 M 164.6 M 162
================================================================================
AV 68.1 44.8 5.3 FASTST M M 5 MAX(MPH)
MISC ----> 30 20 44 30
================================================================================
NOTES:
# LAST OF SEVERAL OCCURRENCES
COLUMN 17 PEAK WIND IN M.P.H.
PRELIMINARY LOCAL CLIMATOLOGICAL DATA (WS FORM: F-6) , PAGE 2
STATION: CHINO AIRPORT CA
MONTH: MARCH
YEAR: 2024
LATITUDE: 33 58 N
LONGITUDE: 117 38 W
[TEMPERATURE DATA] [PRECIPITATION DATA] SYMBOLS USED IN COLUMN 16
AVERAGE MONTHLY: 56.5 TOTAL FOR MONTH: 3.45 1 = FOG OR MIST
DPTR FM NORMAL: -2.6 DPTR FM NORMAL: 2.02 2 = FOG REDUCING VISIBILITY
HIGHEST: 78 ON 18 GRTST 24HR 1.53 ON 29-30 TO 1/4 MILE OR LESS
LOWEST: 37 ON 25 3 = THUNDER
SNOW, ICE PELLETS, HAIL 4 = ICE PELLETS
TOTAL MONTH: M 5 = HAIL
GRTST 24HR M ON M 6 = FREEZING RAIN OR DRIZZLE
GRTST DEPTH: M ON M 7 = DUSTSTORM OR SANDSTORM:
VSBY 1/2 MILE OR LESS
8 = SMOKE OR HAZE
[NO. OF DAYS WITH] [WEATHER - DAYS WITH] 9 = BLOWING SNOW
X = TORNADO
MAX 32 OR BELOW: 0 0.01 INCH OR MORE: 11
MAX 90 OR ABOVE: 0 0.10 INCH OR MORE: 5
MIN 32 OR BELOW: 0 0.50 INCH OR MORE: 2
MIN 0 OR BELOW: 0 1.00 INCH OR MORE: 1
[HDD (BASE 65) ]
TOTAL THIS MO. 255 CLEAR (SCALE 0-3) 8
DPTR FM NORMAL 60 PTCLDY (SCALE 4-7) 18
TOTAL FM JUL 1 1244 CLOUDY (SCALE 8-10) 5
DPTR FM NORMAL -5
[CDD (BASE 65) ]
TOTAL THIS MO. 0
DPTR FM NORMAL -14 [PRESSURE DATA]
TOTAL FM JAN 1 0 HIGHEST SLP 30.21 ON 27
DPTR FM NORMAL -23 LOWEST SLP 29.70 ON 30
[REMARKS]
#FINAL-03-24#