000
CXUS56 KSGX 011245
CF6CNO
PRELIMINARY LOCAL CLIMATOLOGICAL DATA (WS FORM: F-6)
STATION: CHINO AIRPORT CA
MONTH: NOVEMBER
YEAR: 2020
LATITUDE: 33 58 N
LONGITUDE: 117 38 W
TEMPERATURE IN F: :PCPN: SNOW: WIND :SUNSHINE: SKY :PK WND
================================================================================
1 2 3 4 5 6A 6B 7 8 9 10 11 12 13 14 15 16 17 18
12Z AVG MX 2MIN
DY MAX MIN AVG DEP HDD CDD WTR SNW DPTH SPD SPD DIR MIN PSBL S-S WX SPD DR
================================================================================
1 95 52 74 12 0 9 0.00 0.0 0 3.6 14 250 M M 3 8 16 250
2 91 55 73 11 0 8 0.00 0.0 0 3.9 15 230 M M 1 8 18 250
3 88 54 71 9 0 6 0.00 0.0 0 2.9 15 250 M M 1 8 17 260
4 97 51 74 12 0 9 0.00 0.0 0 2.3 12 270 M M 0 8 14 270
5 100 52 76 15 0 11 0.00 0.0 0 1.1 7 250 M M 3 8 9 350
6 84 57 71 10 0 6 0.01 0.0 0 7.2 23 250 M M 4 8 29 240
7 62 49 56 -5 9 0 0.41 M 0 8.1 25 220 M M 7 38 31 280
8 64 46 55 -5 10 0 T M 0 10.0 30 230 M M 6 37 250
9 66 40 53 -7 12 0 0.00 0.0 0 2.2 10 230 M M 1 13 150
10 70 39 55 -5 10 0 0.00 0.0 0 2.3 12 220 M M 0 14 270
11 74 41 58 -1 7 0 0.00 0.0 0 2.6 13 270 M M 1 8 16 270
12 76 43 60 1 5 0 0.00 0.0 0 2.4 10 280 M M 3 8 13 250
13 74 41 58 0 7 0 0.00 0.0 0 3.2 14 260 M M 0 8 16 240
14 75 45 60 2 5 0 0.00 0.0 0 1.5 8 280 M M 0 8 10 320
15 90 45 68 10 0 3 0.00 0.0 0 1.0 7 30 M M 0 8 8 30
16 96 47 72 14 0 7 0.00 0.0 0 3.4 13 240 M M 0 8 15 240
17 87 49 68 11 0 3 0.00 0.0 0 3.0 14 270 M M 2 8 16 250
18 73 46 60 3 5 0 0.00 0.0 0 4.7 15 270 M M 0 8 17 260
19 77 50 64 8 1 0 0.00 0.0 0 2.0 9 290 M M 3 128 11 290
20 83 48 66 10 0 1 0.00 0.0 0 1.5 12 250 M M 3 18 14 260
21 84 46 65 9 0 0 0.00 0.0 0 0.6 7 220 M M 3 8 8 250
22 81 44 63 7 2 0 0.00 0.0 0 3.0 14 240 M M 1 8 16 240
23 69 44 57 2 8 0 0.00 0.0 0 4.4 14 250 M M 2 18 19 250
24 76 48 62 7 3 0 0.00 0.0 0 1.9 13 260 M M 2 18 14 270
25 71 41 56 1 9 0 0.00 0.0 0 3.1 13 260 M M 1 128 15 220
26 72 46 59 5 6 0 0.00 0.0 0 9.5 28 80 M M 4 128 42 80
27 74 41 58 4 7 0 0.00 0.0 0 6.3 29 80 M M 0 8 44 90
28 78 37 58 4 7 0 0.00 0.0 0 3.1 10 160 M M 0 8 14 150
29 80 35 58 4 7 0 0.00 0.0 0 1.3 7 30 M M 0 8 8 360
30 84 41 63 10 2 0 0.00 0.0 0 2.0 6 360 M M 1 8 11 330
================================================================================
SM 2391 1373 122 63 0.42 0.0 104.1 M 52
================================================================================
AV 79.7 45.8 3.5 FASTST M M 2 MAX(MPH)
MISC ----> # 30 230 # 44 90
================================================================================
NOTES:
# LAST OF SEVERAL OCCURRENCES
COLUMN 17 PEAK WIND IN M.P.H.
PRELIMINARY LOCAL CLIMATOLOGICAL DATA (WS FORM: F-6) , PAGE 2
STATION: CHINO AIRPORT CA
MONTH: NOVEMBER
YEAR: 2020
LATITUDE: 33 58 N
LONGITUDE: 117 38 W
[TEMPERATURE DATA] [PRECIPITATION DATA] SYMBOLS USED IN COLUMN 16
AVERAGE MONTHLY: 62.7 TOTAL FOR MONTH: 0.42 1 = FOG OR MIST
DPTR FM NORMAL: 4.9 DPTR FM NORMAL: -0.55 2 = FOG REDUCING VISIBILITY
HIGHEST: 100 ON 5 GRTST 24HR 0.41 ON 7- 7 TO 1/4 MILE OR LESS
LOWEST: 35 ON 29 3 = THUNDER
SNOW, ICE PELLETS, HAIL 4 = ICE PELLETS
TOTAL MONTH: 0.0 INCH 5 = HAIL
GRTST 24HR 0.0 6 = FREEZING RAIN OR DRIZZLE
GRTST DEPTH: 0 7 = DUSTSTORM OR SANDSTORM:
VSBY 1/2 MILE OR LESS
8 = SMOKE OR HAZE
[NO. OF DAYS WITH] [WEATHER - DAYS WITH] 9 = BLOWING SNOW
X = TORNADO
MAX 32 OR BELOW: 0 0.01 INCH OR MORE: 2
MAX 90 OR ABOVE: 6 0.10 INCH OR MORE: 1
MIN 32 OR BELOW: 0 0.50 INCH OR MORE: 0
MIN 0 OR BELOW: 0 1.00 INCH OR MORE: 0
[HDD (BASE 65) ]
TOTAL THIS MO. 122 CLEAR (SCALE 0-3) 24
DPTR FM NORMAL -105 PTCLDY (SCALE 4-7) 6
TOTAL FM JUL 1 127 CLOUDY (SCALE 8-10) 0
DPTR FM NORMAL -153
[CDD (BASE 65) ]
TOTAL THIS MO. 63
DPTR FM NORMAL 53 [PRESSURE DATA]
TOTAL FM JAN 1 2559 HIGHEST SLP 30.23 ON 28
DPTR FM NORMAL 1223 LOWEST SLP 29.61 ON 6
[REMARKS]
#FINAL-11-20#