000
CXUS53 KICT 062231
CF6CNU
PRELIMINARY LOCAL CLIMATOLOGICAL DATA (WS FORM: F-6)
STATION: CHANUTE KS
MONTH: JULY
YEAR: 2022
LATITUDE: 37 40 N
LONGITUDE: 95 29 W
TEMPERATURE IN F: :PCPN: SNOW: WIND :SUNSHINE: SKY :PK WND
================================================================================
1 2 3 4 5 6A 6B 7 8 9 10 11 12 13 14 15 16 17 18
12Z AVG MX 2MIN
DY MAX MIN AVG DEP HDD CDD WTR SNW DPTH SPD SPD DIR MIN PSBL S-S WX SPD DR
================================================================================
1 96 67 82 3 0 17 0.00 M M 4.8 13 110 M M 1 19 110
2 89 73 81 1 0 16 0.73 M M 8.6 15 70 M M 5 13 22 70
3 95 73 84 4 0 19 0.14 M M 5.3 23 110 M M 3 13 32 100
4 98 76 87 7 0 22 0.00 M M 9.7 17 190 M M 0 25 180
5 98 78 88 8 0 23 0.00 M M 11.3 20 190 M M 0 27 210
6 101 79 90 10 0 25 0.00 M M 9.1 18 200 M M 1 24 210
7 98 78 88 8 0 23 0.00 M M 5.6 14 170 M M 1 20 170
8 94 78 86 6 0 21 0.00 M M 7.6 16 330 M M 1 22 340
9 90 72 81 1 0 16 0.00 M M 7.7 15 20 M M 3 22 20
10 95 64 80 0 0 15 0.00 M M 4.4 13 170 M M 0 1 17 180
11 100 69 85 5 0 20 0.00 M M 5.5 18 20 M M 0 26 10
12 91 68 80 0 0 15 0.46 M M 6.4 20 40 M M 2 138 27 50
13 93 62 78 -3 0 13 0.00 M M 4.0 12 70 M M 0 16 20
14 100 70 85 4 0 20 0.00 M M 7.3 15 160 M M 0 20 140
15 101 77 89 8 0 24 0.00 M M 10.3 20 200 M M 0 27 190
16 99 75 87 6 0 22 T M M 9.7 20 200 M M 0 25 200
17 99 77 88 7 0 23 0.02 M M 9.1 21 180 M M 1 31 180
18 96 71 84 3 0 19 0.00 M M 5.7 13 60 M M 0 17 30
19 105 68 87 6 0 22 0.00 M M 5.6 13 220 M M 0 18 230
20 102 72 87 6 0 22 0.00 M M 6.2 16 360 M M 0 8 22 350
21 102 66 84 3 0 19 0.00 M M 6.9 21 200 M M 0 30 210
22 102 72 87 6 0 22 0.00 M M 7.6 16 200 M M 0 22 200
23 103 77 90 9 0 25 0.00 M M 12.8 22 170 M M 0 31 160
24 107 80 94 13 0 29 0.00 M M 9.7 21 50 M M 3 3 29 60
25 103 72 88 7 0 23 0.00 M M 10.3 18 110 M M 3 25 60
26 106 73 90 9 0 25 T M M 7.5 24 360 M M 2 37 360
27 90 74 82 1 0 17 0.03 M M 7.0 22 20 M M 2 32 20
28 90 73 82 1 0 17 0.05 M M 7.2 18 330 M M 3 3 26 330
29 87 70 79 -2 0 14 0.00 M M 8.0 14 40 M M 1 21 40
30 76 68 72 -9 0 7 0.17 M M 2.9 9 50 M M 9 1 13 90
31 95 72 84 3 0 19 0.00 M M 7.5 14 200 M M 6 1 21 180
================================================================================
SM 3001 2244 0 614 1.60 M 231.3 M 47
================================================================================
AV 96.8 72.4 7.5 FASTST M M 2 MAX(MPH)
MISC ----> 24 360 37 360
================================================================================
NOTES:
# LAST OF SEVERAL OCCURRENCES
COLUMN 17 PEAK WIND IN M.P.H.
PRELIMINARY LOCAL CLIMATOLOGICAL DATA (WS FORM: F-6) , PAGE 2
STATION: CHANUTE KS
MONTH: JULY
YEAR: 2022
LATITUDE: 37 40 N
LONGITUDE: 95 29 W
[TEMPERATURE DATA] [PRECIPITATION DATA] SYMBOLS USED IN COLUMN 16
AVERAGE MONTHLY: 84.6 TOTAL FOR MONTH: 1.60 1 = FOG OR MIST
DPTR FM NORMAL: 4.0 DPTR FM NORMAL: -2.82 2 = FOG REDUCING VISIBILITY
HIGHEST: 107 ON 24 GRTST 24HR 0.84 ON 2- 3 TO 1/4 MILE OR LESS
LOWEST: 62 ON 13 3 = THUNDER
SNOW, ICE PELLETS, HAIL 4 = ICE PELLETS
TOTAL MONTH: M 5 = HAIL
GRTST 24HR M ON M 6 = FREEZING RAIN OR DRIZZLE
GRTST DEPTH: M ON M 7 = DUSTSTORM OR SANDSTORM:
VSBY 1/2 MILE OR LESS
8 = SMOKE OR HAZE
[NO. OF DAYS WITH] [WEATHER - DAYS WITH] 9 = BLOWING SNOW
X = TORNADO
MAX 32 OR BELOW: 0 0.01 INCH OR MORE: 7
MAX 90 OR ABOVE: 28 0.10 INCH OR MORE: 4
MIN 32 OR BELOW: 0 0.50 INCH OR MORE: 1
MIN 0 OR BELOW: 0 1.00 INCH OR MORE: 0
[HDD (BASE 65) ]
TOTAL THIS MO. 0 CLEAR (SCALE 0-3) 27
DPTR FM NORMAL 0 PTCLDY (SCALE 4-7) 3
TOTAL FM JUL 1 0 CLOUDY (SCALE 8-10) 1
DPTR FM NORMAL 0
[CDD (BASE 65) ]
TOTAL THIS MO. 614
DPTR FM NORMAL 130 [PRESSURE DATA]
TOTAL FM JAN 1 1253 HIGHEST SLP 30.14 ON 30
DPTR FM NORMAL 262 LOWEST SLP 29.69 ON 20
[REMARKS]
#FINAL-07-22#