000
CXUS53 KICT 040704
CF6CNU
PRELIMINARY LOCAL CLIMATOLOGICAL DATA (WS FORM: F-6)
STATION: CHANUTE KS
MONTH: SEPTEMBER
YEAR: 2021
LATITUDE: 37 40 N
LONGITUDE: 95 29 W
TEMPERATURE IN F: :PCPN: SNOW: WIND :SUNSHINE: SKY :PK WND
================================================================================
1 2 3 4 5 6A 6B 7 8 9 10 11 12 13 14 15 16 17 18
12Z AVG MX 2MIN
DY MAX MIN AVG DEP HDD CDD WTR SNW DPTH SPD SPD DIR MIN PSBL S-S WX SPD DR
================================================================================
1 89 71 80 4 0 15 0.00 M M 8.9 14 90 M M 0 21 90
2 93 70 82 6 0 17 0.00 M M 10.4 16 120 M M 0 22 120
3 89 75 82 6 0 17 0.56 M 0 7.9 18 230 M M 4 13 26 220
4 81 67 74 -1 0 9 1.28 M 0 5.4 16 350 M M 7 13 21 340
5 86 64 75 0 0 10 0.00 M M 3.7 9 70 M M 2 12 14 10
6 91 60 76 1 0 11 0.00 M M 5.7 14 210 M M 0 20 220
7 95 69 82 8 0 17 0.00 M M 10.8 22 210 M M 2 29 210
8 87 61 74 0 0 9 0.00 M M 4.9 16 350 M M 0 24 20
9 89 58 74 0 0 9 0.00 M M 5.0 13 190 M M 0 18 190
10 92 64 78 5 0 13 0.00 M M 10.3 18 200 M M 0 25 200
11 94 71 83 10 0 18 0.00 M M 14.7 24 190 M M 0 32 200
12 91 69 80 8 0 15 0.00 M M 12.9 21 210 M M 0 29 190
13 92 66 79 7 0 14 0.00 M M 13.5 22 210 M M 0 32 200
14 91 66 79 7 0 14 0.08 M M 9.2 33 350 M M 3 13 50 340
15 85 67 76 5 0 11 0.03 M M 5.0 15 110 M M 2 3 22 110
16 91 67 79 8 0 14 0.00 M M 8.1 15 150 M M 0 20 150
17 91 68 80 9 0 15 0.00 M M 5.3 14 80 M M 0 17 20
18 92 63 78 8 0 13 0.00 M M 4.8 14 90 M M 0 12 20 50
19 90 68 79 9 0 14 0.00 M M 8.0 15 150 M M 1 21 160
20 95 67 81 12 0 16 T M M 13.7 26 170 M M 3 3 39 30
21 78 56 67 -2 0 2 0.00 M M 12.0 23 10 M M 3 32 360
22 78 48 63 -6 2 0 0.00 M M 5.7 17 320 M M 0 25 360
23 82 43 63 -5 2 0 0.00 M M 6.0 14 210 M M 0 21 210
24 88 56 72 4 0 7 0.00 M M 11.5 25 210 M M 0 34 240
25 81 48 65 -3 0 0 0.00 M M 4.9 10 110 M M 0 13 110
26 95 59 77 10 0 12 0.00 M M 13.5 28 210 M M 0 37 200
27 94 62 78 11 0 13 0.00 M M 12.1 23 200 M M 0 32 200
28 90 60 75 9 0 10 0.00 M M 9.2 18 160 M M 0 24 170
29 84 68 76 10 0 11 0.02 M M 7.4 13 110 M M 2 18 110
30 80 65 73 7 0 8 2.15 M M 5.7 15 240 M M 4 123 19 250
================================================================================
SM 2654 1896 4 334 4.12 M 256.2 M 33
================================================================================
AV 88.5 63.2 8.5 FASTST M M 1 MAX(MPH)
MISC ----> 33 350 50 340
================================================================================
NOTES:
# LAST OF SEVERAL OCCURRENCES
COLUMN 17 PEAK WIND IN M.P.H.
PRELIMINARY LOCAL CLIMATOLOGICAL DATA (WS FORM: F-6) , PAGE 2
STATION: CHANUTE KS
MONTH: SEPTEMBER
YEAR: 2021
LATITUDE: 37 40 N
LONGITUDE: 95 29 W
[TEMPERATURE DATA] [PRECIPITATION DATA] SYMBOLS USED IN COLUMN 16
AVERAGE MONTHLY: 75.8 TOTAL FOR MONTH: 4.12 1 = FOG OR MIST
DPTR FM NORMAL: 4.7 DPTR FM NORMAL: 0.02 2 = FOG REDUCING VISIBILITY
HIGHEST: 95 ON 26, 7 GRTST 24HR 2.16 ON 29-30 TO 1/4 MILE OR LESS
LOWEST: 43 ON 23 3 = THUNDER
SNOW, ICE PELLETS, HAIL 4 = ICE PELLETS
TOTAL MONTH: M 5 = HAIL
GRTST 24HR M ON M 6 = FREEZING RAIN OR DRIZZLE
GRTST DEPTH: 0 7 = DUSTSTORM OR SANDSTORM:
VSBY 1/2 MILE OR LESS
8 = SMOKE OR HAZE
[NO. OF DAYS WITH] [WEATHER - DAYS WITH] 9 = BLOWING SNOW
X = TORNADO
MAX 32 OR BELOW: 0 0.01 INCH OR MORE: 6
MAX 90 OR ABOVE: 16 0.10 INCH OR MORE: 3
MIN 32 OR BELOW: 0 0.50 INCH OR MORE: 3
MIN 0 OR BELOW: 0 1.00 INCH OR MORE: 2
[HDD (BASE 65) ]
TOTAL THIS MO. 4 CLEAR (SCALE 0-3) 26
DPTR FM NORMAL -29 PTCLDY (SCALE 4-7) 4
TOTAL FM JUL 1 4 CLOUDY (SCALE 8-10) 0
DPTR FM NORMAL -29
[CDD (BASE 65) ]
TOTAL THIS MO. 334
DPTR FM NORMAL 118 [PRESSURE DATA]
TOTAL FM JAN 1 1857 HIGHEST SLP 30.36 ON 22
DPTR FM NORMAL 197 LOWEST SLP 29.70 ON 20
[REMARKS]
#FINAL-09-21#