000
CXUS53 KICT 032232
CF6CNU
PRELIMINARY LOCAL CLIMATOLOGICAL DATA (WS FORM: F-6)
STATION: CHANUTE KS
MONTH: MAY
YEAR: 2021
LATITUDE: 37 40 N
LONGITUDE: 95 29 W
TEMPERATURE IN F: :PCPN: SNOW: WIND :SUNSHINE: SKY :PK WND
================================================================================
1 2 3 4 5 6A 6B 7 8 9 10 11 12 13 14 15 16 17 18
12Z AVG MX 2MIN
DY MAX MIN AVG DEP HDD CDD WTR SNW DPTH SPD SPD DIR MIN PSBL S-S WX SPD DR
================================================================================
1 77 52 65 3 0 0 0.00 M M 13.0 24 180 M M 0 31 200
2 73 60 67 5 0 2 0.03 M M 8.9 17 170 M M 5 26 180
3 78 60 69 6 0 4 T M M 11.5 18 10 M M 5 8 29 360
4 67 41 54 -9 11 0 0.55 M M 10.1 18 360 M M 6 1 28 350
5 71 37 54 -9 11 0 0.00 M M 3.9 13 150 M M 1 19 160
6 69 44 57 -7 8 0 0.00 M M 8.6 21 300 M M 0 8 30 340
7 65 42 54 -10 11 0 0.02 M M 9.0 15 150 M M 6 20 160
8 83 57 70 6 0 5 0.00 M M 16.1 30 180 M M 1 42 180
9 76 51 64 -1 1 0 0.21 M M 12.7 23 10 M M 9 13 35 10
10 61 42 52 -13 13 0 T M M 6.5 15 40 M M 5 21 30
11 62 40 51 -14 14 0 0.00 M M 7.4 17 40 M M 8 1 24 70
12 67 49 58 -8 7 0 0.00 M M 7.6 16 80 M M 6 23 70
13 72 36 54 -12 11 0 0.00 M M 4.4 13 140 M M 1 16 140
14 73 47 60 -6 5 0 0.06 M M 10.0 22 200 M M 4 3 29 200
15 72 57 65 -2 0 0 0.21 M M 7.8 18 180 M M 6 13 25 180
16 79 61 70 3 0 5 0.04 M M 9.8 23 180 M M 8 13 32 170
17 71 64 68 1 0 3 0.25 M M 5.3 12 10 M M 10 1 17 360
18 81 58 70 2 0 5 0.03 M M 5.1 15 150 M M 7 12 21 160
19 75 63 69 1 0 4 1.89 M M 5.1 10 160 M M 9 1 15 170
20 74 66 70 2 0 5 0.29 M M 9.1 16 140 M M 9 1 24 120
21 76 69 73 4 0 8 0.10 M M 11.8 20 130 M M 10 13 28 140
22 73 65 69 0 0 4 0.34 M M 9.4 24 180 M M 7 1 33 190
23 76 67 72 3 0 7 0.01 M M 6.0 20 210 M M 6 1 24 200
24 77 66 72 2 0 7 0.12 M M 7.1 17 180 M M 4 1 26 180
25 76 65 71 1 0 6 T M M 9.2 24 160 M M 6 34 160
26 86 66 76 6 0 11 0.00 M M 6.2 13 150 M M 4 12 17 150
27 83 64 74 3 0 9 1.27 M M 10.6 37 290 M M 6 13 49 290
28 65 54 60 -11 5 0 0.00 M M 10.7 18 20 M M 6 26 330
29 63 52 58 -13 7 0 0.00 M M 7.7 14 60 M M 7 21 10
30 70 50 60 -12 5 0 T M M 4.7 14 90 M M 3 18 90
31 67 59 63 -9 2 0 T M M 3.9 9 150 M M 9 13 190
================================================================================
SM 2258 1704 111 85 5.42 M 259.2 M 174
================================================================================
AV 72.8 55.0 8.4 FASTST M M 6 MAX(MPH)
MISC ----> 37 290 49 290
================================================================================
NOTES:
# LAST OF SEVERAL OCCURRENCES
COLUMN 17 PEAK WIND IN M.P.H.
PRELIMINARY LOCAL CLIMATOLOGICAL DATA (WS FORM: F-6) , PAGE 2
STATION: CHANUTE KS
MONTH: MAY
YEAR: 2021
LATITUDE: 37 40 N
LONGITUDE: 95 29 W
[TEMPERATURE DATA] [PRECIPITATION DATA] SYMBOLS USED IN COLUMN 16
AVERAGE MONTHLY: 63.9 TOTAL FOR MONTH: 5.42 1 = FOG OR MIST
DPTR FM NORMAL: -3.0 DPTR FM NORMAL: -0.45 2 = FOG REDUCING VISIBILITY
HIGHEST: 86 ON 26 GRTST 24HR 2.05 ON 19-20 TO 1/4 MILE OR LESS
LOWEST: 36 ON 13 3 = THUNDER
SNOW, ICE PELLETS, HAIL 4 = ICE PELLETS
TOTAL MONTH: M 5 = HAIL
GRTST 24HR M ON M 6 = FREEZING RAIN OR DRIZZLE
GRTST DEPTH: M ON M 7 = DUSTSTORM OR SANDSTORM:
VSBY 1/2 MILE OR LESS
8 = SMOKE OR HAZE
[NO. OF DAYS WITH] [WEATHER - DAYS WITH] 9 = BLOWING SNOW
X = TORNADO
MAX 32 OR BELOW: 0 0.01 INCH OR MORE: 16
MAX 90 OR ABOVE: 0 0.10 INCH OR MORE: 10
MIN 32 OR BELOW: 0 0.50 INCH OR MORE: 3
MIN 0 OR BELOW: 0 1.00 INCH OR MORE: 2
[HDD (BASE 65) ]
TOTAL THIS MO. 111 CLEAR (SCALE 0-3) 5
DPTR FM NORMAL 41 PTCLDY (SCALE 4-7) 20
TOTAL FM JUL 1 4213 CLOUDY (SCALE 8-10) 6
DPTR FM NORMAL -12
[CDD (BASE 65) ]
TOTAL THIS MO. 85
DPTR FM NORMAL -46 [PRESSURE DATA]
TOTAL FM JAN 1 113 HIGHEST SLP 30.38 ON 13
DPTR FM NORMAL -55 LOWEST SLP 29.47 ON 9
[REMARKS]
#FINAL-05-21#