000
CXUS53 KICT 010800
CF6CNU
PRELIMINARY LOCAL CLIMATOLOGICAL DATA (WS FORM: F-6)
STATION: CHANUTE KS
MONTH: AUGUST
YEAR: 2020
LATITUDE: 37 40 N
LONGITUDE: 95 29 W
TEMPERATURE IN F: :PCPN: SNOW: WIND :SUNSHINE: SKY :PK WND
================================================================================
1 2 3 4 5 6A 6B 7 8 9 10 11 12 13 14 15 16 17 18
12Z AVG MX 2MIN
DY MAX MIN AVG DEP HDD CDD WTR SNW DPTH SPD SPD DIR MIN PSBL S-S WX SPD DR
================================================================================
1 88 63 76 -4 0 11 0.00 M M 4.2 13 330 M M 2 18 320
2 86 66 76 -4 0 11 0.00 M M 7.9 18 320 M M 1 27 320
3 84 61 73 -7 0 8 0.00 M M 8.1 17 20 M M 0 27 350
4 82 53 68 -12 0 3 0.00 M M 6.9 13 70 M M 0 20 50
5 87 57 72 -8 0 7 0.00 M M 6.3 12 180 M M 2 17 160
6 90 66 78 -2 0 13 0.00 M M 8.6 17 180 M M 1 25 150
7 92 71 82 2 0 17 0.07 M M 13.9 26 160 M M 3 13 36 150
8 97 75 86 6 0 21 0.08 M M 15.7 25 210 M M 4 13 33 170
9 97 72 85 5 0 20 0.32 M M 11.8 32 340 M M 1 13 52 330
10 93 72 83 3 0 18 0.03 M M 8.9 21 210 M M 1 3 29 190
11 90 70 80 0 0 15 0.00 M M 5.2 14 170 M M 1 19 190
12 93 67 80 0 0 15 T M M 7.4 17 130 M M 1 24 140
13 92 74 83 3 0 18 0.23 M M 6.3 32 160 M M 1 13 39 160
14 97 73 85 5 0 20 0.00 M M 5.6 14 190 M M 1 17 190
15 97 72 85 6 0 20 0.00 M M 6.9 16 40 M M 1 26 20
16 90 60 75 -4 0 10 T M M 4.7 18 320 M M 1 26 310
17 93 62 78 -1 0 13 0.00 M M 7.3 15 350 M M 0 23 10
18 88 58 73 -6 0 8 0.00 M M 6.6 16 10 M M 0 1 23 360
19 89 55 72 -7 0 7 0.00 M M 5.0 14 10 M M 0 1 18 50
20 92 61 77 -2 0 12 0.00 M M 5.9 13 70 M M 0 30 120
21 92 60 76 -3 0 11 0.00 M M 6.8 14 200 M M 0 20 190
22 95 60 78 0 0 13 0.00 M M 6.1 16 200 M M 0 22 210
23 97 63 80 2 0 15 0.00 M M 7.0 17 230 M M 0 23 230
24 97 65 81 3 0 16 0.00 M M 5.8 15 160 M M 0 8 20 160
25 98 63 81 3 0 16 0.00 M M 3.8 13 210 M M 1 19 200
26 97 68 83 5 0 18 0.00 M M 8.7 22 160 M M 1 27 160
27 92 67 80 3 0 15 0.00 M M 7.1 21 180 M M 0 28 160
28 100 68 84 7 0 19 0.00 M M 4.2 12 330 M M 2 12 20 310
29 80 68 74 -3 0 9 1.01 M M 8.6 43 300 M M 4 13 58 270
30 85 68 77 0 0 12 0.00 M M 6.5 12 110 M M 6 1 16 120
31 89 71 80 4 0 15 0.02 M M 8.1 18 190 M M 4 25 190
================================================================================
SM 2839 2029 0 426 1.76 M 225.9 M 39
================================================================================
AV 91.6 65.5 7.3 FASTST M M 1 MAX(MPH)
MISC ----> # 43 300 # 58 270
================================================================================
NOTES:
# LAST OF SEVERAL OCCURRENCES
COLUMN 17 PEAK WIND IN M.P.H.
PRELIMINARY LOCAL CLIMATOLOGICAL DATA (WS FORM: F-6) , PAGE 2
STATION: CHANUTE KS
MONTH: AUGUST
YEAR: 2020
LATITUDE: 37 40 N
LONGITUDE: 95 29 W
[TEMPERATURE DATA] [PRECIPITATION DATA] SYMBOLS USED IN COLUMN 16
AVERAGE MONTHLY: 78.5 TOTAL FOR MONTH: 1.76 1 = FOG OR MIST
DPTR FM NORMAL: -0.4 DPTR FM NORMAL: -1.93 2 = FOG REDUCING VISIBILITY
HIGHEST: 100 ON 28 GRTST 24HR 1.01 ON 29-29 TO 1/4 MILE OR LESS
LOWEST: 53 ON 4 3 = THUNDER
SNOW, ICE PELLETS, HAIL 4 = ICE PELLETS
TOTAL MONTH: M 5 = HAIL
GRTST 24HR M ON M 6 = FREEZING RAIN OR DRIZZLE
GRTST DEPTH: M ON M 7 = DUSTSTORM OR SANDSTORM:
VSBY 1/2 MILE OR LESS
8 = SMOKE OR HAZE
[NO. OF DAYS WITH] [WEATHER - DAYS WITH] 9 = BLOWING SNOW
X = TORNADO
MAX 32 OR BELOW: 0 0.01 INCH OR MORE: 7
MAX 90 OR ABOVE: 21 0.10 INCH OR MORE: 3
MIN 32 OR BELOW: 0 0.50 INCH OR MORE: 1
MIN 0 OR BELOW: 0 1.00 INCH OR MORE: 1
[HDD (BASE 65) ]
TOTAL THIS MO. 0 CLEAR (SCALE 0-3) 27
DPTR FM NORMAL -1 PTCLDY (SCALE 4-7) 4
TOTAL FM JUL 1 0 CLOUDY (SCALE 8-10) 0
DPTR FM NORMAL -1
[CDD (BASE 65) ]
TOTAL THIS MO. 426
DPTR FM NORMAL -4 [PRESSURE DATA]
TOTAL FM JAN 1 1536 HIGHEST SLP M ON M
DPTR FM NORMAL 232 LOWEST SLP 29.62 ON 31
[REMARKS]
#FINAL-08-20#