000
CXUS51 KGYX 021634
CF6CON
PRELIMINARY LOCAL CLIMATOLOGICAL DATA (WS FORM: F-6)
STATION: CONCORD NH
MONTH: NOVEMBER
YEAR: 2022
LATITUDE: 43 12 N
LONGITUDE: 71 30 W
TEMPERATURE IN F: :PCPN: SNOW: WIND :SUNSHINE: SKY :PK WND
================================================================================
1 2 3 4 5 6A 6B 7 8 9 10 11 12 13 14 15 16 17 18
12Z AVG MX 2MIN
DY MAX MIN AVG DEP HDD CDD WTR SNW DPTH SPD SPD DIR MIN PSBL S-S WX SPD DR
================================================================================
1 65 46 56 12 9 0 0.01 0.0 0 4.0 17 360 M M 6 1 22 360
2 68 34 51 8 14 0 0.00 0.0 0 12.4 24 350 M M 0 33 340
3 66 27 47 4 18 0 0.00 0.0 0 5.8 13 30 M M 0 16 120
4 73 31 52 9 13 0 0.00 0.0 0 8.7 13 110 M M 0 21 260
5 78 52 65 23 0 0 0.00 0.0 0 10.3 20 220 M M 1 29 220
6 75 62 69 27 0 4 T 0.0 0 10.0 21 220 M M 8 34 200
7 73 49 61 19 4 0 0.06 0.0 0 12.5 25 350 M M 4 1 35 10
8 50 30 40 -1 25 0 0.00 0.0 0 16.2 31 360 M M 0 41 350
9 52 23 38 -3 27 0 0.00 0.0 0 6.6 12 110 M M 0 16 170
10 69 26 48 7 17 0 0.00 0.0 0 8.7 13 100 M M 0 19 210
11 68 36 52 12 13 0 0.81 0.0 0 6.6 13 140 M M 5 18 24 120
12 73 53 63 23 2 0 0.17 0.0 0 10.7 24 340 M M 8 1 35 340
13 53 35 44 4 21 0 0.11 0.0 0 11.8 25 340 M M 9 1 38 340
14 41 24 33 -6 32 0 0.00 0.0 0 13.1 25 350 M M 3 36 340
15 40 18 29 -10 36 0 0.01 T 0 4.7 15 30 M M 2 1 20 20
16 41 29 35 -3 30 0 0.75 0.7 1 9.7 21 340 M M 8 1 28 360
17 43 24 34 -4 31 0 0.01 T 0 7.4 17 250 M M 6 8 24 260
18 43 23 33 -5 32 0 0.00 0.0 0 7.4 15 230 M M 4 23 210
19 42 19 31 -6 34 0 0.00 0.0 0 5.6 14 220 M M 0 17 180
20 37 18 28 -9 37 0 0.00 0.0 0 11.5 28 260 M M 1 39 300
21 38 12 25 -12 40 0 0.00 0.0 0 9.0 17 240 M M 0 29 340
22 47 24 36 0 29 0 0.00 0.0 0 5.1 15 350 M M 2 20 360
23 47 22 35 -1 30 0 0.00 0.0 0 6.4 17 340 M M 4 26 330
24 45 18 32 -4 33 0 0.00 0.0 0 4.3 12 110 M M 1 14 300
25 49 26 38 3 27 0 T 0.0 0 8.8 26 300 M M 6 38 330
26 51 27 39 4 26 0 T 0.0 0 12.4 30 330 M M 4 43 330
27 53 24 39 5 26 0 0.76 0.0 0 5.0 14 330 M M 4 1 18 210
28 48 35 42 8 23 0 0.10 0.0 0 11.1 24 320 M M 8 12 38 340
29 38 22 30 -4 35 0 0.00 0.0 0 5.1 14 330 M M 6 19 340
30 54 28 41 8 24 0 0.57 0.0 0 9.7 28 290 M M 10 1 37 170
================================================================================
SM 1620 897 688 4 3.36 0.7 260.6 M 110
================================================================================
AV 54.0 29.9 8.7 FASTST M M 4 MAX(MPH)
MISC ----> 31 360 43 330
================================================================================
NOTES:
# LAST OF SEVERAL OCCURRENCES
COLUMN 17 PEAK WIND IN M.P.H.
PRELIMINARY LOCAL CLIMATOLOGICAL DATA (WS FORM: F-6) , PAGE 2
STATION: CONCORD NH
MONTH: NOVEMBER
YEAR: 2022
LATITUDE: 43 12 N
LONGITUDE: 71 30 W
[TEMPERATURE DATA] [PRECIPITATION DATA] SYMBOLS USED IN COLUMN 16
AVERAGE MONTHLY: 42.0 TOTAL FOR MONTH: 3.36 1 = FOG OR MIST
DPTR FM NORMAL: 3.4 DPTR FM NORMAL: -0.08 2 = FOG REDUCING VISIBILITY
HIGHEST: 78 ON 5 GRTST 24HR 0.98 ON 11-12 TO 1/4 MILE OR LESS
LOWEST: 12 ON 21 3 = THUNDER
SNOW, ICE PELLETS, HAIL 4 = ICE PELLETS
TOTAL MONTH: 0.7 INCH 5 = HAIL
GRTST 24HR 0.7 ON 16-16 6 = FREEZING RAIN OR DRIZZLE
GRTST DEPTH: 1 ON 16 7 = DUSTSTORM OR SANDSTORM:
VSBY 1/2 MILE OR LESS
8 = SMOKE OR HAZE
[NO. OF DAYS WITH] [WEATHER - DAYS WITH] 9 = BLOWING SNOW
X = TORNADO
MAX 32 OR BELOW: 0 0.01 INCH OR MORE: 11
MAX 90 OR ABOVE: 0 0.10 INCH OR MORE: 7
MIN 32 OR BELOW: 21 0.50 INCH OR MORE: 4
MIN 0 OR BELOW: 0 1.00 INCH OR MORE: 0
[HDD (BASE 65) ]
TOTAL THIS MO. 688 CLEAR (SCALE 0-3) 14
DPTR FM NORMAL -106 PTCLDY (SCALE 4-7) 13
TOTAL FM JUL 1 1294 CLOUDY (SCALE 8-10) 3
DPTR FM NORMAL -179
[CDD (BASE 65) ]
TOTAL THIS MO. 4
DPTR FM NORMAL 4 [PRESSURE DATA]
TOTAL FM JAN 1 650 HIGHEST SLP 30.68 ON 9
DPTR FM NORMAL 122 LOWEST SLP 29.21 ON 28
[REMARKS]
#FINAL-11-22#