000
CXUS55 KPUB 021942
CF6COS
PRELIMINARY LOCAL CLIMATOLOGICAL DATA (WS FORM: F-6)
STATION: COLORADO SPRINGS CO
MONTH: JULY
YEAR: 2021
LATITUDE: 38 49 N
LONGITUDE: 104 43 W
TEMPERATURE IN F: :PCPN: SNOW: WIND :SUNSHINE: SKY :PK WND
================================================================================
1 2 3 4 5 6A 6B 7 8 9 10 11 12 13 14 15 16 17 18
12Z AVG MX 2MIN
DY MAX MIN AVG DEP HDD CDD WTR SNW DPTH SPD SPD DIR MIN PSBL S-S WX SPD DR
================================================================================
1 76 60 68 -3 0 3 0.60 0.0 0 7.5 30 70 M M 8 13 37 70
2 74 57 66 -5 0 1 0.00 0.0 0 6.8 15 160 M M 7 1 18 170
3 83 56 70 -1 0 5 0.01 0.0 0 7.4 29 360 M M 4 3 35 350
4 87 59 73 1 0 8 0.87 T 0 8.4 37 300 M M 4 35 51 300
5 85 56 71 -1 0 6 0.00 0.0 0 6.3 15 360 M M 4 19 150
6 82 62 72 0 0 7 0.00 0.0 0 12.4 24 330 M M 7 3 35 330
7 84 60 72 0 0 7 0.00 0.0 0 7.4 18 170 M M 3 27 200
8 92 58 75 3 0 10 T 0.0 0 8.4 33 340 M M 4 3 46 350
9 96 62 79 7 0 14 0.01 0.0 0 9.0 23 220 M M 5 3 33 230
10 83 64 74 2 0 9 0.00 0.0 0 13.7 38 340 M M 4 56 340
11 81 57 69 -3 0 4 0.00 0.0 0 6.2 15 140 M M 2 23 140
12 87 53 70 -2 0 5 0.00 0.0 0 5.9 15 190 M M 1 20 140
13 87 58 73 0 0 8 T 0.0 0 8.4 31 350 M M 6 41 340
14 81 59 70 -3 0 5 T 0.0 0 12.1 29 280 M M 8 37 270
15 86 55 71 -2 0 6 0.38 0.0 0 7.3 25 120 M M 5 13 35 120
16 85 59 72 -1 0 7 0.29 0.0 0 6.4 35 30 M M 5 3 45 30
17 84 58 71 -2 0 6 0.05 0.0 0 7.2 32 50 M M 6 3 40 40
18 85 59 72 -1 0 7 0.00 0.0 0 5.8 24 110 M M 3 30 110
19 85 58 72 -1 0 7 0.00 0.0 0 7.6 18 150 M M 2 24 140
20 85 56 71 -2 0 6 0.00 0.0 0 9.9 22 130 M M 4 32 150
21 89 58 74 1 0 9 0.12 0.0 0 8.3 23 330 M M 7 32 340
22 93 62 78 5 0 13 0.00 0.0 0 6.8 23 100 M M 5 3 29 250
23 94 66 80 7 0 15 0.04 0.0 0 11.8 37 10 M M 5 3 47 20
24 77 65 71 -2 0 6 0.03 0.0 0 11.3 21 350 M M 8 8 28 350
25 87 60 74 1 0 9 0.33 0.0 0 9.9 30 50 M M 7 13 38 60
26 87 57 72 -1 0 7 0.00 0.0 0 6.2 15 170 M M 3 19 170
27 88 60 74 2 0 9 0.00 0.0 0 7.8 18 140 M M 2 24 160
28 95 61 78 6 0 13 0.00 0.0 0 5.7 15 130 M M 2 19 140
29 92 63 78 6 0 13 0.00 0.0 0 8.3 20 130 M M 4 26 120
30 93 59 76 4 0 11 0.00 0.0 0 9.6 30 350 M M 5 38 360
31 78 60 69 -3 0 4 0.53 0.0 0 13.8 22 340 M M 8 13 32 330
================================================================================
SM 2661 1837 0 240 3.26 T 263.6 M 148
================================================================================
AV 85.8 59.3 8.5 FASTST M M 5 MAX(MPH)
MISC ----> 38 340 56 340
================================================================================
NOTES:
COLUMN 17 PEAK WIND IN M.P.H.
PRELIMINARY LOCAL CLIMATOLOGICAL DATA (WS FORM: F-6) , PAGE 2
STATION: COLORADO SPRINGS CO
MONTH: JULY
YEAR: 2021
LATITUDE: 38 49 N
LONGITUDE: 104 43 W
[TEMPERATURE DATA] [PRECIPITATION DATA] SYMBOLS USED IN COLUMN 16
AVERAGE MONTHLY: 72.5 TOTAL FOR MONTH: 3.26 1 = FOG OR MIST
DPTR FM NORMAL: 0.1 DPTR FM NORMAL: 0.14 2 = FOG REDUCING VISIBILITY
HIGHEST: 96 ON 9 GRTST 24HR 0.88 ON 3-4 TO 1/4 MILE OR LESS
LOWEST: 53 ON 12 3 = THUNDER
SNOW, ICE PELLETS, HAIL 4 = ICE PELLETS
TOTAL MONTH: T 5 = HAIL
GRTST 24HR T ON 4 6 = FREEZING RAIN OR DRIZZLE
GRTST DEPTH: 0 7 = DUSTSTORM OR SANDSTORM:
VSBY 1/2 MILE OR LESS
8 = SMOKE OR HAZE
[NO. OF DAYS WITH] [WEATHER - DAYS WITH] 9 = BLOWING SNOW
X = TORNADO
MAX 32 OR BELOW: 0 0.01 INCH OR MORE: 12
MAX 90 OR ABOVE: 7 0.10 INCH OR MORE: 7
MIN 32 OR BELOW: 0 0.50 INCH OR MORE: 3
MIN 0 OR BELOW: 0 1.00 INCH OR MORE: 0
[HDD (BASE 65) ]
TOTAL THIS MO. 0 CLEAR (SCALE 0-3) 8
DPTR FM NORMAL -6 PTCLDY (SCALE 4-7) 19
TOTAL FM JUL 1 0 CLOUDY (SCALE 8-10) 4
DPTR FM NORMAL 0
[CDD (BASE 65) ]
TOTAL THIS MO. 240
DPTR FM NORMAL 6 [PRESSURE DATA]
TOTAL FM JAN 1 424 HIGHEST SLP 30.25 ON 31
DPTR FM NORMAL 53 LOWEST SLP 29.80 ON 9
[REMARKS]
#FINAL-07-21#