685
CXUS55 KPUB 030518
CLSCOS
CLIMATE REPORT
NATIONAL WEATHER SERVICE
1017 PM MST MON MAR 02 2020
...................................
...THE COLORADO SPRINGS CO CLIMATE SUMMARY FOR THE SEASON, FROM
12/1/2019 TO 2/29/2020...
CLIMATE NORMAL PERIOD: 1981 TO 2010
CLIMATE RECORD PERIOD: 1872 TO 2020
WEATHER OBSERVED NORMAL DEPART LAST YEAR`S
VALUE DATE(S) VALUE FROM VALUE DATE(S)
NORMAL
................................................................
TEMPERATURE (F)
RECORD
HIGH 77 12/23/1955
LOW -27 02/01/1951
12/09/1919
HIGHEST 73 02/02 66 02/26
LOWEST 0 02/04 0 01/01
02/05
AVG. MAXIMUM 45.5 43.4 2.1 46.2
AVG. MINIMUM 20.2 18.2 2.0 17.6
MEAN 32.8 30.8 2.0 31.9
DAYS MAX >= 90 0 0.0 0.0
DAYS MAX <= 32 15 16.8 -1.8
DAYS MIN <= 32 87 85.8 1.2
DAYS MIN <= 0 2 4.5 -2.5
PRECIPITATION (INCHES)
RECORD
MAXIMUM 4.05 1934
MINIMUM 0.16 1928
TOTALS 1.03 1.00 0.03 0.65
DAILY AVG. 0.01 0.01 0.00
DAYS >= .01 15 12.8 2.2
DAYS >= .10 6 2.8 3.2
DAYS >= .50 0 0.2 -0.2
DAYS >= 1.00 0 0.0 0.0
GREATEST
24 HR. TOTAL 0.31 12/15 TO 12/16
SNOWFALL (INCHES)
RECORDS
MAXIMUM 56.3 1987
MINIMUM 2.6 1952
TOTALS 18.4 16.2 2.2 10.2
SINCE 7/1 39.3 24.0 15.3 18.3
SNOWDEPTH AVG. 0
DAYS >= 1.0 6 5.3 0.7
GREATEST
SNOW DEPTH 4 02/07 3
02/08
02/18
24 HR TOTAL 5.0 02/17 TO 02/18 3.4
DEGREE DAYS
HEATING TOTAL 2899 3082 -183 2952
SINCE 7/1 4427 4621 -194 4366
COOLING TOTAL 0 0 0 0
SINCE 1/1 0 0 0 0
................................................................
WIND (MPH)
AVERAGE WIND SPEED 8.4
HIGHEST WIND SPEED/DIRECTION 46/350 DATE 02/25
HIGHEST GUST SPEED/DIRECTION 64/270 DATE 01/17
64/330 02/25
SKY COVER
POSSIBLE SUNSHINE (PERCENT) MM
AVERAGE SKY COVER 0.52
NUMBER OF DAYS FAIR 30
NUMBER OF DAYS PC 39
NUMBER OF DAYS CLOUDY 22
AVERAGE RH (PERCENT) 49
WEATHER CONDITIONS. NUMBER OF DAYS WITH
THUNDERSTORM 0 MIXED PRECIP 2
HEAVY RAIN 0 RAIN 0
LIGHT RAIN 2 FREEZING RAIN 0
LT FREEZING RAIN 1 HAIL 0
HEAVY SNOW 1 SNOW 2
LIGHT SNOW 24 SLEET 0
FOG 24 FOG W/VIS <= 1/4 MILE 8
HAZE 17
- INDICATES NEGATIVE NUMBERS.
R INDICATES RECORD WAS SET OR TIED.
MM INDICATES DATA IS MISSING.
T INDICATES TRACE AMOUNT.
$$