000
CXUS54 KCRP 011310
CF6COT
PRELIMINARY LOCAL CLIMATOLOGICAL DATA (WS FORM: F-6)
STATION: COTULLA
MONTH: FEBRUARY
YEAR: 2023
LATITUDE: 28 27 N
LONGITUDE: 99 13 W
TEMPERATURE IN F: :PCPN: SNOW: WIND :SUNSHINE: SKY :PK WND
================================================================================
1 2 3 4 5 6A 6B 7 8 9 10 11 12 13 14 15 16 17 18
12Z AVG MX 2MIN
DY MAX MIN AVG DEP HDD CDD WTR SNW DPTH SPD SPD DIR MIN PSBL S-S WX SPD DR
================================================================================
1 42 36 39 -19 26 0 0.06 0.0 0 6.8 14 350 M M 10 1 16 350
2 55 39 47 -11 18 0 0.01 0.0 0 5.8 14 330 M M 7 1 19 320
3 64 36 50 -8 15 0 0.00 0.0 0 4.5 12 40 M M 0 18 22 30
4 69 40 55 -4 10 0 0.00 0.0 0 4.8 14 180 M M 4 12 20 170
5 81 47 64 5 1 0 0.00 0.0 0 4.3 12 150 M M 0 18 15 150
6 84 56 70 11 0 5 0.00 0.0 0 10.4 25 140 M M 3 1 31 130
7 85 67 76 17 0 11 T 0.0 0 6.9 15 150 M M 8 20 150
8 74 45 60 0 5 0 0.05 0.0 0 11.5 22 320 M M 6 1 28 320
9 80 36 58 -2 7 0 0.00 0.0 0 4.7 14 130 M M 1 22 170
10 65 43 54 -6 11 0 0.00 0.0 0 13.9 24 340 M M 3 35 360
11 69 33 51 -9 14 0 0.00 0.0 0 4.6 15 350 M M 0 22 360
12 69 41 55 -5 10 0 0.00 0.0 0 6.2 13 140 M M 0 19 190
13 77 53 65 4 0 0 0.00 0.0 0 12.1 25 130 M M 3 33 130
14 87 57 72 11 0 7 0.00 0.0 0 8.1 17 320 M M 4 26 170
15 96 56 76 15 0 11 0.00 0.0 0 8.8 16 180 M M 1 18 26 200
16 74 49 62 1 3 0 0.00 0.0 0 13.4 28 360 M M 5 38 10
17 60 35 48 -14 17 0 0.00 0.0 0 8.3 20 20 M M 0 26 30
18 63 38 51 -11 14 0 0.00 0.0 0 6.2 15 120 M M 0 19 110
19 83 46 65 3 0 0 0.00 0.0 0 5.8 15 150 M M 1 1 23 150
20 88 62 75 13 0 10 0.00 0.0 0 4.1 14 170 M M 5 19 190
21 93 60 77 15 0 12 0.00 0.0 0 10.6 23 150 M M 0 18 35 140
22 97 68 83 20 0 18 0.00 0.0 0 7.7 20 150 M M 0 8 32 140
23 85 64 75 12 0 10 0.00 0.0 0 9.5 21 60 M M 3 18 29 60
24 79 62 71 8 0 6 0.00 0.0 0 10.6 18 60 M M 9 8 26 50
25 82 60 71 8 0 6 0.00 0.0 0 10.6 17 130 M M 7 18 24 60
26 89 73 81 17 0 16 T 0.0 0 11.5 20 140 M M 7 8 29 180
27 91 64 78 14 0 13 0.00 0.0 0 6.9 16 20 M M 1 24 10
28 93 61 77 13 0 12 0.00 0.0 0 8.5 17 130 M M 3 128 23 130
================================================================================
SM 2174 1427 151 137 0.12 0.0 227.1 M 91
================================================================================
AV 77.6 51.0 8.1 FASTST M M 3 MAX(MPH)
MISC ----> 28 360 38 10
================================================================================
NOTES:
# LAST OF SEVERAL OCCURRENCES
COLUMN 17 PEAK WIND IN M.P.H.
PRELIMINARY LOCAL CLIMATOLOGICAL DATA (WS FORM: F-6) , PAGE 2
STATION: COTULLA
MONTH: FEBRUARY
YEAR: 2023
LATITUDE: 28 27 N
LONGITUDE: 99 13 W
[TEMPERATURE DATA] [PRECIPITATION DATA] SYMBOLS USED IN COLUMN 16
AVERAGE MONTHLY: 64.3 TOTAL FOR MONTH: 0.12 1 = FOG OR MIST
DPTR FM NORMAL: 3.4 DPTR FM NORMAL: -1.14 2 = FOG REDUCING VISIBILITY
HIGHEST: 97 ON 22 GRTST 24HR 0.11 ON 31- 1 TO 1/4 MILE OR LESS
LOWEST: 33 ON 11 3 = THUNDER
SNOW, ICE PELLETS, HAIL 4 = ICE PELLETS
TOTAL MONTH: 0.0 INCH 5 = HAIL
GRTST 24HR 0.0 6 = FREEZING RAIN OR DRIZZLE
GRTST DEPTH: 0 7 = DUSTSTORM OR SANDSTORM:
VSBY 1/2 MILE OR LESS
8 = SMOKE OR HAZE
[NO. OF DAYS WITH] [WEATHER - DAYS WITH] 9 = BLOWING SNOW
X = TORNADO
MAX 32 OR BELOW: 0 0.01 INCH OR MORE: 3
MAX 90 OR ABOVE: 5 0.10 INCH OR MORE: 0
MIN 32 OR BELOW: 0 0.50 INCH OR MORE: 0
MIN 0 OR BELOW: 0 1.00 INCH OR MORE: 0
[HDD (BASE 65) ]
TOTAL THIS MO. 151 CLEAR (SCALE 0-3) 14
DPTR FM NORMAL -23 PTCLDY (SCALE 4-7) 12
TOTAL FM JUL 1 704 CLOUDY (SCALE 8-10) 2
DPTR FM NORMAL -206
[CDD (BASE 65) ]
TOTAL THIS MO. 137
DPTR FM NORMAL 76 [PRESSURE DATA]
TOTAL FM JAN 1 203 HIGHEST SLP 30.59 ON 3
DPTR FM NORMAL 120 LOWEST SLP 29.49 ON 22
[REMARKS]
#FINAL-02-23#