000
CXUS53 KLSX 011435
CLMCOU
CLIMATE REPORT
NATIONAL WEATHER SERVICE ST LOUIS MO
935 AM CDT TUE AUG 01 2023
...................................
...THE COLUMBIA ASOS CLIMATE SUMMARY FOR THE MONTH OF JULY 2023...
CLIMATE NORMAL PERIOD 1991 TO 2020
CLIMATE RECORD PERIOD 1890 TO 2023
WEATHER OBSERVED NORMAL DEPART LAST YEAR`S
VALUE DATE(S) VALUE FROM VALUE
NORMAL
..............................................................
TEMPERATURE (F)
RECORD
HIGH 113 07/14/1954
07/12/1954
LOW 45 07/01/1892
HIGHEST 101 07/27 105
LOWEST 60 07/09 64
AVG. MAXIMUM 90.8 88.5 2.3 91.9
AVG. MINIMUM 68.7 68.5 0.2 69.9
MEAN 79.7 78.5 1.2 80.9
DAYS MAX >= 90 21 12.9 8.1 18
DAYS MAX <= 32 0 0.0 0.0 0
DAYS MIN <= 32 0 0.0 0.0 0
DAYS MIN <= 0 0 0.0 0.0 0
PRECIPITATION (INCHES)
RECORD
MAXIMUM 12.14 1981
MINIMUM 0.24 1976
TOTALS 3.49 4.13 -0.64 2.62
DAILY AVG. 0.11 0.13 -0.02 0.08
DAYS >= .01 13 8.8 4.2 8
DAYS >= .10 7 5.9 1.1 7
DAYS >= .50 4 2.6 1.4 2
DAYS >= 1.00 0 1.4 -1.4 0
GREATEST
24 HR. TOTAL 0.99 07/18 TO 07/19
DEGREE DAYS
HEATING TOTAL 0 0 0
SINCE 7/1 0 0 0
COOLING TOTAL 464 419 45
SINCE 1/1 976 859 117
..............................................................
WIND (MPH)
HIGHEST WIND SPEED/DIRECTION 44/320 DATE 07/29
HIGHEST GUST SPEED/DIRECTION 59/320 DATE 07/29
SKY COVER
NUMBER OF DAYS FAIR 25
NUMBER OF DAYS PC 5
NUMBER OF DAYS CLOUDY 1
WEATHER CONDITIONS. NUMBER OF DAYS WITH
THUNDERSTORM 12 MIXED PRECIP 0
HEAVY RAIN 7 RAIN 7
LIGHT RAIN 11 FREEZING RAIN 0
LT FREEZING RAIN 0 HAIL 0
HEAVY SNOW 0 SNOW 0
LIGHT SNOW 0 SLEET 0
FOG 13 FOG W/VIS <= 1/4 MILE 1
HAZE 1
- INDICATES NEGATIVE NUMBERS.
R INDICATES RECORD WAS SET OR TIED.
MM INDICATES DATA IS MISSING.
T INDICATES TRACE AMOUNT.
...MONTHLY...
TIED 8TH MOST OCCURRENCES WITH MEASURABLE RAINFALL (13 DAYS).
...DAILY...
NO RECORDS OF NOTE.
$$
GOSSELIN