000
CDUS45 KRIW 070042
CLICPR


CLIMATE REPORT
NATIONAL WEATHER SERVICE RIVERTON WY
639 PM MDT FRI APR 6 2018


...................................

...THE CASPER WY CLIMATE SUMMARY FOR APRIL 6 2018...
VALID TODAY AS OF 0500 PM LOCAL TIME.

CLIMATE NORMAL PERIOD 1981 TO 2010
CLIMATE RECORD PERIOD 1939 TO 2018


WEATHER ITEM   OBSERVED TIME   RECORD YEAR NORMAL DEPARTURE LAST
                VALUE   (LST)  VALUE       VALUE  FROM      YEAR
                                                  NORMAL
..................................................................
TEMPERATURE (F)
 TODAY
  MAXIMUM         28   1200 AM  77    1991  54    -26       65
  MINIMUM         15        MM   6    1997  27    -12       30
  AVERAGE         22                        40    -18       48

PRECIPITATION (IN)
  TODAY            0.07          0.85 1941   0.04   0.03     0.00
  MONTH TO DATE    0.18                      0.21  -0.03     0.45
  SINCE MAR 1      1.18                      1.03   0.15     2.24
  SINCE JAN 1      2.48                      2.11   0.37     3.59

SNOWFALL (IN)
  TODAY            1.0                       0.4    0.6      0.0
  MONTH TO DATE    2.3                       2.6   -0.3      2.1
  SINCE MAR 1      8.8                      13.5   -4.7      9.9
  SINCE JUL 1     68.3                      62.9    5.4     63.4
  SNOW DEPTH       T

DEGREE DAYS
 HEATING
  TODAY           43                        25     18       17
  MONTH TO DATE  195                       152     43      160
  SINCE MAR 1   1102                      1077     25      872
  SINCE JUL 1   6566                      6525     41     6062

 COOLING
  TODAY            0                         0      0        0
  MONTH TO DATE    0                         0      0        0
  SINCE MAR 1      0                         0      0        0
  SINCE JAN 1      0                         0      0        0
..................................................................


WIND (MPH)
  HIGHEST WIND SPEED    21   HIGHEST WIND DIRECTION    NE (60)
  HIGHEST GUST SPEED    MM   HIGHEST GUST DIRECTION    MM
  AVERAGE WIND SPEED    15.2


SKY COVER
  POSSIBLE SUNSHINE  MM
  AVERAGE SKY COVER 1.0


WEATHER CONDITIONS
 THE FOLLOWING WEATHER WAS RECORDED TODAY.
  SNOW
  LIGHT SNOW
  FOG


RELATIVE HUMIDITY (PERCENT)
 HIGHEST    92          1200 AM
 LOWEST     77           400 PM
 AVERAGE    85

..........................................................


THE CASPER WY CLIMATE NORMALS FOR TOMORROW
                         NORMAL    RECORD    YEAR
 MAXIMUM TEMPERATURE (F)   54        77      1988
 MINIMUM TEMPERATURE (F)   27        14      2008
                                             1973


SUNRISE AND SUNSET
APRIL  6 2018.........SUNRISE   639 AM MDT   SUNSET   738 PM MDT
APRIL  7 2018.........SUNRISE   637 AM MDT   SUNSET   739 PM MDT


-  INDICATES NEGATIVE NUMBERS.
R  INDICATES RECORD WAS SET OR TIED.
MM INDICATES DATA IS MISSING.
T  INDICATES TRACE AMOUNT.




$$
