000
CXUS54 KFWD 010730
CF6CPT
PRELIMINARY LOCAL CLIMATOLOGICAL DATA (WS FORM: F-6)
STATION: CLEBURNE
MONTH: SEPTEMBER
YEAR: 2022
LATITUDE: 32 20 N
LONGITUDE: 97 24 W
TEMPERATURE IN F: :PCPN: SNOW: WIND :SUNSHINE: SKY :PK WND
================================================================================
1 2 3 4 5 6A 6B 7 8 9 10 11 12 13 14 15 16 17 18
12Z AVG MX 2MIN
DY MAX MIN AVG DEP HDD CDD WTR SNW DPTH SPD SPD DIR MIN PSBL S-S WX SPD DR
================================================================================
1 82 72 77 -5 0 12 0.09 M M 4.4 15 300 M M 2 22 300
2 79 72 76 -5 0 11 0.16 M M 5.8 15 170 M M 3 13 30 100
3 93 72 83 2 0 18 0.03 M M 3.8 16 70 M M 1 1 24 70
4 95 68 82 1 0 17 0.24 M M 6.8 23 300 M M 2 3 35 300
5 91 68 80 -1 0 15 0.01 M M 6.0 12 200 M M 2 3 17 160
6 93 72 83 3 0 18 0.07 M M 5.2 12 170 M M 1 3 17 99
7 93 72 83 3 0 18 0.00 M M 4.9 12 350 M M 0 18 60
8 90 72 81 1 0 16 0.00 M M 6.5 13 100 M M 3 20 100
9 90 70 80 1 0 15 0.00 M M 8.6 12 100 M M 2 20 120
10 88 68 78 -1 0 13 0.00 M M 5.5 10 60 M M 1 16 20
11 82 66 74 -5 0 9 0.00 M M 10.1 18 360 M M 0 24 350
12 86 64 75 -3 0 10 0.00 M M 5.3 8 130 M M 2 12 0
13 90 66 78 0 0 13 0.00 M M 7.7 13 150 M M 1 17 160
14 90 66 78 0 0 13 0.00 M M 9.0 14 110 M M 1 21 110
15 88 61 75 -2 0 10 0.00 M M 7.6 13 120 M M 0 17 140
16 90 68 79 2 0 14 0.00 M M 9.1 15 140 M M 1 22 150
17 93 75 84 8 0 19 0.00 M M 11.3 16 180 M M 2 22 180
18 93 73 83 7 0 18 0.00 M M 8.9 13 160 M M 0 18 140
19 93 72 83 7 0 18 0.00 M M 7.1 13 140 M M 0 18 150
20 95 73 84 9 0 19 0.00 M M 7.2 12 140 M M 0 16 150
21 95 72 84 9 0 19 0.00 M M 5.5 9 190 M M 0 16 150
22 97 70 84 9 0 19 0.00 M M 4.7 10 330 M M 0 14 280
23 97 70 84 10 0 19 0.00 M M 6.3 15 160 M M 1 20 120
24 95 72 84 10 0 19 0.00 M M 7.6 14 170 M M 0 20 170
25 95 72 84 10 0 19 0.00 M M 6.4 13 50 M M 0 18 90
26 84 63 74 1 0 9 0.00 M M 9.0 15 30 M M 0 22 30
27 88 57 73 0 0 8 0.00 M M 6.2 10 120 M M 1 8 15 120
28 90 63 77 5 0 12 0.00 M M 8.1 13 160 M M 1 15 200
29 86 64 75 3 0 10 0.00 M M 10.2 17 140 M M 0 23 130
30 82 55 69 -3 0 4 0.00 M M 7.8 12 130 M M 1 15 110
================================================================================
SM 2703 2048 0 434 0.60 M 212.5 M 28
================================================================================
AV 90.1 68.3 7.1 FASTST M M 1 MAX(MPH)
MISC ----> 23 300 35 300
================================================================================
NOTES:
# LAST OF SEVERAL OCCURRENCES
COLUMN 17 PEAK WIND IN M.P.H.
PRELIMINARY LOCAL CLIMATOLOGICAL DATA (WS FORM: F-6) , PAGE 2
STATION: CLEBURNE
MONTH: SEPTEMBER
YEAR: 2022
LATITUDE: 32 20 N
LONGITUDE: 97 24 W
[TEMPERATURE DATA] [PRECIPITATION DATA] SYMBOLS USED IN COLUMN 16
AVERAGE MONTHLY: 79.2 TOTAL FOR MONTH: 0.60 1 = FOG OR MIST
DPTR FM NORMAL: 2.3 DPTR FM NORMAL: -2.55 2 = FOG REDUCING VISIBILITY
HIGHEST: 97 ON 23,22 GRTST 24HR 0.24 ON 4- 4 TO 1/4 MILE OR LESS
LOWEST: 55 ON 30 3 = THUNDER
SNOW, ICE PELLETS, HAIL 4 = ICE PELLETS
TOTAL MONTH: M 5 = HAIL
GRTST 24HR M ON M 6 = FREEZING RAIN OR DRIZZLE
GRTST DEPTH: M ON M 7 = DUSTSTORM OR SANDSTORM:
VSBY 1/2 MILE OR LESS
8 = SMOKE OR HAZE
[NO. OF DAYS WITH] [WEATHER - DAYS WITH] 9 = BLOWING SNOW
X = TORNADO
MAX 32 OR BELOW: 0 0.01 INCH OR MORE: 6
MAX 90 OR ABOVE: 20 0.10 INCH OR MORE: 2
MIN 32 OR BELOW: 0 0.50 INCH OR MORE: 0
MIN 0 OR BELOW: 0 1.00 INCH OR MORE: 0
[HDD (BASE 65) ]
TOTAL THIS MO. 0 CLEAR (SCALE 0-3) 30
DPTR FM NORMAL -8 PTCLDY (SCALE 4-7) 0
TOTAL FM JUL 1 0 CLOUDY (SCALE 8-10) 0
DPTR FM NORMAL -7
[CDD (BASE 65) ]
TOTAL THIS MO. 434
DPTR FM NORMAL 69 [PRESSURE DATA]
TOTAL FM JAN 1 3019 HIGHEST SLP M ON M
DPTR FM NORMAL 672 LOWEST SLP M ON M
[REMARKS]
#FINAL-09-22#