000
CXUS56 KLOX 011155
CF6CQT
PRELIMINARY LOCAL CLIMATOLOGICAL DATA (WS FORM: F-6)
STATION: DOWNTOWN LOS ANGELES (USC) CA
MONTH: AUGUST
YEAR: 2021
LATITUDE: 34 1 N
LONGITUDE: 118 17 W
TEMPERATURE IN F: :PCPN: SNOW: WIND :SUNSHINE: SKY :PK WND
================================================================================
1 2 3 4 5 6A 6B 7 8 9 10 11 12 13 14 15 16 17 18
12Z AVG MX 2MIN
DY MAX MIN AVG DEP HDD CDD WTR SNW DPTH SPD SPD DIR MIN PSBL S-S WX SPD DR
================================================================================
1 86 64 75 1 0 10 0.00 M M 1.2 12 260 M M 0 8 17 280
2 92 64 78 4 0 13 0.00 M M 1.3 10 270 M M 0 8 15 280
3 89 65 77 3 0 12 0.00 M M 1.1 10 270 M M 0 8 14 260
4 84 66 75 1 0 10 0.00 M M 1.7 9 270 M M 0 8 14 270
5 85 67 76 2 0 11 0.00 M M 0.7 8 270 M M 0 8 14 260
6 83 67 75 1 0 10 0.00 M M 0.7 8 260 M M 3 8 14 270
7 83 67 75 1 0 10 0.00 M M 1.3 9 270 M M 5 8 14 260
8 81 66 74 0 0 9 0.00 M M 1.7 8 260 M M 5 8 14 270
9 86 66 76 2 0 11 0.00 M M 1.5 10 260 M M 2 8 16 270
10 84 64 74 0 0 9 0.00 M M 1.4 8 270 M M 2 18 13 260
11 89 66 78 3 0 13 0.00 M M 1.0 9 260 M M 0 8 13 280
12 92 69 81 6 0 16 0.00 M M 1.0 9 260 M M 0 8 14 260
13 90 69 80 5 0 15 0.00 M M 0.9 10 270 M M 0 8 14 260
14 87 68 78 3 0 13 0.00 M M 1.4 8 270 M M 0 8 13 280
15 88 67 78 3 0 13 0.00 M M 1.2 8 260 M M 0 8 14 270
16 89 69 79 4 0 14 0.00 M M 1.4 8 260 M M 0 8 14 270
17 86 70 78 3 0 13 0.00 M M 1.4 8 260 M M 3 8 14 270
18 78 69 74 -1 0 9 T M M 1.6 8 260 M M 10 8 11 270
19 79 66 73 -2 0 8 0.00 M M 1.1 10 270 M M 3 16 280
20 77 66 72 -3 0 7 0.00 M M 1.8 9 270 M M 5 18 260
21 76 64 70 -5 0 5 0.00 M M 1.5 9 270 M M 6 18 14 260
22 75 64 70 -5 0 5 0.00 M M 1.8 10 270 M M 6 17 270
23 77 63 70 -5 0 5 0.00 M M 1.1 8 270 M M 2 8 14 260
24 78 61 70 -5 0 5 0.00 M M 2.1 9 260 M M 0 14 270
25 83 63 73 -2 0 8 0.00 M M 0.8 7 260 M M 0 12 260
26 91 64 78 3 0 13 0.00 M M 1.3 12 270 M M 0 8 16 270
27 85 62 74 -1 0 9 0.00 M M 1.6 9 270 M M 0 18 13 260
28 81 60 71 -4 0 6 0.00 M M 1.5 7 260 M M 3 18 13 270
29 78 61 70 -5 0 5 0.00 M M 0.9 8 260 M M 3 18 14 280
30 81 63 72 -3 0 7 0.00 M M 1.8 9 270 M M 2 18 15 270
31 75 64 70 -5 0 5 T M M 1.0 8 260 M M 5 8 13 270
================================================================================
SM 2588 2024 0 299 T M 40.8 M 65
================================================================================
AV 83.5 65.3 1.3 FASTST M M 2 MAX(MPH)
MISC ----> # 12 260 18 260
================================================================================
NOTES:
# LAST OF SEVERAL OCCURRENCES
COLUMN 17 PEAK WIND IN M.P.H.
PRELIMINARY LOCAL CLIMATOLOGICAL DATA (WS FORM: F-6) , PAGE 2
STATION: DOWNTOWN LOS ANGELES (USC) CA
MONTH: AUGUST
YEAR: 2021
LATITUDE: 34 1 N
LONGITUDE: 118 17 W
[TEMPERATURE DATA] [PRECIPITATION DATA] SYMBOLS USED IN COLUMN 16
AVERAGE MONTHLY: 74.4 TOTAL FOR MONTH: T 1 = FOG OR MIST
DPTR FM NORMAL: -0.3 DPTR FM NORMAL: -0.00 2 = FOG REDUCING VISIBILITY
HIGHEST: 92 ON 12, 2 GRTST 24HR T ON 31-31 TO 1/4 MILE OR LESS
LOWEST: 60 ON 28 3 = THUNDER
SNOW, ICE PELLETS, HAIL 4 = ICE PELLETS
TOTAL MONTH: M 5 = HAIL
GRTST 24HR M ON M 6 = FREEZING RAIN OR DRIZZLE
GRTST DEPTH: M ON M 7 = DUSTSTORM OR SANDSTORM:
VSBY 1/2 MILE OR LESS
8 = SMOKE OR HAZE
[NO. OF DAYS WITH] [WEATHER - DAYS WITH] 9 = BLOWING SNOW
X = TORNADO
MAX 32 OR BELOW: 0 0.01 INCH OR MORE: 0
MAX 90 OR ABOVE: 4 0.10 INCH OR MORE: 0
MIN 32 OR BELOW: 0 0.50 INCH OR MORE: 0
MIN 0 OR BELOW: 0 1.00 INCH OR MORE: 0
[HDD (BASE 65) ]
TOTAL THIS MO. 0 CLEAR (SCALE 0-3) 22
DPTR FM NORMAL 0 PTCLDY (SCALE 4-7) 8
TOTAL FM JUL 1 0 CLOUDY (SCALE 8-10) 1
DPTR FM NORMAL 0
[CDD (BASE 65) ]
TOTAL THIS MO. 299
DPTR FM NORMAL -2 [PRESSURE DATA]
TOTAL FM JAN 1 945 HIGHEST SLP M ON M
DPTR FM NORMAL 97 LOWEST SLP 29.65 ON 27
[REMARKS]
#FINAL-08-21#