000
CXUS56 KLOX 011155
CF6CQT
PRELIMINARY LOCAL CLIMATOLOGICAL DATA (WS FORM: F-6)
STATION: DOWNTOWN LOS ANGELES (USC) CA
MONTH: JUNE
YEAR: 2021
LATITUDE: 34 1 N
LONGITUDE: 118 17 W
TEMPERATURE IN F: :PCPN: SNOW: WIND :SUNSHINE: SKY :PK WND
================================================================================
1 2 3 4 5 6A 6B 7 8 9 10 11 12 13 14 15 16 17 18
12Z AVG MX 2MIN
DY MAX MIN AVG DEP HDD CDD WTR SNW DPTH SPD SPD DIR MIN PSBL S-S WX SPD DR
================================================================================
1 75 61 68 1 0 3 0.00 M M 2.1 7 280 M M 5 8 M M
2 73 60 67 0 0 2 0.00 M M 1.3 6 250 M M 6 18 M M
3 78 61 70 3 0 5 0.00 M M 2.1 8 270 M M 5 M M
4 77 60 69 1 0 4 0.00 M M 0.9 5 99 M M 1 M M
5 78 62 70 2 0 5 0.00 M M 2.3 8 260 M M 5 M M
6 75 62 69 1 0 4 0.00 M M 2.2 6 99 M M 6 M M
7 71 62 67 -1 0 2 0.00 M M 1.6 8 260 M M 10 8 15 260
8 75 62 69 1 0 4 0.00 M M 1.7 10 260 M M 4 17 260
9 75 61 68 0 0 3 0.00 M M 1.8 12 260 M M 0 20 260
10 75 58 67 -1 0 2 0.00 M M 1.9 10 260 M M 0 18 270
11 81 59 70 2 0 5 0.00 M M 1.8 6 280 M M 0 M M
12 83 61 72 3 0 7 0.00 M M 1.5 7 260 M M 0 M M
13 84 61 73 4 0 8 0.00 M M 0.8 6 270 M M 1 18 M M
14 85 63 74 5 0 9 0.00 M M 1.3 7 270 M M 0 M M
15 90 65 78 9 0 13 0.00 M M 1.3 7 90 M M 0 8 11 280
16 88 68 78 9 0 13 0.00 M M 0.7 7 160 M M 0 15 160
17 87 67 77 7 0 12 0.02 M M 1.1 9 260 M M 0 8 16 270
18 82 66 74 4 0 9 0.00 M M 1.6 9 260 M M 4 8 14 270
19 77 64 71 1 0 6 0.00 M M 1.7 8 260 M M 5 8 14 260
20 78 63 71 1 0 6 0.00 M M 1.4 8 260 M M 4 18 14 260
21 82 64 73 3 0 8 0.00 M M 1.4 9 260 M M 3 8 18 270
22 76 62 69 -1 0 4 0.00 M M 1.3 13 260 M M 2 18 270
23 81 63 72 2 0 7 0.00 M M 2.3 10 270 M M 1 16 270
24 74 62 68 -3 0 3 0.00 M M 2.8 12 270 M M 2 18 270
25 79 61 70 -1 0 5 0.00 M M 1.5 8 260 M M 0 14 270
26 81 63 72 1 0 7 0.00 M M 0.5 9 270 M M 0 14 260
27 80 65 73 2 0 8 0.00 M M 1.2 8 260 M M 0 13 260
28 81 66 74 3 0 9 0.00 M M 1.0 7 260 M M 3 8 12 270
29 81 67 74 2 0 9 0.00 M M 0.9 7 270 M M 4 12 260
30 81 66 74 2 0 9 0.00 M M 0.9 8 260 M M 4 13 270
================================================================================
SM 2383 1885 0 191 0.02 M 44.7 M 75
================================================================================
AV 79.4 62.8 1.5 FASTST M M 3 MAX(MPH)
MISC ----> 13 260 20 260
================================================================================
NOTES:
# LAST OF SEVERAL OCCURRENCES
COLUMN 17 PEAK WIND IN M.P.H.
PRELIMINARY LOCAL CLIMATOLOGICAL DATA (WS FORM: F-6) , PAGE 2
STATION: DOWNTOWN LOS ANGELES (USC) CA
MONTH: JUNE
YEAR: 2021
LATITUDE: 34 1 N
LONGITUDE: 118 17 W
[TEMPERATURE DATA] [PRECIPITATION DATA] SYMBOLS USED IN COLUMN 16
AVERAGE MONTHLY: 71.1 TOTAL FOR MONTH: 0.02 1 = FOG OR MIST
DPTR FM NORMAL: 1.8 DPTR FM NORMAL: -0.07 2 = FOG REDUCING VISIBILITY
HIGHEST: 90 ON 15 GRTST 24HR 0.02 ON 17-17 TO 1/4 MILE OR LESS
LOWEST: 58 ON 10 3 = THUNDER
SNOW, ICE PELLETS, HAIL 4 = ICE PELLETS
TOTAL MONTH: M 5 = HAIL
GRTST 24HR M ON M 6 = FREEZING RAIN OR DRIZZLE
GRTST DEPTH: M ON M 7 = DUSTSTORM OR SANDSTORM:
VSBY 1/2 MILE OR LESS
8 = SMOKE OR HAZE
[NO. OF DAYS WITH] [WEATHER - DAYS WITH] 9 = BLOWING SNOW
X = TORNADO
MAX 32 OR BELOW: 0 0.01 INCH OR MORE: 1
MAX 90 OR ABOVE: 1 0.10 INCH OR MORE: 0
MIN 32 OR BELOW: 0 0.50 INCH OR MORE: 0
MIN 0 OR BELOW: 0 1.00 INCH OR MORE: 0
[HDD (BASE 65) ]
TOTAL THIS MO. 0 CLEAR (SCALE 0-3) 17
DPTR FM NORMAL -4 PTCLDY (SCALE 4-7) 12
TOTAL FM JUL 1 819 CLOUDY (SCALE 8-10) 1
DPTR FM NORMAL -182
[CDD (BASE 65) ]
TOTAL THIS MO. 191
DPTR FM NORMAL 57 [PRESSURE DATA]
TOTAL FM JAN 1 333 HIGHEST SLP M ON M
DPTR FM NORMAL 45 LOWEST SLP 29.66 ON 27
[REMARKS]
#FINAL-06-21#