000
CXUS52 KILM 011100
CF6CRE
PRELIMINARY LOCAL CLIMATOLOGICAL DATA (WS FORM: F-6)
STATION: N.MYRTLE BEACH SOUTH CAROLINA
MONTH: DECEMBER
YEAR: 2023
LATITUDE: 33 49 N
LONGITUDE: 78 43 W
TEMPERATURE IN F: :PCPN: SNOW: WIND :SUNSHINE: SKY :PK WND
================================================================================
1 2 3 4 5 6A 6B 7 8 9 10 11 12 13 14 15 16 17 18
12Z AVG MX 2MIN
DY MAX MIN AVG DEP HDD CDD WTR SNW DPTH SPD SPD DIR MIN PSBL S-S WX SPD DR
================================================================================
1 71 40 56 4 9 0 T M M 5.2 16 190 M M 5 1 22 200
2 72 63 68 16 0 3 T M M 3.1 12 230 M M 7 12 15 210
3 75 62 69 17 0 4 0.01 M M 7.1 15 260 M M 3 12 23 200
4 69 51 60 8 5 0 0.00 M M 5.5 15 240 M M 0 24 310
5 64 43 54 2 11 0 0.00 M M 4.9 15 20 M M 0 22 40
6 57 35 46 -5 19 0 0.00 M M 6.1 20 10 M M 1 30 20
7 55 30 43 -8 22 0 0.00 M M 3.2 13 250 M M 0 17 280
8 60 37 49 -2 16 0 0.00 M M 3.5 15 210 M M 0 19 220
9 69 47 58 7 7 0 0.00 M M 4.0 12 180 M M 5 1 19 190
10 67 63 65 14 0 0 0.85 M M 12.3 23 200 M M 8 1 33 190
11 64 35 50 0 15 0 0.20 M M 8.0 26 360 M M 4 18 45 340
12 56 33 45 -5 20 0 0.00 M M 4.3 10 50 M M 0 14 50
13 61 33 47 -3 18 0 0.00 M M 5.1 13 20 M M 0 19 20
14 55 34 45 -5 20 0 0.00 M M 9.4 21 30 M M 0 28 30
15 60 30 45 -5 20 0 0.00 M M 5.3 14 20 M M 0 19 10
16 66 37 52 2 13 0 T M M 9.3 20 70 M M 3 27 60
17 68 53 61 12 4 0 3.59 M M 14.0 32 60 M M 10 138 52 60
18 61 49 55 6 10 0 0.18 M M 10.1 21 300 M M 2 1 37 290
19 49 31 40 -9 25 0 0.00 M M 7.2 17 360 M M 0 29 350
20 51 30 41 -8 24 0 0.00 M M 3.7 12 10 M M 0 17 20
21 60 30 45 -4 20 0 0.00 M M 2.3 9 50 M M 0 8 13 20
22 60 33 47 -2 18 0 0.00 M M 4.0 12 100 M M 0 15 100
23 65 42 54 6 11 0 0.00 M M 4.7 9 120 M M 1 12 130
24 70 43 57 9 8 0 0.00 M M 6.5 15 90 M M 0 1 24 100
25 69 55 62 14 3 0 0.01 M M 10.4 16 90 M M 4 25 110
26 69 63 66 18 0 1 0.61 M M 8.2 17 140 M M 9 1 28 140
27 70 58 64 16 1 0 0.92 M M 5.7 14 280 M M 7 1 21 300
28 58 47 53 5 12 0 0.00 M M 6.4 12 220 M M 0 15 220
29 56 41 49 1 16 0 0.00 M M 8.5 21 240 M M 1 1 30 270
30 51 38 45 -2 20 0 0.00 M M 7.7 20 270 M M 3 31 270
31 54 35 45 -2 20 0 0.00 M M 8.2 18 210 M M 0 23 200
================================================================================
SM 1932 1321 387 8 6.37 M 203.9 M 73
================================================================================
AV 62.3 42.6 6.6 FASTST M M 2 MAX(MPH)
MISC ----> 32 60 52 60
================================================================================
NOTES:
# LAST OF SEVERAL OCCURRENCES
COLUMN 17 PEAK WIND IN M.P.H.
PRELIMINARY LOCAL CLIMATOLOGICAL DATA (WS FORM: F-6) , PAGE 2
STATION: N.MYRTLE BEACH SOUTH CAROLINA
MONTH: DECEMBER
YEAR: 2023
LATITUDE: 33 49 N
LONGITUDE: 78 43 W
[TEMPERATURE DATA] [PRECIPITATION DATA] SYMBOLS USED IN COLUMN 16
AVERAGE MONTHLY: 52.5 TOTAL FOR MONTH: 6.37 1 = FOG OR MIST
DPTR FM NORMAL: 2.9 DPTR FM NORMAL: 3.27 2 = FOG REDUCING VISIBILITY
HIGHEST: 75 ON 3 GRTST 24HR 3.77 ON 17-18 TO 1/4 MILE OR LESS
LOWEST: 30 ON 21,20 3 = THUNDER
SNOW, ICE PELLETS, HAIL 4 = ICE PELLETS
TOTAL MONTH: M 5 = HAIL
GRTST 24HR M ON M 6 = FREEZING RAIN OR DRIZZLE
GRTST DEPTH: M ON M 7 = DUSTSTORM OR SANDSTORM:
VSBY 1/2 MILE OR LESS
8 = SMOKE OR HAZE
[NO. OF DAYS WITH] [WEATHER - DAYS WITH] 9 = BLOWING SNOW
X = TORNADO
MAX 32 OR BELOW: 0 0.01 INCH OR MORE: 8
MAX 90 OR ABOVE: 0 0.10 INCH OR MORE: 6
MIN 32 OR BELOW: 5 0.50 INCH OR MORE: 4
MIN 0 OR BELOW: 0 1.00 INCH OR MORE: 1
[HDD (BASE 65) ]
TOTAL THIS MO. 387 CLEAR (SCALE 0-3) 21
DPTR FM NORMAL -92 PTCLDY (SCALE 4-7) 8
TOTAL FM JUL 1 740 CLOUDY (SCALE 8-10) 2
DPTR FM NORMAL -107
[CDD (BASE 65) ]
TOTAL THIS MO. 8
DPTR FM NORMAL 5 [PRESSURE DATA]
TOTAL FM JAN 1 1948 HIGHEST SLP 30.69 ON 14
DPTR FM NORMAL -57 LOWEST SLP 29.18 ON 17
[REMARKS]
#FINAL-12-23#