000
CXUS52 KJAX 100903
CF6CRG
PRELIMINARY LOCAL CLIMATOLOGICAL DATA (WS FORM: F-6)
STATION: CRAIG EXEC ARPT
MONTH: FEBRUARY
YEAR: 2024
LATITUDE: 30 19 N
LONGITUDE: 81 31 W
TEMPERATURE IN F: :PCPN: SNOW: WIND :SUNSHINE: SKY :PK WND
================================================================================
1 2 3 4 5 6A 6B 7 8 9 10 11 12 13 14 15 16 17 18
12Z AVG MX 2MIN
DY MAX MIN AVG DEP HDD CDD WTR SNW DPTH SPD SPD DIR MIN PSBL S-S WX SPD DR
================================================================================
1 62 40 51 -5 14 0 0.00 0.0 0 2.3 9 110 M M 0 13 110
2 69 45 57 1 8 0 0.00 0.0 0 3.2 15 240 M M 0 20 250
3 69 41 55 -1 10 0 0.00 0.0 0 7.7 18 50 M M 3 1 29 20
4 67 55 61 5 4 0 0.58 0.0 0 9.5 22 150 M M 5 13 31 140
5 59 48 54 -3 11 0 0.00 0.0 0 10.1 20 360 M M 7 1 28 360
6 63 48 56 -1 9 0 0.00 0.0 0 11.3 23 360 M M 3 33 350
7 54 43 49 -8 16 0 0.00 0.0 0 8.6 20 20 M M 2 29 20
8 66 47 57 0 8 0 0.00 0.0 0 6.7 15 50 M M 1 19 60
9 73 49 61 4 4 0 0.00 0.0 0 3.0 9 150 M M 2 1 13 150
10 77 52 65 8 0 0 0.00 0.0 0 5.4 18 240 M M 2 1 27 220
11 81 58 70 12 0 5 0.00 0.0 0 5.8 25 220 M M 4 36 230
12 81 64 73 15 0 8 0.19 0.0 0 12.0 29 220 M M 3 13 38 230
13 68 49 59 1 6 0 0.00 0.0 0 11.5 23 310 M M 1 34 320
14 63 42 53 -5 12 0 0.00 0.0 0 4.4 10 50 M M 0 16 50
15 74 49 62 4 3 0 0.00 0.0 0 3.7 15 210 M M 1 20 220
16 70 51 61 3 4 0 0.00 0.0 0 2.6 8 320 M M 2 12 110
17 61 56 59 1 6 0 0.74 0.0 0 4.3 13 20 M M 10 1 17 40
18 56 49 53 -6 12 0 0.76 0.0 0 9.2 17 20 M M 10 1 26 30
19 60 42 51 -8 14 0 0.04 0.0 0 6.7 13 70 M M 4 1 18 80
20 62 38 50 -9 15 0 0.00 0.0 0 3.9 15 50 M M 0 1 20 80
21 62 42 52 -7 13 0 0.00 0.0 0 6.2 17 40 M M 0 24 20
22 71 38 55 -4 10 0 0.00 0.0 0 4.1 13 140 M M 1 12 19 140
23 74 53 64 5 1 0 0.34 0.0 0 12.9 30 230 M M 6 1 45 230
24 71 51 61 1 4 0 0.00 0.0 0 10.0 22 270 M M 0 32 280
25 63 43 53 -7 12 0 0.00 0.0 0 4.6 14 70 M M 0 18 60
26 71 41 56 -4 9 0 0.00 0.0 0 5.3 15 150 M M 0 1 25 140
27 82 46 64 4 1 0 0.00 0.0 0 6.0 17 210 M M 0 1 27 180
28 83 60 72 12 0 7 0.00 0.0 0 11.7 24 220 M M 0 33 210
29 68 57 63 3 2 0 0.00 0.0 0 11.5 21 40 M M 9 1 31 40
================================================================================
SM 1980 1397 208 20 2.65 0.0 204.2 M 76
================================================================================
AV 68.3 48.2 7.0 FASTST M M 3 MAX(MPH)
MISC ----> 30 230 45 230
================================================================================
NOTES:
# LAST OF SEVERAL OCCURRENCES
COLUMN 17 PEAK WIND IN M.P.H.
PRELIMINARY LOCAL CLIMATOLOGICAL DATA (WS FORM: F-6) , PAGE 2
STATION: CRAIG EXEC ARPT
MONTH: FEBRUARY
YEAR: 2024
LATITUDE: 30 19 N
LONGITUDE: 81 31 W
[TEMPERATURE DATA] [PRECIPITATION DATA] SYMBOLS USED IN COLUMN 16
AVERAGE MONTHLY: 58.2 TOTAL FOR MONTH: 2.65 1 = FOG OR MIST
DPTR FM NORMAL: 0.2 DPTR FM NORMAL: 0.23 2 = FOG REDUCING VISIBILITY
HIGHEST: 83 ON 28 GRTST 24HR 1.29 ON 17-18 TO 1/4 MILE OR LESS
LOWEST: 38 ON 22,20 3 = THUNDER
SNOW, ICE PELLETS, HAIL 4 = ICE PELLETS
TOTAL MONTH: 0.0 INCH 5 = HAIL
GRTST 24HR 0.0 6 = FREEZING RAIN OR DRIZZLE
GRTST DEPTH: 0 7 = DUSTSTORM OR SANDSTORM:
VSBY 1/2 MILE OR LESS
8 = SMOKE OR HAZE
[NO. OF DAYS WITH] [WEATHER - DAYS WITH] 9 = BLOWING SNOW
X = TORNADO
MAX 32 OR BELOW: 0 0.01 INCH OR MORE: 6
MAX 90 OR ABOVE: 0 0.10 INCH OR MORE: 5
MIN 32 OR BELOW: 0 0.50 INCH OR MORE: 3
MIN 0 OR BELOW: 0 1.00 INCH OR MORE: 0
[HDD (BASE 65) ]
TOTAL THIS MO. 208 CLEAR (SCALE 0-3) 19
DPTR FM NORMAL -11 PTCLDY (SCALE 4-7) 7
TOTAL FM JUL 1 805 CLOUDY (SCALE 8-10) 3
DPTR FM NORMAL -148
[CDD (BASE 65) ]
TOTAL THIS MO. 20
DPTR FM NORMAL -4 [PRESSURE DATA]
TOTAL FM JAN 1 49 HIGHEST SLP 30.36 ON 29
DPTR FM NORMAL 9 LOWEST SLP 29.50 ON 4
[REMARKS]
#FINAL-02-24#