000
CXUS52 KJAX 062135
CF6CRG
PRELIMINARY LOCAL CLIMATOLOGICAL DATA (WS FORM: F-6)
STATION: CRAIG EXEC ARPT
MONTH: APRIL
YEAR: 2021
LATITUDE: 30 19 N
LONGITUDE: 81 31 W
TEMPERATURE IN F: :PCPN: SNOW: WIND :SUNSHINE: SKY :PK WND
================================================================================
1 2 3 4 5 6A 6B 7 8 9 10 11 12 13 14 15 16 17 18
12Z AVG MX 2MIN
DY MAX MIN AVG DEP HDD CDD WTR SNW DPTH SPD SPD DIR MIN PSBL S-S WX SPD DR
================================================================================
1 69 52 61 -4 4 0 T 0.0 0 13.0 22 320 M M 3 30 320
2 56 43 50 -15 15 0 0.00 0.0 0 10.5 22 30 M M 0 36 70
3 64 42 53 -12 12 0 0.00 0.0 0 7.9 18 80 M M 0 28 20
4 71 46 59 -6 6 0 0.00 0.0 0 2.8 14 140 M M 0 20 80
5 78 47 63 -2 2 0 0.00 0.0 0 4.3 14 80 M M 0 19 90
6 80 52 66 0 0 1 0.00 0.0 0 4.6 15 140 M M 0 20 70
7 83 51 67 1 0 2 0.00 0.0 0 4.9 15 140 M M 0 20 140
8 85 55 70 4 0 5 0.00 0.0 0 5.0 18 240 M M 0 1 26 200
9 85 57 71 5 0 6 0.00 0.0 0 5.7 15 160 M M 1 1 22 160
10 88 64 76 10 0 11 0.18 0.0 0 9.3 28 280 M M 2 13 43 270
11 71 57 64 -2 1 0 0.96 0.0 0 6.7 25 250 M M 3 13 35 250
12 85 59 72 6 0 7 0.00 0.0 0 6.6 14 290 M M 2 20 300
13 78 57 68 1 0 3 0.00 0.0 0 6.3 16 20 M M 0 22 60
14 87 58 73 6 0 8 0.00 0.0 0 6.5 16 160 M M 1 1 22 150
15 81 68 75 8 0 10 T 0.0 0 8.4 20 240 M M 6 31 250
16 74 62 68 1 0 3 0.53 0.0 0 5.2 12 40 M M 5 1 15 290
17 76 63 70 3 0 5 0.99 0.0 0 4.0 9 250 M M 9 13 14 280
18 75 67 71 4 0 6 1.01 0.0 0 5.4 14 230 M M 10 1 18 240
19 80 63 72 4 0 7 0.11 0.0 0 6.5 15 320 M M 4 1 22 300
20 78 59 69 1 0 4 0.00 0.0 0 3.8 13 70 M M 3 1 17 90
21 86 61 74 6 0 9 0.00 0.0 0 8.3 18 270 M M 0 1 28 270
22 67 52 60 -8 5 0 0.00 0.0 0 9.1 20 350 M M 0 27 360
23 75 49 62 -6 3 0 0.00 0.0 0 7.2 16 140 M M 1 24 150
24 86 65 76 8 0 11 0.05 0.0 0 9.7 24 350 M M 5 13 32 350
25 82 63 73 4 0 8 0.07 0.0 0 7.2 17 330 M M 2 13 24 280
26 80 58 69 0 0 4 0.00 0.0 0 6.8 18 50 M M 1 26 50
27 80 60 70 1 0 5 0.00 0.0 0 5.7 16 110 M M 2 1 25 160
28 82 60 71 2 0 6 0.00 0.0 0 5.8 16 140 M M 1 1 24 130
29 91 62 77 7 0 12 0.00 0.0 0 7.5 17 240 M M 1 1 24 240
30 91 70 81 11 0 16 T 0.0 0 7.6 16 300 M M 2 1 23 300
================================================================================
SM 2364 1722 48 149 3.90 0.0 202.3 M 64
================================================================================
AV 78.8 57.4 6.7 FASTST M M 2 MAX(MPH)
MISC ----> 28 280 43 270
================================================================================
NOTES:
# LAST OF SEVERAL OCCURRENCES
COLUMN 17 PEAK WIND IN M.P.H.
PRELIMINARY LOCAL CLIMATOLOGICAL DATA (WS FORM: F-6) , PAGE 2
STATION: CRAIG EXEC ARPT
MONTH: APRIL
YEAR: 2021
LATITUDE: 30 19 N
LONGITUDE: 81 31 W
[TEMPERATURE DATA] [PRECIPITATION DATA] SYMBOLS USED IN COLUMN 16
AVERAGE MONTHLY: 68.1 TOTAL FOR MONTH: 3.90 1 = FOG OR MIST
DPTR FM NORMAL: 1.0 DPTR FM NORMAL: 1.37 2 = FOG REDUCING VISIBILITY
HIGHEST: 91 ON 30,29 GRTST 24HR 1.73 ON 17-18 TO 1/4 MILE OR LESS
LOWEST: 42 ON 3 3 = THUNDER
SNOW, ICE PELLETS, HAIL 4 = ICE PELLETS
TOTAL MONTH: 0.0 INCH 5 = HAIL
GRTST 24HR 0.0 6 = FREEZING RAIN OR DRIZZLE
GRTST DEPTH: 0 7 = DUSTSTORM OR SANDSTORM:
VSBY 1/2 MILE OR LESS
8 = SMOKE OR HAZE
[NO. OF DAYS WITH] [WEATHER - DAYS WITH] 9 = BLOWING SNOW
X = TORNADO
MAX 32 OR BELOW: 0 0.01 INCH OR MORE: 8
MAX 90 OR ABOVE: 2 0.10 INCH OR MORE: 6
MIN 32 OR BELOW: 0 0.50 INCH OR MORE: 4
MIN 0 OR BELOW: 0 1.00 INCH OR MORE: 1
[HDD (BASE 65) ]
TOTAL THIS MO. 48 CLEAR (SCALE 0-3) 22
DPTR FM NORMAL 1 PTCLDY (SCALE 4-7) 6
TOTAL FM JUL 1 904 CLOUDY (SCALE 8-10) 2
DPTR FM NORMAL -303
[CDD (BASE 65) ]
TOTAL THIS MO. 149
DPTR FM NORMAL 39 [PRESSURE DATA]
TOTAL FM JAN 1 354 HIGHEST SLP 30.47 ON 03
DPTR FM NORMAL 173 LOWEST SLP 29.69 ON 11
[REMARKS]
#FINAL-04-21#