000
CXUS54 KCRP 011310
CF6CRP
PRELIMINARY LOCAL CLIMATOLOGICAL DATA (WS FORM: F-6)
STATION: CORPUS CHRISTI
MONTH: OCTOBER
YEAR: 2021
LATITUDE: 27 46 N
LONGITUDE: 97 30 W
TEMPERATURE IN F: :PCPN: SNOW: WIND :SUNSHINE: SKY :PK WND
================================================================================
1 2 3 4 5 6A 6B 7 8 9 10 11 12 13 14 15 16 17 18
12Z AVG MX 2MIN
DY MAX MIN AVG DEP HDD CDD WTR SNW DPTH SPD SPD DIR MIN PSBL S-S WX SPD DR
================================================================================
1 81 73 77 -2 0 12 4.14 0.0 0 10.3 24 140 M M 9 13 30 140
2 89 73 81 2 0 16 0.00 0.0 0 5.7 13 100 M M 8 12 24 100
3 90 75 83 4 0 18 0.00 0.0 0 5.6 13 130 M M 7 12 16 30
4 91 73 82 4 0 17 0.00 0.0 0 6.8 16 30 M M 7 20 30
5 90 68 79 1 0 14 0.00 0.0 0 6.3 13 50 M M 1 22 360
6 88 66 77 -1 0 12 0.00 0.0 0 5.0 12 140 M M 1 15 150
7 88 67 78 0 0 13 0.00 0.0 0 4.3 13 100 M M 1 8 17 110
8 88 66 77 0 0 12 0.00 0.0 0 5.1 15 90 M M 2 21 80
9 86 66 76 -1 0 11 0.00 0.0 0 7.3 17 130 M M 2 1 27 140
10 88 75 82 5 0 17 0.00 0.0 0 18.6 31 150 M M 5 38 150
11 87 79 83 6 0 18 0.01 0.0 0 10.5 20 70 M M 6 27 170
12 89 79 84 8 0 19 T 0.0 0 16.2 29 150 M M 8 34 160
13 88 79 84 8 0 19 T 0.0 0 18.3 29 150 M M 8 35 150
14 84 74 79 3 0 14 2.28 0.0 0 11.5 24 50 M M 9 13 32 50
15 91 73 82 6 0 17 0.02 0.0 0 8.1 35 350 M M 7 13 45 350
16 77 59 68 -7 0 3 0.00 0.0 0 14.7 28 20 M M 6 37 10
17 77 55 66 -9 0 1 0.00 0.0 0 7.5 16 40 M M 7 19 40
18 81 61 71 -4 0 6 0.00 0.0 0 7.6 16 110 M M 2 20 110
19 84 64 74 0 0 9 0.00 0.0 0 7.8 17 130 M M 7 23 150
20 86 67 77 3 0 12 0.00 0.0 0 5.9 14 100 M M 6 18 110
21 88 68 78 4 0 13 0.00 0.0 0 4.6 13 80 M M 4 1 19 80
22 87 67 77 3 0 12 0.00 0.0 0 7.3 16 100 M M 7 1 19 100
23 85 72 79 6 0 14 T 0.0 0 8.5 23 160 M M 6 29 170
24 89 71 80 7 0 15 0.00 0.0 0 8.1 16 140 M M 4 12 20 120
25 89 72 81 8 0 16 0.00 0.0 0 6.5 16 90 M M 7 128 22 80
26 87 75 81 9 0 16 0.00 0.0 0 14.6 28 150 M M 8 33 140
27 88 65 77 5 0 12 0.07 0.0 0 18.8 35 320 M M 5 18 41 310
28 84 53 69 -3 0 4 0.00 0.0 0 12.3 26 310 M M 0 33 310
29 79 51 65 -6 0 0 0.00 0.0 0 11.3 25 310 M M 0 32 330
30 82 47 65 -6 0 0 0.00 0.0 0 5.2 14 110 M M 0 16 110
31 84 54 69 -2 0 4 0.00 0.0 0 8.6 20 100 M M 2 23 100
================================================================================
SM 2665 2087 0 366 6.52 0.0 288.9 M 152
================================================================================
AV 86.0 67.3 9.3 FASTST M M 5 MAX(MPH)
MISC ----> # 35 350 45 350
================================================================================
NOTES:
# LAST OF SEVERAL OCCURRENCES
COLUMN 17 PEAK WIND IN M.P.H.
PRELIMINARY LOCAL CLIMATOLOGICAL DATA (WS FORM: F-6) , PAGE 2
STATION: CORPUS CHRISTI
MONTH: OCTOBER
YEAR: 2021
LATITUDE: 27 46 N
LONGITUDE: 97 30 W
[TEMPERATURE DATA] [PRECIPITATION DATA] SYMBOLS USED IN COLUMN 16
AVERAGE MONTHLY: 76.6 TOTAL FOR MONTH: 6.52 1 = FOG OR MIST
DPTR FM NORMAL: 1.5 DPTR FM NORMAL: 3.39 2 = FOG REDUCING VISIBILITY
HIGHEST: 91 ON 15, 4 GRTST 24HR 6.55 ON 30- 1 TO 1/4 MILE OR LESS
LOWEST: 47 ON 30 3 = THUNDER
SNOW, ICE PELLETS, HAIL 4 = ICE PELLETS
TOTAL MONTH: 0.0 INCH 5 = HAIL
GRTST 24HR 0.0 6 = FREEZING RAIN OR DRIZZLE
GRTST DEPTH: 0 7 = DUSTSTORM OR SANDSTORM:
VSBY 1/2 MILE OR LESS
8 = SMOKE OR HAZE
[NO. OF DAYS WITH] [WEATHER - DAYS WITH] 9 = BLOWING SNOW
X = TORNADO
MAX 32 OR BELOW: 0 0.01 INCH OR MORE: 5
MAX 90 OR ABOVE: 4 0.10 INCH OR MORE: 2
MIN 32 OR BELOW: 0 0.50 INCH OR MORE: 2
MIN 0 OR BELOW: 0 1.00 INCH OR MORE: 2
[HDD (BASE 65) ]
TOTAL THIS MO. 0 CLEAR (SCALE 0-3) 10
DPTR FM NORMAL -12 PTCLDY (SCALE 4-7) 18
TOTAL FM JUL 1 0 CLOUDY (SCALE 8-10) 3
DPTR FM NORMAL -8
[CDD (BASE 65) ]
TOTAL THIS MO. 366
DPTR FM NORMAL 39 [PRESSURE DATA]
TOTAL FM JAN 1 3543 HIGHEST SLP 30.30 ON 17
DPTR FM NORMAL -12 LOWEST SLP 29.57 ON 27
[REMARKS]
#FINAL-10-21#