000
CXUS54 KCRP 011602
CF6CRP
PRELIMINARY LOCAL CLIMATOLOGICAL DATA (WS FORM: F-6)
STATION: CORPUS CHRISTI
MONTH: APRIL
YEAR: 2021
LATITUDE: 27 46 N
LONGITUDE: 97 30 W
TEMPERATURE IN F: :PCPN: SNOW: WIND :SUNSHINE: SKY :PK WND
================================================================================
1 2 3 4 5 6A 6B 7 8 9 10 11 12 13 14 15 16 17 18
12Z AVG MX 2MIN
DY MAX MIN AVG DEP HDD CDD WTR SNW DPTH SPD SPD DIR MIN PSBL S-S WX SPD DR
================================================================================
1 69 58 64 -5 1 0 0.00 0.0 0 16.4 30 30 M M 9 35 30
2 71 57 64 -6 1 0 0.00 0.0 0 11.7 23 110 M M 7 31 90
3 74 57 66 -4 0 1 T 0.0 0 12.3 25 130 M M 6 30 130
4 78 61 70 0 0 5 0.01 0.0 0 9.8 21 120 M M 8 27 90
5 79 60 70 0 0 5 T 0.0 0 12.5 25 140 M M 8 1 35 130
6 81 69 75 5 0 10 T 0.0 0 20.6 33 150 M M 9 42 150
7 82 68 75 4 0 10 T 0.0 0 13.5 26 160 M M 9 1 35 170
8 88 64 76 5 0 11 T 0.0 0 10.4 25 150 M M 6 128 31 150
9 86 72 79 8 0 14 0.00 0.0 0 16.0 29 160 M M 7 18 39 160
10 87 67 77 6 0 12 T 0.0 0 10.9 24 10 M M 6 128 28 360
11 82 58 70 -1 0 5 0.00 0.0 0 9.8 17 100 M M 5 22 100
12 83 65 74 2 0 9 T 0.0 0 11.9 21 110 M M 9 18 25 100
13 85 73 79 7 0 14 T 0.0 0 8.7 15 100 M M 9 1 17 100
14 87 73 80 8 0 15 T 0.0 0 7.1 15 120 M M 9 1 19 140
15 75 70 73 1 0 8 0.04 0.0 0 12.6 22 80 M M 10 1 28 80
16 81 68 75 3 0 10 0.01 0.0 0 9.5 26 30 M M 10 18 32 30
17 68 57 63 -10 2 0 0.46 0.0 0 17.0 30 30 M M 10 13 37 20
18 64 53 59 -14 6 0 0.01 0.0 0 10.1 22 360 M M 9 3 26 10
19 70 54 62 -11 3 0 0.00 0.0 0 7.7 14 80 M M 9 17 80
20 81 51 66 -7 0 1 0.00 0.0 0 5.8 17 90 M M 2 21 100
21 71 53 62 -12 3 0 0.00 0.0 0 14.4 24 20 M M 6 29 20
22 73 61 67 -7 0 2 T 0.0 0 13.6 23 110 M M 10 29 110
23 81 72 77 3 0 12 T 0.0 0 15.0 30 150 M M 10 1 39 150
24 95 70 83 9 0 18 0.00 0.0 0 11.3 23 350 M M 4 128 29 10
25 83 60 72 -2 0 7 0.00 0.0 0 11.7 20 120 M M 3 25 120
26 82 67 75 1 0 10 0.00 0.0 0 13.5 22 140 M M 8 27 150
27 81 74 78 3 0 13 0.01 0.0 0 13.6 24 130 M M 10 1 34 150
28 86 75 81 6 0 16 0.00 0.0 0 18.7 29 150 M M 9 39 150
29 85 73 79 4 0 14 0.04 0.0 0 10.1 22 160 M M 9 1 32 160
30 79 69 74 -1 0 9 1.03 0.0 0 10.1 23 110 M M 10 13 30 200
================================================================================
SM 2387 1929 16 231 1.61 0.0 366.3 M 236
================================================================================
AV 79.6 64.3 12.2 FASTST M M 8 MAX(MPH)
MISC ----> 33 150 42 150
================================================================================
NOTES:
# LAST OF SEVERAL OCCURRENCES
COLUMN 17 PEAK WIND IN M.P.H.
PRELIMINARY LOCAL CLIMATOLOGICAL DATA (WS FORM: F-6) , PAGE 2
STATION: CORPUS CHRISTI
MONTH: APRIL
YEAR: 2021
LATITUDE: 27 46 N
LONGITUDE: 97 30 W
[TEMPERATURE DATA] [PRECIPITATION DATA] SYMBOLS USED IN COLUMN 16
AVERAGE MONTHLY: 71.9 TOTAL FOR MONTH: 1.61 1 = FOG OR MIST
DPTR FM NORMAL: -0.5 DPTR FM NORMAL: -0.23 2 = FOG REDUCING VISIBILITY
HIGHEST: 95 ON 24 GRTST 24HR 1.03 ON 30-30 TO 1/4 MILE OR LESS
LOWEST: 51 ON 20 3 = THUNDER
SNOW, ICE PELLETS, HAIL 4 = ICE PELLETS
TOTAL MONTH: 0.0 INCH 5 = HAIL
GRTST 24HR 0.0 6 = FREEZING RAIN OR DRIZZLE
GRTST DEPTH: 0 7 = DUSTSTORM OR SANDSTORM:
VSBY 1/2 MILE OR LESS
8 = SMOKE OR HAZE
[NO. OF DAYS WITH] [WEATHER - DAYS WITH] 9 = BLOWING SNOW
X = TORNADO
MAX 32 OR BELOW: 0 0.01 INCH OR MORE: 8
MAX 90 OR ABOVE: 1 0.10 INCH OR MORE: 2
MIN 32 OR BELOW: 0 0.50 INCH OR MORE: 1
MIN 0 OR BELOW: 0 1.00 INCH OR MORE: 1
[HDD (BASE 65) ]
TOTAL THIS MO. 16 CLEAR (SCALE 0-3) 2
DPTR FM NORMAL -1 PTCLDY (SCALE 4-7) 10
TOTAL FM JUL 1 904 CLOUDY (SCALE 8-10) 18
DPTR FM NORMAL 8
[CDD (BASE 65) ]
TOTAL THIS MO. 231
DPTR FM NORMAL -6 [PRESSURE DATA]
TOTAL FM JAN 1 498 HIGHEST SLP 30.51 ON 1
DPTR FM NORMAL 70 LOWEST SLP 29.55 ON 9
[REMARKS]
#FINAL-04-21#