000
CXUS56 KSGX 011245
CF6CRQ
PRELIMINARY LOCAL CLIMATOLOGICAL DATA (WS FORM: F-6)
STATION: CARLSBAD PALOMAR AIRPORT CA
MONTH: AUGUST
YEAR: 2020
LATITUDE: 33 7 N
LONGITUDE: 117 17 W
TEMPERATURE IN F: :PCPN: SNOW: WIND :SUNSHINE: SKY :PK WND
================================================================================
1 2 3 4 5 6A 6B 7 8 9 10 11 12 13 14 15 16 17 18
12Z AVG MX 2MIN
DY MAX MIN AVG DEP HDD CDD WTR SNW DPTH SPD SPD DIR MIN PSBL S-S WX SPD DR
================================================================================
1 76 65 71 2 0 6 0.00 0.0 0 4.8 13 230 M M 0 12 16 200
2 75 62 69 0 0 4 0.00 0.0 0 4.1 12 220 M M 7 12 15 250
3 73 64 69 0 0 4 0.00 0.0 0 5.4 13 240 M M 5 18 16 230
4 73 65 69 -1 0 4 0.00 0.0 0 5.6 13 240 M M 7 8 17 230
5 71 65 68 -2 0 3 0.00 0.0 0 7.0 13 260 M M 7 18 220
6 72 63 68 -2 0 3 0.00 0.0 0 5.9 13 240 M M 4 18 260
7 72 61 67 -3 0 2 0.00 0.0 0 3.5 13 250 M M 3 17 260
8 75 65 70 0 0 5 0.00 0.0 0 3.2 12 250 M M 5 17 250
9 73 64 69 -1 0 4 0.00 0.0 0 3.5 12 250 M M 6 16 240
10 73 64 69 -1 0 4 0.00 0.0 0 4.1 13 260 M M 6 16 260
11 73 63 68 -2 0 3 0.00 0.0 0 3.9 12 260 M M 4 18 16 280
12 75 60 68 -2 0 3 0.00 0.0 0 3.8 10 250 M M 2 12 15 250
13 86 68 77 7 0 12 0.00 0.0 0 2.7 12 260 M M 0 16 280
14 85 68 77 7 0 12 0.00 0.0 0 3.2 10 260 M M 0 15 260
15 83 70 77 7 0 12 0.00 0.0 0 3.6 12 230 M M 0 15 240
16 83 71 77 7 0 12 0.00 0.0 0 4.5 16 220 M M 0 20 180
17 81 69 75 5 0 10 0.00 0.0 0 4.1 10 240 M M 3 18 14 260
18 86 71 79 9 0 14 0.00 0.0 0 4.3 15 220 M M 0 22 200
19 82 72 77 7 0 12 0.00 0.0 0 4.1 10 230 M M 1 18 13 250
20 84 71 78 8 0 13 0.00 0.0 0 4.5 17 220 M M 4 18 21 220
21 90 71 81 11 0 16 0.00 0.0 0 4.6 15 180 M M 0 21 190
22 88 75 82 12 0 17 0.00 0.0 0 5.8 15 220 M M 0 19 200
23 83 73 78 8 0 13 0.00 0.0 0 4.4 14 250 M M 2 17 260
24 81 72 77 7 0 12 0.00 0.0 0 4.5 12 260 M M 9 19 260
25 78 71 75 5 0 10 0.00 0.0 0 4.4 12 250 M M 6 18 17 260
26 77 68 73 3 0 8 0.00 0.0 0 3.6 12 250 M M 5 12 17 240
27 80 67 74 4 0 9 0.00 0.0 0 3.4 12 260 M M 4 18 15 260
28 75 68 72 2 0 7 0.00 0.0 0 3.4 12 260 M M 4 18 16 260
29 74 66 70 0 0 5 0.00 0.0 0 4.1 12 260 M M 6 18 260
30 75 66 71 1 0 6 0.00 0.0 0 4.0 13 240 M M 5 19 240
31 74 66 70 0 0 5 0.00 0.0 0 5.0 13 250 M M 7 19 270
================================================================================
SM 2426 2084 0 250 0.00 0.0 133.0 M 112
================================================================================
AV 78.3 67.2 4.3 FASTST M M 4 MAX(MPH)
MISC ----> # 17 220 # 22 200
================================================================================
NOTES:
# LAST OF SEVERAL OCCURRENCES
COLUMN 17 PEAK WIND IN M.P.H.
PRELIMINARY LOCAL CLIMATOLOGICAL DATA (WS FORM: F-6) , PAGE 2
STATION: CARLSBAD PALOMAR AIRPORT CA
MONTH: AUGUST
YEAR: 2020
LATITUDE: 33 7 N
LONGITUDE: 117 17 W
[TEMPERATURE DATA] [PRECIPITATION DATA] SYMBOLS USED IN COLUMN 16
AVERAGE MONTHLY: 72.7 TOTAL FOR MONTH: 0.00 1 = FOG OR MIST
DPTR FM NORMAL: 2.8 DPTR FM NORMAL: -0.09 2 = FOG REDUCING VISIBILITY
HIGHEST: 90 ON 21 GRTST 24HR 0.00 ON 31-31 TO 1/4 MILE OR LESS
LOWEST: 60 ON 12 3 = THUNDER
SNOW, ICE PELLETS, HAIL 4 = ICE PELLETS
TOTAL MONTH: 0.0 INCH 5 = HAIL
GRTST 24HR 0.0 6 = FREEZING RAIN OR DRIZZLE
GRTST DEPTH: 0 7 = DUSTSTORM OR SANDSTORM:
VSBY 1/2 MILE OR LESS
8 = SMOKE OR HAZE
[NO. OF DAYS WITH] [WEATHER - DAYS WITH] 9 = BLOWING SNOW
X = TORNADO
MAX 32 OR BELOW: 0 0.01 INCH OR MORE: 0
MAX 90 OR ABOVE: 1 0.10 INCH OR MORE: 0
MIN 32 OR BELOW: 0 0.50 INCH OR MORE: 0
MIN 0 OR BELOW: 0 1.00 INCH OR MORE: 0
[HDD (BASE 65) ]
TOTAL THIS MO. 0 CLEAR (SCALE 0-3) 13
DPTR FM NORMAL 0 PTCLDY (SCALE 4-7) 17
TOTAL FM JUL 1 0 CLOUDY (SCALE 8-10) 1
DPTR FM NORMAL -3
[CDD (BASE 65) ]
TOTAL THIS MO. 250
DPTR FM NORMAL 99 [PRESSURE DATA]
TOTAL FM JAN 1 514 HIGHEST SLP M ON M
DPTR FM NORMAL 208 LOWEST SLP 29.65 ON M
[REMARKS]
#FINAL-08-20#