000
CXUS51 KRLX 011233
CF6CRW
PRELIMINARY LOCAL CLIMATOLOGICAL DATA (WS FORM: F-6)
STATION: CHARLESTON WV
MONTH: DECEMBER
YEAR: 2020
LATITUDE: 38 22 N
LONGITUDE: 81 36 W
TEMPERATURE IN F: :PCPN: SNOW: WIND :SUNSHINE: SKY :PK WND
================================================================================
1 2 3 4 5 6A 6B 7 8 9 10 11 12 13 14 15 16 17 18
12Z AVG MX 2MIN
DY MAX MIN AVG DEP HDD CDD WTR SNW DPTH SPD SPD DIR MIN PSBL S-S WX SPD DR
================================================================================
1 32 30 31 -11 34 0 0.17 2.9 3 11.1 21 240 M M 10 1 28 240
2 37 27 32 -9 33 0 T T 1 7.3 17 240 M M 6 23 230
3 47 23 35 -6 30 0 0.00 0.0 T 0.7 7 150 M M 6 8 150
4 46 35 41 1 24 0 0.52 0.0 0 2.9 15 220 M M 10 1 19 240
5 43 38 41 1 24 0 T 0.0 0 5.5 16 320 M M 9 8 23 310
6 43 31 37 -3 28 0 0.00 0.0 0 1.6 7 30 M M 8 10 360
7 34 30 32 -8 33 0 0.02 0.3 T 5.0 9 300 M M 10 1 M M
8 34 28 31 -8 34 0 T T 0 5.3 14 330 M M 8 19 310
9 52 29 41 2 24 0 0.00 0.0 0 6.4 17 240 M M 4 23 230
10 56 28 42 3 23 0 0.00 0.0 0 0.5 6 60 M M 2 1 7 70
11 66 31 49 11 16 0 0.00 0.0 0 2.2 12 220 M M 2 1 15 230
12 65 42 54 16 11 0 0.06 0.0 0 5.9 23 200 M M 6 1 30 190
13 57 40 49 11 16 0 0.01 0.0 0 4.8 14 270 M M 8 1 22 270
14 41 31 36 -2 29 0 1.30 0.0 0 4.8 17 310 M M 9 1 22 310
15 39 26 33 -4 32 0 0.00 0.0 0 4.2 12 70 M M 7 1 14 60
16 38 30 34 -3 31 0 0.45 0.0 0 4.3 13 140 M M 9 1 20 140
17 37 31 34 -3 31 0 0.03 0.1 0 5.6 12 310 M M 10 1 17 300
18 36 28 32 -5 33 0 0.01 0.1 T 3.7 10 310 M M 9 1 16 290
19 44 25 35 -1 30 0 0.00 0.0 0 1.0 8 150 M M 6 1 10 140
20 44 36 40 4 25 0 0.07 0.0 0 2.9 12 240 M M 10 1 15 230
21 49 31 40 4 25 0 0.05 0.0 0 6.6 21 260 M M 8 1 32 250
22 47 28 38 2 27 0 T 0.0 0 7.1 23 260 M M 6 35 270
23 60 25 43 7 22 0 0.00 0.0 0 5.2 16 180 M M 5 1 22 170
24 55 25 40 4 25 0 0.81 2.8 0 4.7 22 270 M M 10 1 31 290
25 25 15 20 -15 45 0 0.10 2.6 4 9.6 20 210 M M 10 1 27 280
26 32 14 23 -12 42 0 T T 3 7.4 16 230 M M 5 22 230
27 49 16 33 -2 32 0 0.00 0.0 2 2.7 13 160 M M 3 16 160
28 52 34 43 8 22 0 0.00 0.0 T 8.6 20 210 M M 10 27 200
29 39 31 35 0 30 0 0.00 0.0 0 4.6 10 80 M M 5 13 320
30 61 28 45 10 20 0 0.00 0.0 0 8.6 24 190 M M 7 30 190
31 59 34 47 12 18 0 0.63 0.0 0 5.1 20 330 M M 10 1 27 320
================================================================================
SM 1419 900 849 0 4.23 8.8 155.9 M 228
================================================================================
AV 45.8 29.0 5.0 FASTST M M 7 MAX(MPH)
MISC ----> 24 190 35 270
================================================================================
NOTES:
# LAST OF SEVERAL OCCURRENCES
COLUMN 17 PEAK WIND IN M.P.H.
PRELIMINARY LOCAL CLIMATOLOGICAL DATA (WS FORM: F-6) , PAGE 2
STATION: CHARLESTON WV
MONTH: DECEMBER
YEAR: 2020
LATITUDE: 38 22 N
LONGITUDE: 81 36 W
[TEMPERATURE DATA] [PRECIPITATION DATA] SYMBOLS USED IN COLUMN 16
AVERAGE MONTHLY: 37.4 TOTAL FOR MONTH: 4.23 1 = FOG OR MIST
DPTR FM NORMAL: 0.0 DPTR FM NORMAL: 0.96 2 = FOG REDUCING VISIBILITY
HIGHEST: 66 ON 11 GRTST 24HR 1.30 ON 14-14 TO 1/4 MILE OR LESS
LOWEST: 14 ON 26 3 = THUNDER
SNOW, ICE PELLETS, HAIL 4 = ICE PELLETS
TOTAL MONTH: 9.2 INCHES 5 = HAIL
GRTST 24HR 2.9 ON 1- 1 6 = FREEZING RAIN OR DRIZZLE
GRTST DEPTH: 4 ON 25 7 = DUSTSTORM OR SANDSTORM:
VSBY 1/2 MILE OR LESS
8 = SMOKE OR HAZE
[NO. OF DAYS WITH] [WEATHER - DAYS WITH] 9 = BLOWING SNOW
X = TORNADO
MAX 32 OR BELOW: 3 0.01 INCH OR MORE: 14
MAX 90 OR ABOVE: 0 0.10 INCH OR MORE: 7
MIN 32 OR BELOW: 24 0.50 INCH OR MORE: 4
MIN 0 OR BELOW: 0 1.00 INCH OR MORE: 1
[HDD (BASE 65) ]
TOTAL THIS MO. 849 CLEAR (SCALE 0-3) 3
DPTR FM NORMAL -7 PTCLDY (SCALE 4-7) 14
TOTAL FM JUL 1 1560 CLOUDY (SCALE 8-10) 14
DPTR FM NORMAL -180
[CDD (BASE 65) ]
TOTAL THIS MO. 0
DPTR FM NORMAL -1 [PRESSURE DATA]
TOTAL FM JAN 1 1313 HIGHEST SLP 30.60 ON 29
DPTR FM NORMAL 216 LOWEST SLP 29.50 ON 24
[REMARKS]
#FINAL-12-20#