000
CXUS52 KFFC 011010
CF6CSG
PRELIMINARY LOCAL CLIMATOLOGICAL DATA (WS FORM: F-6)
STATION: COLUMBUS
MONTH: OCTOBER
YEAR: 2022
LATITUDE: 32 31 N
LONGITUDE: 84 56 W
TEMPERATURE IN F: :PCPN: SNOW: WIND :SUNSHINE: SKY :PK WND
================================================================================
1 2 3 4 5 6A 6B 7 8 9 10 11 12 13 14 15 16 17 18
12Z AVG MX 2MIN
DY MAX MIN AVG DEP HDD CDD WTR SNW DPTH SPD SPD DIR MIN PSBL S-S WX SPD DR
================================================================================
1 85 56 71 -2 0 6 0.00 0.0 M 8.0 20 340 M M 0 28 290
2 81 58 70 -3 0 5 0.00 0.0 M 9.1 17 320 M M 0 29 340
3 79 60 70 -2 0 5 0.00 0.0 M 5.9 15 80 M M 0 21 90
4 80 53 67 -5 0 2 0.00 0.0 M 2.5 13 340 M M 2 17 340
5 83 52 68 -4 0 3 0.00 0.0 M 3.7 15 320 M M 0 21 330
6 84 48 66 -5 0 1 0.00 0.0 M 2.6 13 350 M M 0 20 330
7 88 51 70 -1 0 5 0.00 0.0 M 3.5 15 300 M M 0 22 300
8 82 59 71 0 0 6 0.00 0.0 M 7.3 17 320 M M 0 23 360
9 77 49 63 -7 2 0 0.00 0.0 M 6.0 16 320 M M 0 22 320
10 80 48 64 -6 1 0 0.00 0.0 M 4.8 10 90 M M 0 14 90
11 83 59 71 1 0 6 0.00 0.0 M 5.6 15 130 M M 3 20 130
12 73 62 68 -1 0 3 1.14 0.0 M 6.0 22 340 M M 7 13 31 360
13 79 62 71 2 0 6 0.29 0.0 M 6.4 24 330 M M 4 13 32 340
14 78 49 64 -4 1 0 0.00 0.0 M 2.2 10 270 M M 0 14 290
15 82 48 65 -3 0 0 0.00 0.0 M 1.3 8 240 M M 0 11 290
16 83 50 67 -1 0 2 0.00 0.0 M 2.3 10 270 M M 0 15 270
17 80 56 68 1 0 3 0.00 0.0 M 7.1 18 350 M M 2 26 360
18 59 44 52 -15 13 0 T M M 10.2 20 350 M M 0 28 310
19 63 39 51 -15 14 0 0.00 0.0 M 5.3 15 340 M M 0 20 320
20 67 33 50 -16 15 0 0.00 0.0 M 2.6 13 300 M M 0 8 21 310
21 72 37 55 -11 10 0 0.00 0.0 M 1.0 8 210 M M 0 13 280
22 76 41 59 -6 6 0 0.00 0.0 M 1.5 10 130 M M 0 15 190
23 77 43 60 -5 5 0 0.00 0.0 M 1.0 9 120 M M 0 17 90
24 79 47 63 -1 2 0 0.00 0.0 M 2.8 12 210 M M 0 18 110
25 83 53 68 4 0 3 0.27 0.0 M 7.2 22 200 M M 4 1 31 210
26 72 53 63 -1 2 0 0.00 0.0 M 7.5 21 310 M M 1 26 300
27 76 48 62 -1 3 0 0.00 0.0 M 6.4 17 80 M M 0 26 80
28 75 57 66 3 0 1 0.00 0.0 M 10.4 16 110 M M 1 26 100
29 73 56 65 2 0 0 0.00 0.0 M 10.0 17 100 M M 3 25 130
30 67 59 63 1 2 0 0.05 0.0 M 9.1 17 90 M M 10 1 23 110
31 76 57 67 5 0 2 0.10 0.0 M 5.5 14 290 M M 6 1 18 310
================================================================================
SM 2392 1587 76 59 1.85 0.0 164.8 M 43
================================================================================
AV 77.2 51.2 5.3 FASTST M M 1 MAX(MPH)
MISC ----> 24 330 32 340
================================================================================
NOTES:
# LAST OF SEVERAL OCCURRENCES
COLUMN 17 PEAK WIND IN M.P.H.
PRELIMINARY LOCAL CLIMATOLOGICAL DATA (WS FORM: F-6) , PAGE 2
STATION: COLUMBUS
MONTH: OCTOBER
YEAR: 2022
LATITUDE: 32 31 N
LONGITUDE: 84 56 W
[TEMPERATURE DATA] [PRECIPITATION DATA] SYMBOLS USED IN COLUMN 16
AVERAGE MONTHLY: 64.2 TOTAL FOR MONTH: 1.85 1 = FOG OR MIST
DPTR FM NORMAL: -3.4 DPTR FM NORMAL: -0.93 2 = FOG REDUCING VISIBILITY
HIGHEST: 88 ON 7 GRTST 24HR 1.43 ON 12-13 TO 1/4 MILE OR LESS
LOWEST: 33 ON 20 3 = THUNDER
SNOW, ICE PELLETS, HAIL 4 = ICE PELLETS
TOTAL MONTH: 0.0 INCH 5 = HAIL
GRTST 24HR 0.0 6 = FREEZING RAIN OR DRIZZLE
GRTST DEPTH: M ON M 7 = DUSTSTORM OR SANDSTORM:
VSBY 1/2 MILE OR LESS
8 = SMOKE OR HAZE
[NO. OF DAYS WITH] [WEATHER - DAYS WITH] 9 = BLOWING SNOW
X = TORNADO
MAX 32 OR BELOW: 0 0.01 INCH OR MORE: 5
MAX 90 OR ABOVE: 0 0.10 INCH OR MORE: 4
MIN 32 OR BELOW: 0 0.50 INCH OR MORE: 1
MIN 0 OR BELOW: 0 1.00 INCH OR MORE: 1
[HDD (BASE 65) ]
TOTAL THIS MO. 76 CLEAR (SCALE 0-3) 25
DPTR FM NORMAL 17 PTCLDY (SCALE 4-7) 5
TOTAL FM JUL 1 76 CLOUDY (SCALE 8-10) 1
DPTR FM NORMAL 17
[CDD (BASE 65) ]
TOTAL THIS MO. 59
DPTR FM NORMAL -79 [PRESSURE DATA]
TOTAL FM JAN 1 2451 HIGHEST SLP 30.27 ON 29
DPTR FM NORMAL -54 LOWEST SLP 29.77 ON 17
[REMARKS]
#FINAL-10-22#