000
CXUS52 KFFC 011010
CF6CSG
PRELIMINARY LOCAL CLIMATOLOGICAL DATA (WS FORM: F-6)
STATION: COLUMBUS
MONTH: APRIL
YEAR: 2021
LATITUDE: 32 31 N
LONGITUDE: 84 56 W
TEMPERATURE IN F: :PCPN: SNOW: WIND :SUNSHINE: SKY :PK WND
================================================================================
1 2 3 4 5 6A 6B 7 8 9 10 11 12 13 14 15 16 17 18
12Z AVG MX 2MIN
DY MAX MIN AVG DEP HDD CDD WTR SNW DPTH SPD SPD DIR MIN PSBL S-S WX SPD DR
================================================================================
1 58 44 51 -10 14 0 0.00 0.0 M 12.8 24 340 M M 1 34 330
2 61 37 49 -12 16 0 0.00 0.0 M 5.9 17 30 M M 0 25 40
3 66 34 50 -12 15 0 0.00 0.0 M 1.7 9 280 M M 0 14 290
4 73 37 55 -7 10 0 0.00 0.0 M 1.5 12 320 M M 0 17 310
5 79 42 61 -1 4 0 0.00 0.0 M 1.1 10 240 M M 0 18 250
6 80 46 63 1 2 0 0.00 0.0 M 2.8 10 280 M M 0 17 250
7 80 51 66 4 0 1 0.00 0.0 M 4.1 14 210 M M 0 18 250
8 81 61 71 8 0 6 0.00 0.0 M 8.6 20 240 M M 5 27 230
9 71 60 66 3 0 1 0.18 0.0 M 4.4 17 240 M M 8 13 24 240
10 71 59 65 2 0 0 0.96 0.0 M 7.3 15 240 M M 5 13 19 250
11 79 57 68 5 0 3 0.00 0.0 M 6.4 17 320 M M 3 25 260
12 86 49 68 4 0 3 0.00 0.0 M 4.4 14 290 M M 0 21 270
13 88 52 70 6 0 5 0.00 0.0 M 2.6 12 290 M M 0 17 270
14 81 56 69 5 0 4 T 0.0 M 5.6 17 260 M M 4 23 260
15 74 60 67 3 0 2 T 0.0 M 5.8 16 310 M M 6 24 350
16 65 54 60 -5 5 0 T 0.0 M 3.3 10 30 M M 2 15 20
17 76 52 64 -1 1 0 T 0.0 M 3.8 13 280 M M 5 17 250
18 76 56 66 1 0 1 0.00 0.0 M 6.0 15 320 M M 1 20 320
19 75 54 65 0 0 0 0.00 0.0 M 6.3 20 330 M M 0 26 340
20 77 51 64 -2 1 0 0.00 0.0 M 4.1 14 250 M M 1 19 220
21 67 46 57 -9 8 0 0.00 0.0 M 9.4 23 290 M M 0 32 300
22 67 37 52 -14 13 0 0.00 0.0 M 4.1 15 90 M M 0 19 90
23 74 43 59 -7 6 0 0.00 0.0 M 5.3 13 160 M M 1 18 180
24 76 56 66 -1 0 1 1.72 0.0 M 9.4 21 210 M M 7 13 32 220
25 78 54 66 -1 0 1 0.00 0.0 M 8.5 18 360 M M 0 26 350
26 82 48 65 -2 0 0 0.00 0.0 M 4.0 12 170 M M 0 19 170
27 84 59 72 4 0 7 0.00 0.0 M 5.4 16 210 M M 2 22 210
28 85 64 75 7 0 10 0.00 0.0 M 5.5 16 230 M M 2 21 210
29 81 63 72 4 0 7 0.00 0.0 M 5.7 16 290 M M 1 1 23 300
30 80 65 73 5 0 8 T 0.0 M 7.6 16 310 M M 1 23 320
================================================================================
SM 2271 1547 95 60 2.86 0.0 163.4 M 55
================================================================================
AV 75.7 51.6 5.4 FASTST M M 2 MAX(MPH)
MISC ----> 24 340 34 330
================================================================================
NOTES:
# LAST OF SEVERAL OCCURRENCES
COLUMN 17 PEAK WIND IN M.P.H.
PRELIMINARY LOCAL CLIMATOLOGICAL DATA (WS FORM: F-6) , PAGE 2
STATION: COLUMBUS
MONTH: APRIL
YEAR: 2021
LATITUDE: 32 31 N
LONGITUDE: 84 56 W
[TEMPERATURE DATA] [PRECIPITATION DATA] SYMBOLS USED IN COLUMN 16
AVERAGE MONTHLY: 63.6 TOTAL FOR MONTH: 2.86 1 = FOG OR MIST
DPTR FM NORMAL: -1.0 DPTR FM NORMAL: -0.69 2 = FOG REDUCING VISIBILITY
HIGHEST: 88 ON 13 GRTST 24HR 1.72 ON 24-24 TO 1/4 MILE OR LESS
LOWEST: 34 ON 3 3 = THUNDER
SNOW, ICE PELLETS, HAIL 4 = ICE PELLETS
TOTAL MONTH: 0.0 INCH 5 = HAIL
GRTST 24HR 0.0 6 = FREEZING RAIN OR DRIZZLE
GRTST DEPTH: M ON M 7 = DUSTSTORM OR SANDSTORM:
VSBY 1/2 MILE OR LESS
8 = SMOKE OR HAZE
[NO. OF DAYS WITH] [WEATHER - DAYS WITH] 9 = BLOWING SNOW
X = TORNADO
MAX 32 OR BELOW: 0 0.01 INCH OR MORE: 3
MAX 90 OR ABOVE: 0 0.10 INCH OR MORE: 3
MIN 32 OR BELOW: 0 0.50 INCH OR MORE: 2
MIN 0 OR BELOW: 0 1.00 INCH OR MORE: 1
[HDD (BASE 65) ]
TOTAL THIS MO. 95 CLEAR (SCALE 0-3) 23
DPTR FM NORMAL 6 PTCLDY (SCALE 4-7) 7
TOTAL FM JUL 1 1774 CLOUDY (SCALE 8-10) 0
DPTR FM NORMAL -339
[CDD (BASE 65) ]
TOTAL THIS MO. 60
DPTR FM NORMAL -17 [PRESSURE DATA]
TOTAL FM JAN 1 103 HIGHEST SLP 30.49 ON 3
DPTR FM NORMAL -1 LOWEST SLP 29.63 ON 11
[REMARKS]
#FINAL-04-21#