000
CXUS54 KOUN 010810
CF6CSM
PRELIMINARY LOCAL CLIMATOLOGICAL DATA (WS FORM: F-6)
STATION: CLINTON
MONTH: JULY
YEAR: 2022
LATITUDE: 35 20 N
LONGITUDE: 99 12 W
TEMPERATURE IN F: :PCPN: SNOW: WIND :SUNSHINE: SKY :PK WND
================================================================================
1 2 3 4 5 6A 6B 7 8 9 10 11 12 13 14 15 16 17 18
12Z AVG MX 2MIN
DY MAX MIN AVG DEP HDD CDD WTR SNW DPTH SPD SPD DIR MIN PSBL S-S WX SPD DR
================================================================================
1 101 74 88 7 0 23 0.00 0.0 0 14.8 23 160 M M 0 30 190
2 100 72 86 5 0 21 0.00 0.0 0 11.4 20 160 M M 1 25 160
3 100 75 88 7 0 23 0.00 0.0 0 13.6 33 170 M M 1 40 170
4 99 74 87 5 0 22 T M M 16.9 28 170 M M 2 3 35 180
5 102 79 91 9 0 26 0.00 M M 19.5 26 190 M M 0 34 190
6 104 78 91 9 0 26 T M M 15.1 25 170 M M 1 3 33 180
7 104 79 92 10 0 27 0.00 M M 12.5 23 240 M M 1 38 30 240
8 102 73 88 6 0 23 0.01 M M 9.8 38 190 M M 1 3 52 200
9 101 72 87 5 0 22 0.00 M M 8.0 18 60 M M 0 23 70
10 99 69 84 2 0 19 0.00 M M 6.9 13 100 M M 0 25 120
11 103 70 87 5 0 22 0.00 M M 9.6 17 110 M M 0 21 100
12 95 73 84 1 0 19 0.00 M M 12.4 21 40 M M 0 25 40
13 98 72 85 2 0 20 0.00 M M 9.7 15 110 M M 1 8 20 80
14 104 76 90 7 0 25 0.00 M M 11.1 20 160 M M 1 29 80
15 102 73 88 5 0 23 0.00 M M 13.5 20 160 M M 0 25 190
16 103 76 90 7 0 25 0.00 M M 14.2 23 190 M M 0 33 220
17 106 75 91 8 0 26 0.00 M M 10.2 20 180 M M 0 24 180
18 102 73 88 5 0 23 0.00 M M 9.7 18 50 M M 0 25 60
19 112 76 94 11 0 29 0.00 M M 11.4 22 230 M M 0 29 200
20 101 84 93 10 0 28 T M M 12.1 23 240 M M 0 3 31 230
21 91 74 83 0 0 18 0.11 M M 10.6 22 190 M M 4 3 30 240
22 97 72 85 1 0 20 0.00 M M 13.8 24 160 M M 2 31 150
23 102 75 89 5 0 24 0.00 M M 17.2 24 170 M M 1 35 160
24 104 76 90 6 0 25 0.00 M M 16.2 25 160 M M 0 30 150
25 103 77 90 6 0 25 0.00 0.0 M 13.6 23 160 M M 1 28 160
26 103 78 91 7 0 26 0.00 0.0 M 16.5 25 210 M M 1 30 210
27 106 79 93 9 0 28 0.00 0.0 M 12.2 23 170 M M 1 32 170
28 101 79 90 6 0 25 0.00 M M 12.2 22 70 M M 2 28 30
29 91 72 82 -2 0 17 0.00 M M 14.6 23 30 M M 3 27 30
30 87 65 76 -8 0 11 0.84 M M 9.3 20 280 M M 3 3 26 280
31 100 74 87 3 0 22 T M M 12.6 23 180 M M 2 29 180
================================================================================
SM 3123 2314 0 713 0.96 0.0 391.2 M 29
================================================================================
AV100.7 74.6 12.6 FASTST M M 1 MAX(MPH)
MISC ----> 38 190 52 200
================================================================================
NOTES:
# LAST OF SEVERAL OCCURRENCES
COLUMN 17 PEAK WIND IN M.P.H.
PRELIMINARY LOCAL CLIMATOLOGICAL DATA (WS FORM: F-6) , PAGE 2
STATION: CLINTON
MONTH: JULY
YEAR: 2022
LATITUDE: 35 20 N
LONGITUDE: 99 12 W
[TEMPERATURE DATA] [PRECIPITATION DATA] SYMBOLS USED IN COLUMN 16
AVERAGE MONTHLY: 87.7 TOTAL FOR MONTH: 0.96 1 = FOG OR MIST
DPTR FM NORMAL: 5.0 DPTR FM NORMAL: -1.00 2 = FOG REDUCING VISIBILITY
HIGHEST: 112 ON 19 GRTST 24HR 0.84 ON 30-30 TO 1/4 MILE OR LESS
LOWEST: 65 ON 30 3 = THUNDER
SNOW, ICE PELLETS, HAIL 4 = ICE PELLETS
TOTAL MONTH: 0.0 INCH 5 = HAIL
GRTST 24HR 0.0 6 = FREEZING RAIN OR DRIZZLE
GRTST DEPTH: 0 7 = DUSTSTORM OR SANDSTORM:
VSBY 1/2 MILE OR LESS
8 = SMOKE OR HAZE
[NO. OF DAYS WITH] [WEATHER - DAYS WITH] 9 = BLOWING SNOW
X = TORNADO
MAX 32 OR BELOW: 0 0.01 INCH OR MORE: 3
MAX 90 OR ABOVE: 30 0.10 INCH OR MORE: 2
MIN 32 OR BELOW: 0 0.50 INCH OR MORE: 1
MIN 0 OR BELOW: 0 1.00 INCH OR MORE: 0
[HDD (BASE 65) ]
TOTAL THIS MO. 0 CLEAR (SCALE 0-3) 29
DPTR FM NORMAL 0 PTCLDY (SCALE 4-7) 2
TOTAL FM JUL 1 0 CLOUDY (SCALE 8-10) 0
DPTR FM NORMAL 0
[CDD (BASE 65) ]
TOTAL THIS MO. 713
DPTR FM NORMAL 163 [PRESSURE DATA]
TOTAL FM JAN 1 1539 HIGHEST SLP M ON M
DPTR FM NORMAL 388 LOWEST SLP 29.63 ON 19
[REMARKS]
#FINAL-07-22#