000
CXUS55 KOHX 030156
CF6CSV
PRELIMINARY LOCAL CLIMATOLOGICAL DATA (WS FORM: F-6)
STATION: CROSSVILLE
MONTH: MARCH
YEAR: 2021
LATITUDE: 35 57 N
LONGITUDE: 85 5 W
TEMPERATURE IN F: :PCPN: SNOW: WIND :SUNSHINE: SKY :PK WND
================================================================================
1 2 3 4 5 6A 6B 7 8 9 10 11 12 13 14 15 16 17 18
12Z AVG MX 2MIN
DY MAX MIN AVG DEP HDD CDD WTR SNW DPTH SPD SPD DIR MIN PSBL S-S WX SPD DR
================================================================================
1 52 34 43 0 22 0 0.69 M M 5.4 14 340 M M 5 1 20 350
2 49 30 40 -3 25 0 0.00 M M 4.3 12 50 M M 2 16 60
3 58 29 44 0 21 0 0.00 M M 3.6 12 300 M M 0 16 300
4 62 32 47 3 18 0 0.00 M M 7.3 18 350 M M 0 25 340
5 48 29 39 -5 26 0 0.00 M M 9.5 17 20 M M 0 25 30
6 49 28 39 -5 26 0 0.00 M M 7.9 17 10 M M 0 23 10
7 53 22 38 -7 27 0 0.00 M M 4.6 17 360 M M 0 26 330
8 63 24 44 -1 21 0 0.00 M M 2.6 16 270 M M 0 23 280
9 64 31 48 3 17 0 0.00 M M 4.3 12 190 M M 0 20 210
10 68 44 56 11 9 0 0.00 M M 6.7 17 140 M M 0 29 110
11 66 53 60 14 5 0 0.00 M M 6.9 20 230 M M 1 32 230
12 68 54 61 15 4 0 0.47 M M 5.2 21 270 M M 9 1 28 260
13 55 49 52 6 13 0 0.03 M M 4.7 14 20 M M 10 12 17 360
14 64 48 56 9 9 0 0.00 M M 6.2 14 90 M M 8 1 23 120
15 63 49 56 9 9 0 0.06 M M 9.8 17 160 M M 7 8 36 170
16 61 51 56 9 9 0 0.00 M M 6.0 14 170 M M 6 12 24 170
17 59 50 55 8 10 0 1.73 M M 7.4 17 170 M M 10 123 32 180
18 62 39 51 3 14 0 0.11 M M 12.5 28 270 M M 8 1 37 280
19 46 37 42 -6 23 0 0.00 M M 9.6 20 40 M M 10 1 26 20
20 61 28 45 -3 20 0 0.00 M M 4.7 14 50 M M 0 22 40
21 63 30 47 -2 18 0 0.00 M M 3.2 13 160 M M 0 18 90
22 65 39 52 3 13 0 0.00 M M 2.9 13 90 M M 1 17 100
23 65 52 59 10 6 0 T M M 7.7 17 180 M M 3 30 170
24 71 51 61 12 4 0 0.00 M M 6.2 15 200 M M 4 27 200
25 65 54 60 10 5 0 1.41 M M 8.9 25 260 M M 7 13 38 260
26 69 44 57 7 8 0 0.00 M M 6.4 22 280 M M 1 33 280
27 62 43 53 3 12 0 2.22 M M 5.8 29 270 M M 8 138 40 270
28 64 36 50 -1 15 0 1.21 M M 10.4 25 280 M M 6 13 40 290
29 60 30 45 -6 20 0 0.00 M M 3.3 12 30 M M 0 16 40
30 69 45 57 6 8 0 0.00 M M 9.6 18 170 M M 1 37 190
31 62 32 47 -4 18 0 1.70 M M 6.7 23 270 M M 8 12 34 190
================================================================================
SM 1886 1217 455 0 9.63 M 200.3 M 115
================================================================================
AV 60.8 39.3 6.5 FASTST M M 4 MAX(MPH)
MISC ----> 29 270 # 40 270
================================================================================
NOTES:
# LAST OF SEVERAL OCCURRENCES
COLUMN 17 PEAK WIND IN M.P.H.
PRELIMINARY LOCAL CLIMATOLOGICAL DATA (WS FORM: F-6) , PAGE 2
STATION: CROSSVILLE
MONTH: MARCH
YEAR: 2021
LATITUDE: 35 57 N
LONGITUDE: 85 5 W
[TEMPERATURE DATA] [PRECIPITATION DATA] SYMBOLS USED IN COLUMN 16
AVERAGE MONTHLY: 50.0 TOTAL FOR MONTH: 9.63 1 = FOG OR MIST
DPTR FM NORMAL: 2.8 DPTR FM NORMAL: 4.65 2 = FOG REDUCING VISIBILITY
HIGHEST: 71 ON 24 GRTST 24HR 3.31 ON 27-28 TO 1/4 MILE OR LESS
LOWEST: 22 ON 7 3 = THUNDER
SNOW, ICE PELLETS, HAIL 4 = ICE PELLETS
TOTAL MONTH: M 5 = HAIL
GRTST 24HR M ON M 6 = FREEZING RAIN OR DRIZZLE
GRTST DEPTH: M ON M 7 = DUSTSTORM OR SANDSTORM:
VSBY 1/2 MILE OR LESS
8 = SMOKE OR HAZE
[NO. OF DAYS WITH] [WEATHER - DAYS WITH] 9 = BLOWING SNOW
X = TORNADO
MAX 32 OR BELOW: 0 0.01 INCH OR MORE: 10
MAX 90 OR ABOVE: 0 0.10 INCH OR MORE: 8
MIN 32 OR BELOW: 12 0.50 INCH OR MORE: 6
MIN 0 OR BELOW: 0 1.00 INCH OR MORE: 5
[HDD (BASE 65) ]
TOTAL THIS MO. 455 CLEAR (SCALE 0-3) 17
DPTR FM NORMAL -101 PTCLDY (SCALE 4-7) 8
TOTAL FM JUL 1 3682 CLOUDY (SCALE 8-10) 6
DPTR FM NORMAL -170
[CDD (BASE 65) ]
TOTAL THIS MO. 0
DPTR FM NORMAL -2 [PRESSURE DATA]
TOTAL FM JAN 1 0 HIGHEST SLP 30.57 ON 8
DPTR FM NORMAL -2 LOWEST SLP 29.60 ON 18
[REMARKS]
#FINAL-03-21#