000
CXUS53 KUNR 280930
CF6CUT
PRELIMINARY LOCAL CLIMATOLOGICAL DATA (WS FORM: F-6)
STATION: CUSTER COUNTY AIRPORT SD
MONTH: MARCH
YEAR: 2024
LATITUDE: 43 43 N
LONGITUDE: 103 37 W
TEMPERATURE IN F: :PCPN: SNOW: WIND :SUNSHINE: SKY :PK WND
================================================================================
1 2 3 4 5 6A 6B 7 8 9 10 11 12 13 14 15 16 17 18
12Z AVG MX 2MIN
DY MAX MIN AVG DEP HDD CDD WTR SNW DPTH SPD SPD DIR MIN PSBL S-S WX SPD DR
================================================================================
1 57 35 46 18 19 0 0.00 M M 10.4 22 270 M M 2 34 270
2 55 26 41 12 24 0 0.00 M M 5.8 17 210 M M 4 30 210
3 42 21 32 3 33 0 T M M 14.2 33 270 M M 2 54 260
4 36 18 27 -2 38 0 0.11 M M 6.0 17 280 M M 7 12 27 250
5 38 19 29 -1 36 0 T M M 11.0 22 260 M M 2 32 250
6 39 21 30 0 35 0 0.01 M M 8.0 22 260 M M 5 1 31 280
7 23 20 22 -8 43 0 0.00 M M 5.9 10 110 M M 10 18 17 80
8 40 16 28 -3 37 0 0.00 M M 4.0 13 100 M M 2 1 17 100
9 52 21 37 6 28 0 0.00 M M 5.8 16 270 M M 0 23 270
10 56 34 45 14 20 0 0.00 M M 10.0 18 270 M M 0 25 270
11 51 33 42 10 23 0 0.00 M M 6.2 18 250 M M 2 32 260
12 55 29 42 10 23 0 0.00 M M 5.7 20 270 M M 1 25 310
13 47 31 39 7 26 0 0.00 M M 9.5 22 10 M M 7 32 30
14 46 25 36 3 29 0 0.00 M M 9.5 24 20 M M 4 38 30
15 48 20 34 1 31 0 0.00 M M 9.1 18 270 M M 1 28 260
16 48 26 37 4 28 0 0.00 M M 6.5 16 310 M M 0 28 300
17 42 22 32 -2 33 0 0.00 M M 6.7 17 360 M M 4 30 310
18 61 16 39 5 26 0 0.00 M M 7.7 22 270 M M 0 33 300
19 61 31 46 12 19 0 0.00 M M 8.3 21 270 M M 2 33 260
20 48 27 38 4 27 0 0.00 M M 4.7 16 200 M M 6 1 27 200
21 53 25 39 5 26 0 0.00 M M 4.8 13 230 M M 4 21 190
22 30 19 25 -10 40 0 0.05 M M 3.9 9 90 M M 9 12 14 170
23 38 20 29 -6 36 0 0.02 M M 5.8 15 90 M M 9 128 20 100
24 30 13 22 -13 43 0 0.07 M M 6.0 17 360 M M 10 128 29 10
25 22 11 17 -18 48 0 0.02 M M 5.7 14 350 M M 10 18 23 340
26 33 3 18 -18 47 0 0.00 M M 5.5 20 90 M M 5 25 290
27 44 16 30 -6 35 0 0.00 M M 8.5 22 280 M M 2 34 290
================================================================================
SM 1195 598 853 0 0.28 M 195.2 M 110
================================================================================
AV 44.3 22.1 7.2 FASTST M M 4 MAX(MPH)
MISC ----> 33 270 54 260
================================================================================
NOTES:
# LAST OF SEVERAL OCCURRENCES
COLUMN 17 PEAK WIND IN M.P.H.
PRELIMINARY LOCAL CLIMATOLOGICAL DATA (WS FORM: F-6) , PAGE 2
STATION: CUSTER COUNTY AIRPORT SD
MONTH: MARCH
YEAR: 2024
LATITUDE: 43 43 N
LONGITUDE: 103 37 W
[TEMPERATURE DATA] [PRECIPITATION DATA] SYMBOLS USED IN COLUMN 16
AVERAGE MONTHLY: 33.2 TOTAL FOR MONTH: 0.28 1 = FOG OR MIST
DPTR FM NORMAL: 0.8 DPTR FM NORMAL: -0.47 2 = FOG REDUCING VISIBILITY
HIGHEST: 61 ON 19,18 GRTST 24HR 0.11 ON 4- 4 TO 1/4 MILE OR LESS
LOWEST: 3 ON 26 3 = THUNDER
SNOW, ICE PELLETS, HAIL 4 = ICE PELLETS
TOTAL MONTH: M 5 = HAIL
GRTST 24HR M ON M 6 = FREEZING RAIN OR DRIZZLE
GRTST DEPTH: M ON M 7 = DUSTSTORM OR SANDSTORM:
VSBY 1/2 MILE OR LESS
8 = SMOKE OR HAZE
[NO. OF DAYS WITH] [WEATHER - DAYS WITH] 9 = BLOWING SNOW
X = TORNADO
MAX 32 OR BELOW: 4 0.01 INCH OR MORE: 6
MAX 90 OR ABOVE: 0 0.10 INCH OR MORE: 1
MIN 32 OR BELOW: 24 0.50 INCH OR MORE: 0
MIN 0 OR BELOW: 0 1.00 INCH OR MORE: 0
[HDD (BASE 65) ]
TOTAL THIS MO. 853 CLEAR (SCALE 0-3) 13
DPTR FM NORMAL -28 PTCLDY (SCALE 4-7) 9
TOTAL FM JUL 1 5971 CLOUDY (SCALE 8-10) 5
DPTR FM NORMAL -574
[CDD (BASE 65) ]
TOTAL THIS MO. 0
DPTR FM NORMAL 0 [PRESSURE DATA]
TOTAL FM JAN 1 0 HIGHEST SLP M ON M
DPTR FM NORMAL 0 LOWEST SLP 29.24 ON 3
[REMARKS]