000
CXUS54 KHGX 010719
CF6CXO
PRELIMINARY LOCAL CLIMATOLOGICAL DATA (WS FORM: F-6)
STATION: CONROE
MONTH: MARCH
YEAR: 2020
LATITUDE: 30 21 N
LONGITUDE: 95 25 W
TEMPERATURE IN F: :PCPN: SNOW: WIND :SUNSHINE: SKY :PK WND
================================================================================
1 2 3 4 5 6A 6B 7 8 9 10 11 12 13 14 15 16 17 18
12Z AVG MX 2MIN
DY MAX MIN AVG DEP HDD CDD WTR SNW DPTH SPD SPD DIR MIN PSBL S-S WX SPD DR
================================================================================
1 72 55 64 7 1 0 T 0.0 0 11.0 22 160 M M 8 27 170
2 79 65 72 15 0 7 0.00 0.0 0 8.7 17 190 M M 7 1 22 160
3 82 65 74 17 0 9 T 0.0 0 4.4 13 120 M M 6 18 17 140
4 74 54 64 7 1 0 0.63 0.0 0 8.1 25 330 M M 10 13 33 320
5 74 45 60 2 5 0 T 0.0 0 7.5 20 320 M M 4 27 320
6 72 41 57 -1 8 0 0.00 0.0 0 5.4 16 30 M M 0 22 50
7 60 36 48 -10 17 0 0.00 0.0 0 3.6 12 100 M M 0 17 100
8 74 39 57 -1 8 0 0.00 0.0 0 9.4 22 160 M M 2 1 27 160
9 71 58 65 6 0 0 0.04 0.0 0 6.7 17 170 M M 9 12 22 180
10 82 59 71 12 0 6 T 0.0 0 2.9 14 190 M M 6 12 20 180
11 82 57 70 11 0 5 0.00 0.0 0 7.1 18 190 M M 6 12 23 190
12 85 68 77 18 0 12 0.00 0.0 0 10.1 21 180 M M 7 25 170
13 82 67 75 15 0 10 0.00 0.0 0 8.9 20 160 M M 9 18 26 150
14 80 70 75 15 0 10 T 0.0 0 8.0 16 150 M M 7 21 160
15 83 65 74 14 0 9 0.00 0.0 0 3.8 14 140 M M 8 1 18 140
16 78 64 71 11 0 6 0.00 0.0 0 4.3 15 110 M M 7 1 24 130
17 84 68 76 15 0 11 T 0.0 0 7.4 21 150 M M 7 13 26 150
18 82 68 75 14 0 10 0.00 0.0 0 9.6 16 150 M M 9 22 160
19 85 71 78 17 0 13 0.00 0.0 0 12.3 22 160 M M 9 28 150
20 73 53 63 2 2 0 1.25 0.0 0 6.4 15 360 M M 10 13 22 340
21 58 50 54 -8 11 0 1.67 0.0 0 6.8 18 280 M M 10 13 22 280
22 72 56 64 2 1 0 0.09 0.0 0 3.5 10 80 M M 10 12 13 80
23 82 63 73 11 0 8 T 0.0 0 5.8 16 160 M M 8 12 19 150
24 84 67 76 14 0 11 0.00 0.0 0 6.6 22 210 M M 7 1 29 200
25 89 69 79 17 0 14 0.00 0.0 0 6.3 14 180 M M 5 1 18 160
26 88 66 77 14 0 12 0.00 0.0 0 8.9 20 160 M M 4 12 25 190
27 90 65 78 15 0 13 0.00 0.0 0 11.9 24 150 M M 4 12 31 150
28 78 52 65 2 0 0 0.02 0.0 0 6.2 21 310 M M 7 18 28 320
29 80 46 63 0 2 0 0.00 0.0 0 3.6 13 70 M M 2 1 18 90
30 79 60 70 7 0 5 0.05 0.0 0 6.0 16 160 M M 7 20 160
31 73 50 62 -2 3 0 0.00 0.0 0 7.9 21 350 M M 5 29 350
================================================================================
SM 2427 1812 59 171 3.75 0.0 219.1 M 200
================================================================================
AV 78.3 58.5 7.1 FASTST M M 6 MAX(MPH)
MISC ----> # 25 330 # 33 320
================================================================================
NOTES:
# LAST OF SEVERAL OCCURRENCES
COLUMN 17 PEAK WIND IN M.P.H.
PRELIMINARY LOCAL CLIMATOLOGICAL DATA (WS FORM: F-6) , PAGE 2
STATION: CONROE
MONTH: MARCH
YEAR: 2020
LATITUDE: 30 21 N
LONGITUDE: 95 25 W
[TEMPERATURE DATA] [PRECIPITATION DATA] SYMBOLS USED IN COLUMN 16
AVERAGE MONTHLY: 68.4 TOTAL FOR MONTH: 3.75 1 = FOG OR MIST
DPTR FM NORMAL: 8.1 DPTR FM NORMAL: 0.56 2 = FOG REDUCING VISIBILITY
HIGHEST: 90 ON 27 GRTST 24HR 1.67 ON 21-21 TO 1/4 MILE OR LESS
LOWEST: 36 ON 7 3 = THUNDER
SNOW, ICE PELLETS, HAIL 4 = ICE PELLETS
TOTAL MONTH: 0.0 INCH 5 = HAIL
GRTST 24HR 0.0 6 = FREEZING RAIN OR DRIZZLE
GRTST DEPTH: 0 7 = DUSTSTORM OR SANDSTORM:
VSBY 1/2 MILE OR LESS
8 = SMOKE OR HAZE
[NO. OF DAYS WITH] [WEATHER - DAYS WITH] 9 = BLOWING SNOW
X = TORNADO
MAX 32 OR BELOW: 0 0.01 INCH OR MORE: 7
MAX 90 OR ABOVE: 1 0.10 INCH OR MORE: 3
MIN 32 OR BELOW: 0 0.50 INCH OR MORE: 3
MIN 0 OR BELOW: 0 1.00 INCH OR MORE: 2
[HDD (BASE 65) ]
TOTAL THIS MO. 59 CLEAR (SCALE 0-3) 4
DPTR FM NORMAL -134 PTCLDY (SCALE 4-7) 17
TOTAL FM JUL 1 1444 CLOUDY (SCALE 8-10) 10
DPTR FM NORMAL -229
[CDD (BASE 65) ]
TOTAL THIS MO. 171
DPTR FM NORMAL 126 [PRESSURE DATA]
TOTAL FM JAN 1 202 HIGHEST SLP 30.52 ON 6
DPTR FM NORMAL 134 LOWEST SLP 29.68 ON 4
[REMARKS]
#FINAL-03-20#