000
CXUS54 KHGX 011510
CF6CXO
PRELIMINARY LOCAL CLIMATOLOGICAL DATA (WS FORM: F-6)
STATION: CONROE
MONTH: NOVEMBER
YEAR: 2023
LATITUDE: 30 21 N
LONGITUDE: 95 25 W
TEMPERATURE IN F: :PCPN: SNOW: WIND :SUNSHINE: SKY :PK WND
================================================================================
1 2 3 4 5 6A 6B 7 8 9 10 11 12 13 14 15 16 17 18
12Z AVG MX 2MIN
DY MAX MIN AVG DEP HDD CDD WTR SNW DPTH SPD SPD DIR MIN PSBL S-S WX SPD DR
================================================================================
1 60 34 47 -16 18 0 0.00 0.0 0 4.0 13 70 M M 0 18 80
2 65 31 48 -15 17 0 0.00 0.0 0 1.5 9 100 M M 2 13 110
3 73 39 56 -6 9 0 0.00 0.0 0 2.5 8 130 M M 1 1 12 150
4 79 49 64 2 1 0 0.00 0.0 0 2.3 12 180 M M 3 12 15 160
5 80 52 66 4 0 1 0.00 0.0 0 1.7 9 180 M M 5 12 12 190
6 81 55 68 6 0 3 0.00 0.0 0 4.2 15 210 M M 2 12 21 210
7 86 59 73 12 0 8 0.00 0.0 0 7.1 17 170 M M 1 2 28 190
8 84 64 74 13 0 9 0.00 0.0 0 6.7 16 200 M M 3 22 180
9 82 61 72 12 0 7 0.32 0.0 0 3.9 12 150 M M 5 12 17 130
10 66 53 60 0 5 0 0.14 0.0 0 7.6 16 340 M M 10 1 26 320
11 57 53 55 -5 10 0 0.00 0.0 0 4.4 9 360 M M 10 1 14 10
12 69 56 63 3 2 0 0.09 0.0 0 5.0 10 10 M M 8 1 16 350
13 61 57 59 0 6 0 0.77 0.0 0 4.8 9 10 M M 9 1 17 50
14 68 51 60 1 5 0 0.00 0.0 0 4.0 8 20 M M 9 1 14 20
15 73 47 60 1 5 0 0.00 0.0 0 4.6 14 340 M M 2 1 24 320
16 65 57 61 3 4 0 0.00 0.0 0 2.0 7 180 M M 10 1 9 70
17 75 55 65 7 0 0 0.00 0.0 0 4.8 12 350 M M 5 1 17 10
18 74 51 63 5 2 0 0.00 0.0 0 3.7 12 60 M M 5 1 18 60
19 72 48 60 2 5 0 T 0.0 0 6.0 15 150 M M 5 18 21 130
20 78 61 70 13 0 5 0.21 0.0 0 6.5 16 320 M M 6 1 26 320
21 62 42 52 -5 13 0 0.00 0.0 0 10.4 22 350 M M 5 34 320
22 59 37 48 -9 17 0 0.00 0.0 0 4.2 13 330 M M 0 19 330
23 52 36 44 -12 21 0 0.03 0.0 0 1.4 8 160 M M 5 12 11 170
24 66 40 53 -3 12 0 0.00 0.0 0 2.4 10 80 M M 0 12 18 90
25 64 39 52 -4 13 0 0.00 0.0 0 3.5 16 90 M M 4 1 23 110
26 57 37 47 -9 18 0 T 0.0 0 8.5 21 320 M M 5 28 340
27 56 37 47 -9 18 0 0.00 0.0 0 4.4 13 340 M M 1 20 20
28 62 38 50 -5 15 0 0.00 0.0 0 1.9 9 70 M M 5 13 110
29 60 35 48 -7 17 0 0.00 0.0 0 2.3 9 130 M M 3 1 15 130
30 69 56 63 8 2 0 0.58 0.0 0 7.6 22 150 M M 10 13 33 140
================================================================================
SM 2055 1430 235 33 2.14 0.0 133.9 M 139
================================================================================
AV 68.5 47.7 4.5 FASTST M M 5 MAX(MPH)
MISC ----> # 22 350 34 320
================================================================================
NOTES:
# LAST OF SEVERAL OCCURRENCES
COLUMN 17 PEAK WIND IN M.P.H.
PRELIMINARY LOCAL CLIMATOLOGICAL DATA (WS FORM: F-6) , PAGE 2
STATION: CONROE
MONTH: NOVEMBER
YEAR: 2023
LATITUDE: 30 21 N
LONGITUDE: 95 25 W
[TEMPERATURE DATA] [PRECIPITATION DATA] SYMBOLS USED IN COLUMN 16
AVERAGE MONTHLY: 58.1 TOTAL FOR MONTH: 2.14 1 = FOG OR MIST
DPTR FM NORMAL: -0.6 DPTR FM NORMAL: -2.99 2 = FOG REDUCING VISIBILITY
HIGHEST: 86 ON 7 GRTST 24HR 0.86 ON 12-13 TO 1/4 MILE OR LESS
LOWEST: 31 ON 2 3 = THUNDER
SNOW, ICE PELLETS, HAIL 4 = ICE PELLETS
TOTAL MONTH: 0.0 INCH 5 = HAIL
GRTST 24HR 0.0 6 = FREEZING RAIN OR DRIZZLE
GRTST DEPTH: 0 7 = DUSTSTORM OR SANDSTORM:
VSBY 1/2 MILE OR LESS
8 = SMOKE OR HAZE
[NO. OF DAYS WITH] [WEATHER - DAYS WITH] 9 = BLOWING SNOW
X = TORNADO
MAX 32 OR BELOW: 0 0.01 INCH OR MORE: 7
MAX 90 OR ABOVE: 0 0.10 INCH OR MORE: 5
MIN 32 OR BELOW: 1 0.50 INCH OR MORE: 2
MIN 0 OR BELOW: 0 1.00 INCH OR MORE: 0
[HDD (BASE 65) ]
TOTAL THIS MO. 235 CLEAR (SCALE 0-3) 11
DPTR FM NORMAL 4 PTCLDY (SCALE 4-7) 13
TOTAL FM JUL 1 298 CLOUDY (SCALE 8-10) 6
DPTR FM NORMAL 15
[CDD (BASE 65) ]
TOTAL THIS MO. 33
DPTR FM NORMAL -9 [PRESSURE DATA]
TOTAL FM JAN 1 3383 HIGHEST SLP 30.49 ON 1
DPTR FM NORMAL 679 LOWEST SLP 29.68 ON 20
[REMARKS]
#FINAL-11-23#