000
CXUS53 KUNR 010930
CF6D07
PRELIMINARY LOCAL CLIMATOLOGICAL DATA (WS FORM: F-6)
STATION: FAITH SD
MONTH: APRIL
YEAR: 2021
LATITUDE: 45 1 N
LONGITUDE: 102 1 W
TEMPERATURE IN F: :PCPN: SNOW: WIND :SUNSHINE: SKY :PK WND
================================================================================
1 2 3 4 5 6A 6B 7 8 9 10 11 12 13 14 15 16 17 18
12Z AVG MX 2MIN
DY MAX MIN AVG DEP HDD CDD WTR SNW DPTH SPD SPD DIR MIN PSBL S-S WX SPD DR
================================================================================
1 67 18 43 4 22 0 0.00 M M 15.6 22 190 M M M 28 170
2 77 33 55 16 10 0 0.00 M M 12.7 24 360 M M M 32 360
3 79 36 58 18 7 0 0.00 M M 9.7 24 210 M M M 33 200
4 82 41 62 22 3 0 0.00 M M 11.2 23 220 M M M 31 190
5 71 38 55 15 10 0 0.00 M M 16.3 30 20 M M M 41 360
6 47 40 44 3 21 0 0.00 M M 17.3 28 40 M M M 36 50
7 61 34 48 7 17 0 0.00 M M 13.9 26 20 M M M 33 10
8 70 28 49 7 16 0 0.00 M M 9.1 25 330 M M M 38 330
9 56 32 44 2 21 0 0.00 M M 22.5 37 320 M M M 50 330
10 65 26 46 4 19 0 0.00 M M 11.3 21 140 M M M 28 140
11 48 29 39 -4 26 0 0.00 M M 25.1 40 320 M M M 50 320
12 41 27 34 -9 31 0 0.00 M M 30.2 45 310 M M M 56 310
13 38 22 30 -14 35 0 0.00 M M 25.0 37 320 M M M 49 290
14 42 19 31 -13 34 0 0.01 M M 9.5 18 340 M M M 23 330
15 38 15 27 -18 38 0 0.08 M M 7.3 13 20 M M M 16 20
16 41 29 35 -10 30 0 0.10 M M 11.9 21 350 M M M 27 350
17 55 25 40 -6 25 0 0.00 M M 7.8 15 340 M M M 23 10
18 60 30 45 -1 20 0 0.00 M M 15.9 30 20 M M M 44 20
19 40 24 32 -14 33 0 0.00 M M 11.8 25 360 M M M 36 350
20 40 23 32 -15 33 0 0.02 M M 14.8 31 360 M M M 41 320
21 51 18 35 -12 30 0 0.00 M M 9.4 15 180 M M M 20 280
22 55 20 38 -10 27 0 0.00 M M 15.4 30 190 M M M 38 190
23 41 24 33 -15 32 0 0.03 M M 14.3 29 350 M M M 37 350
24 51 17 34 -14 31 0 0.00 M M 14.7 26 140 M M M 38 140
25 58 33 46 -3 19 0 0.03 M M 12.5 31 140 M M M 43 140
26 59 37 48 -1 17 0 0.28 M M 11.6 20 70 M M M 25 60
27 59 41 50 1 15 0 0.07 M M 8.6 13 50 M M M 17 10
28 70 41 56 6 9 0 0.00 M M 9.9 24 310 M M M 33 290
29 75 35 55 5 10 0 0.00 M M 11.9 26 310 M M M 36 300
30 85 43 64 14 1 0 0.00 M M 15.7 26 170 M M M 40 250
================================================================================
SM 1722 878 642 0 0.62 M 422.9 M M
================================================================================
AV 57.4 29.3 14.1 FASTST M M M MAX(MPH)
MISC ----> 45 310 56 310
================================================================================
NOTES:
# LAST OF SEVERAL OCCURRENCES
COLUMN 17 PEAK WIND IN M.P.H.
PRELIMINARY LOCAL CLIMATOLOGICAL DATA (WS FORM: F-6) , PAGE 2
STATION: FAITH SD
MONTH: APRIL
YEAR: 2021
LATITUDE: 45 1 N
LONGITUDE: 102 1 W
[TEMPERATURE DATA] [PRECIPITATION DATA] SYMBOLS USED IN COLUMN 16
AVERAGE MONTHLY: 43.3 TOTAL FOR MONTH: 0.62 1 = FOG OR MIST
DPTR FM NORMAL: -1.5 DPTR FM NORMAL: -1.01 2 = FOG REDUCING VISIBILITY
HIGHEST: 85 ON 30 GRTST 24HR 0.30 ON 25-26 TO 1/4 MILE OR LESS
LOWEST: 15 ON 15 3 = THUNDER
SNOW, ICE PELLETS, HAIL 4 = ICE PELLETS
TOTAL MONTH: M 5 = HAIL
GRTST 24HR M ON M 6 = FREEZING RAIN OR DRIZZLE
GRTST DEPTH: M ON M 7 = DUSTSTORM OR SANDSTORM:
VSBY 1/2 MILE OR LESS
8 = SMOKE OR HAZE
[NO. OF DAYS WITH] [WEATHER - DAYS WITH] 9 = BLOWING SNOW
X = TORNADO
MAX 32 OR BELOW: 0 0.01 INCH OR MORE: 8
MAX 90 OR ABOVE: 0 0.10 INCH OR MORE: 2
MIN 32 OR BELOW: 18 0.50 INCH OR MORE: 0
MIN 0 OR BELOW: 0 1.00 INCH OR MORE: 0
[HDD (BASE 65) ]
TOTAL THIS MO. 642 CLEAR (SCALE 0-3) 0
DPTR FM NORMAL 34 PTCLDY (SCALE 4-7) 0
TOTAL FM JUL 1 6808 CLOUDY (SCALE 8-10) 30
DPTR FM NORMAL -493
[CDD (BASE 65) ]
TOTAL THIS MO. 0
DPTR FM NORMAL -1 [PRESSURE DATA]
TOTAL FM JAN 1 0 HIGHEST SLP 30.45 ON 14
DPTR FM NORMAL -1 LOWEST SLP 29.55 ON 10
[REMARKS]
#FINAL-04-21#