000
CXUS52 KMLB 010727
CF6DAB
PRELIMINARY LOCAL CLIMATOLOGICAL DATA (WS FORM: F-6)
STATION: DAYTONA BEACH
MONTH: FEBRUARY
YEAR: 2024
LATITUDE: 29 10 N
LONGITUDE: 81 3 W
TEMPERATURE IN F: :PCPN: SNOW: WIND :SUNSHINE: SKY :PK WND
================================================================================
1 2 3 4 5 6A 6B 7 8 9 10 11 12 13 14 15 16 17 18
12Z AVG MX 2MIN
DY MAX MIN AVG DEP HDD CDD WTR SNW DPTH SPD SPD DIR MIN PSBL S-S WX SPD DR
================================================================================
1 64 43 54 -6 11 0 0.00 0.0 0 6.0 14 20 M M 5 1 19 10
2 71 49 60 0 5 0 0.00 0.0 0 4.9 16 280 M M 4 18 21 240
3 72 43 58 -2 7 0 0.00 0.0 0 4.6 13 40 M M 2 16 20
4 73 56 65 5 0 0 0.05 0.0 0 6.9 20 160 M M 7 13 30 160
5 69 48 59 -1 6 0 0.00 0.0 0 8.0 23 350 M M 7 1 33 360
6 60 51 56 -4 9 0 T 0.0 0 17.2 30 360 M M 6 44 10
7 62 48 55 -5 10 0 0.00 0.0 0 12.0 22 10 M M 2 29 10
8 71 48 60 -1 5 0 0.00 0.0 0 5.7 16 30 M M 6 1 19 10
9 74 53 64 3 1 0 0.00 0.0 0 3.0 12 220 M M 6 1 19 210
10 77 54 66 5 0 1 0.00 0.0 0 4.6 15 200 M M 5 1 22 200
11 84 65 75 14 0 10 0.00 0.0 0 7.1 17 240 M M 6 26 200
12 83 67 75 14 0 10 0.02 0.0 0 11.2 23 220 M M 7 1 34 210
13 70 53 62 1 3 0 0.00 0.0 0 10.2 22 260 M M 7 31 260
14 66 47 57 -4 8 0 0.00 0.0 0 7.0 15 30 M M 2 20 20
15 73 50 62 0 3 0 0.00 0.0 0 2.8 13 80 M M 7 18 80
16 78 54 66 4 0 1 T 0.0 0 4.1 16 270 M M 7 1 22 280
17 64 58 61 -1 4 0 0.66 0.0 0 4.4 12 30 M M 9 18 14 40
18 58 55 57 -5 8 0 1.35 0.0 0 10.1 21 10 M M 10 1 30 10
19 62 46 54 -8 11 0 0.26 0.0 0 9.5 18 10 M M 5 1 27 20
20 65 41 53 -9 12 0 0.00 0.0 0 7.0 16 20 M M 0 22 10
21 64 46 55 -7 10 0 0.00 0.0 0 9.7 21 20 M M 0 29 20
22 72 44 58 -4 7 0 0.00 0.0 0 3.2 12 80 M M 1 17 110
23 77 46 62 0 3 0 0.15 0.0 0 11.1 25 240 M M 5 1 36 250
24 71 52 62 -1 3 0 0.00 0.0 0 9.3 20 270 M M 1 1 26 270
25 68 47 58 -5 7 0 0.00 0.0 0 5.1 14 40 M M 0 17 30
26 73 45 59 -4 6 0 0.00 0.0 0 3.3 14 70 M M 1 1 19 100
27 78 51 65 2 0 0 0.00 0.0 0 5.2 14 210 M M 2 1 20 220
28 84 57 71 8 0 6 0.00 0.0 0 7.9 18 220 M M 4 27 180
29 71 60 66 3 0 1 0.11 0.0 0 10.3 21 10 M M 8 18 30 350
================================================================================
SM 2054 1477 139 29 2.60 0.0 211.4 M 132
================================================================================
AV 70.8 50.9 7.3 FASTST M M 5 MAX(MPH)
MISC ----> 30 360 44 10
================================================================================
NOTES:
# LAST OF SEVERAL OCCURRENCES
COLUMN 17 PEAK WIND IN M.P.H.
PRELIMINARY LOCAL CLIMATOLOGICAL DATA (WS FORM: F-6) , PAGE 2
STATION: DAYTONA BEACH
MONTH: FEBRUARY
YEAR: 2024
LATITUDE: 29 10 N
LONGITUDE: 81 3 W
[TEMPERATURE DATA] [PRECIPITATION DATA] SYMBOLS USED IN COLUMN 16
AVERAGE MONTHLY: 60.9 TOTAL FOR MONTH: 2.60 1 = FOG OR MIST
DPTR FM NORMAL: -0.5 DPTR FM NORMAL: 0.26 2 = FOG REDUCING VISIBILITY
HIGHEST: 84 ON 28,11 GRTST 24HR 1.79 ON 17-18 TO 1/4 MILE OR LESS
LOWEST: 41 ON 20 3 = THUNDER
SNOW, ICE PELLETS, HAIL 4 = ICE PELLETS
TOTAL MONTH: 0.0 INCH 5 = HAIL
GRTST 24HR 0.0 6 = FREEZING RAIN OR DRIZZLE
GRTST DEPTH: 0 7 = DUSTSTORM OR SANDSTORM:
VSBY 1/2 MILE OR LESS
8 = SMOKE OR HAZE
[NO. OF DAYS WITH] [WEATHER - DAYS WITH] 9 = BLOWING SNOW
X = TORNADO
MAX 32 OR BELOW: 0 0.01 INCH OR MORE: 7
MAX 90 OR ABOVE: 0 0.10 INCH OR MORE: 5
MIN 32 OR BELOW: 0 0.50 INCH OR MORE: 2
MIN 0 OR BELOW: 0 1.00 INCH OR MORE: 1
[HDD (BASE 65) ]
TOTAL THIS MO. 139 CLEAR (SCALE 0-3) 10
DPTR FM NORMAL -7 PTCLDY (SCALE 4-7) 17
TOTAL FM JUL 1 493 CLOUDY (SCALE 8-10) 2
DPTR FM NORMAL -116
[CDD (BASE 65) ]
TOTAL THIS MO. 29
DPTR FM NORMAL -16 [PRESSURE DATA]
TOTAL FM JAN 1 77 HIGHEST SLP M ON M
DPTR FM NORMAL 0 LOWEST SLP 29.53 ON 4
[REMARKS]
#FINAL-02-24#