000
CXUS52 KMLB 010736
CF6DAB
PRELIMINARY LOCAL CLIMATOLOGICAL DATA (WS FORM: F-6)
STATION: DAYTONA BEACH
MONTH: JANUARY
YEAR: 2021
LATITUDE: 29 10 N
LONGITUDE: 81 3 W
TEMPERATURE IN F: :PCPN: SNOW: WIND :SUNSHINE: SKY :PK WND
================================================================================
1 2 3 4 5 6A 6B 7 8 9 10 11 12 13 14 15 16 17 18
12Z AVG MX 2MIN
DY MAX MIN AVG DEP HDD CDD WTR SNW DPTH SPD SPD DIR MIN PSBL S-S WX SPD DR
================================================================================
1 84 67 76 18 0 11 0.00 0.0 0 8.1 20 170 M M 6 1 30 180
2 81 66 74 16 0 9 0.00 0.0 0 6.8 17 200 M M 8 1 23 210
3 70 54 62 4 3 0 0.01 0.0 0 5.8 16 300 M M 7 1 22 300
4 67 43 55 -3 10 0 0.00 0.0 0 5.1 13 320 M M 1 1 15 330
5 70 40 55 -3 10 0 0.00 0.0 0 5.5 18 250 M M 1 1 23 260
6 66 38 52 -6 13 0 0.00 0.0 0 3.7 12 10 M M 3 18 30
7 71 49 60 2 5 0 0.02 0.0 0 5.0 14 190 M M 8 1 21 190
8 63 44 54 -4 11 0 0.04 0.0 0 9.2 24 270 M M 6 1 31 270
9 52 39 46 -12 19 0 0.00 0.0 0 7.6 16 260 M M 6 20 290
10 57 38 48 -10 17 0 0.00 0.0 0 6.8 14 30 M M 6 1 16 30
11 75 44 60 2 5 0 0.00 0.0 0 4.3 15 200 M M 5 1 21 190
12 64 53 59 1 6 0 0.00 0.0 0 7.3 14 30 M M 9 19 270
13 56 49 53 -5 12 0 T 0.0 0 5.6 14 290 M M 9 18 300
14 63 40 52 -6 13 0 0.00 0.0 0 4.3 12 320 M M 4 1 14 300
15 71 39 55 -3 10 0 0.06 0.0 0 7.8 23 220 M M 5 1 29 210
16 61 40 51 -7 14 0 0.00 0.0 0 9.3 24 280 M M 2 33 240
17 59 35 47 -11 18 0 0.00 0.0 0 3.6 12 230 M M 5 1 15 230
18 65 41 53 -5 12 0 0.00 0.0 0 5.3 20 270 M M 4 26 270
19 65 37 51 -7 14 0 0.00 0.0 0 4.1 13 40 M M 1 1 16 40
20 71 40 56 -2 9 0 0.00 0.0 0 3.7 13 280 M M 2 1 19 270
21 76 46 61 3 4 0 0.00 0.0 0 9.0 18 240 M M 6 22 240
22 77 54 66 8 0 1 0.00 0.0 0 6.2 16 250 M M 7 19 250
23 63 58 61 3 4 0 T 0.0 0 6.3 15 10 M M 10 1 18 350
24 70 59 65 7 0 0 0.06 0.0 0 4.3 15 70 M M 8 1 17 70
25 80 60 70 12 0 5 0.00 0.0 0 5.6 16 200 M M 7 1 22 200
26 76 58 67 9 0 2 0.00 0.0 0 4.9 14 210 M M 8 12 19 210
27 81 55 68 10 0 3 0.27 0.0 0 6.2 16 260 M M 7 123 22 170
28 68 46 57 -1 8 0 T 0.0 0 12.0 23 20 M M 2 34 300
29 61 41 51 -8 14 0 0.00 0.0 0 7.3 14 50 M M 2 17 50
30 69 40 55 -4 10 0 0.00 0.0 0 2.9 12 70 M M 5 1 15 70
31 78 48 63 4 2 0 T 0.0 0 8.5 22 220 M M 4 1 31 200
================================================================================
SM 2130 1461 243 31 0.46 0.0 192.1 M 164
================================================================================
AV 68.7 47.1 6.2 FASTST M M 5 MAX(MPH)
MISC ----> # 24 270 34 300
================================================================================
NOTES:
# LAST OF SEVERAL OCCURRENCES
COLUMN 17 PEAK WIND IN M.P.H.
PRELIMINARY LOCAL CLIMATOLOGICAL DATA (WS FORM: F-6) , PAGE 2
STATION: DAYTONA BEACH
MONTH: JANUARY
YEAR: 2021
LATITUDE: 29 10 N
LONGITUDE: 81 3 W
[TEMPERATURE DATA] [PRECIPITATION DATA] SYMBOLS USED IN COLUMN 16
AVERAGE MONTHLY: 57.9 TOTAL FOR MONTH: 0.46 1 = FOG OR MIST
DPTR FM NORMAL: 0.0 DPTR FM NORMAL: -2.28 2 = FOG REDUCING VISIBILITY
HIGHEST: 84 ON 1 GRTST 24HR 0.27 ON 27-27 TO 1/4 MILE OR LESS
LOWEST: 35 ON 17 3 = THUNDER
SNOW, ICE PELLETS, HAIL 4 = ICE PELLETS
TOTAL MONTH: 0.0 INCH 5 = HAIL
GRTST 24HR 0.0 6 = FREEZING RAIN OR DRIZZLE
GRTST DEPTH: 0 7 = DUSTSTORM OR SANDSTORM:
VSBY 1/2 MILE OR LESS
8 = SMOKE OR HAZE
[NO. OF DAYS WITH] [WEATHER - DAYS WITH] 9 = BLOWING SNOW
X = TORNADO
MAX 32 OR BELOW: 0 0.01 INCH OR MORE: 6
MAX 90 OR ABOVE: 0 0.10 INCH OR MORE: 1
MIN 32 OR BELOW: 0 0.50 INCH OR MORE: 0
MIN 0 OR BELOW: 0 1.00 INCH OR MORE: 0
[HDD (BASE 65) ]
TOTAL THIS MO. 243 CLEAR (SCALE 0-3) 8
DPTR FM NORMAL -8 PTCLDY (SCALE 4-7) 19
TOTAL FM JUL 1 471 CLOUDY (SCALE 8-10) 4
DPTR FM NORMAL -40
[CDD (BASE 65) ]
TOTAL THIS MO. 31
DPTR FM NORMAL 2 [PRESSURE DATA]
TOTAL FM JAN 1 31 HIGHEST SLP M ON M
DPTR FM NORMAL 2 LOWEST SLP 29.75 ON 15
[REMARKS]
#FINAL-01-21#