000
CXUS55 KVEF 012117
CF6DAG
PRELIMINARY LOCAL CLIMATOLOGICAL DATA (WS FORM: F-6)
STATION: BARSTOW-DAGGETT CA
MONTH: SEPTEMBER
YEAR: 2022
LATITUDE: 34 51 N
LONGITUDE: 116 47 W
TEMPERATURE IN F: :PCPN: SNOW: WIND :SUNSHINE: SKY :PK WND
================================================================================
1 2 3 4 5 6A 6B 7 8 9 10 11 12 13 14 15 16 17 18
12Z AVG MX 2MIN
DY MAX MIN AVG DEP HDD CDD WTR SNW DPTH SPD SPD DIR MIN PSBL S-S WX SPD DR
================================================================================
1 112 84 98 12 0 33 0.00 0.0 0 7.4 17 290 M M 0 20 330
2 111 83 97 11 0 32 0.00 0.0 0 9.8 28 110 M M 0 40 120
3 109 85 97 12 0 32 0.00 0.0 0 8.6 20 100 M M 0 30 100
4 108 81 95 10 0 30 0.00 0.0 0 7.2 36 100 M M 0 8 52 90
5 109 82 96 11 0 31 0.00 0.0 0 7.5 21 130 M M 0 28 110
6 112 82 97 12 0 32 0.00 0.0 0 10.4 17 110 M M 0 24 90
7 107 82 95 11 0 30 0.00 0.0 0 9.2 21 80 M M 0 31 90
8 104 80 92 8 0 27 0.00 0.0 0 4.6 12 270 M M 0 19 290
9 91 78 85 1 0 20 T 0.0 0 12.4 26 130 M M 1 33 130
10 89 74 82 -1 0 17 0.00 0.0 0 11.1 22 100 M M 3 28 80
11 96 73 85 2 0 20 0.00 0.0 0 9.3 28 130 M M 1 8 35 130
12 89 71 80 -3 0 15 0.01 0.0 0 8.1 24 180 M M 2 38 33 270
13 93 70 82 0 0 17 0.00 0.0 0 14.0 24 240 M M 1 32 260
14 92 66 79 -3 0 14 0.00 0.0 0 11.7 24 260 M M 0 33 260
15 92 62 77 -5 0 12 0.00 0.0 0 12.7 22 280 M M 0 31 260
16 92 64 78 -3 0 13 0.00 0.0 0 10.4 18 290 M M 0 24 330
17 94 64 79 -2 0 14 0.00 0.0 0 11.9 26 260 M M 0 32 260
18 90 62 76 -4 0 11 0.00 0.0 0 12.9 23 320 M M 0 34 320
19 90 61 76 -4 0 11 0.00 0.0 0 10.1 21 290 M M 0 26 290
20 91 61 76 -4 0 11 0.00 0.0 0 10.8 23 240 M M 0 28 250
21 88 62 75 -4 0 10 0.00 0.0 0 13.9 22 260 M M 0 8 29 280
22 90 58 74 -5 0 9 0.00 0.0 0 6.8 16 290 M M 0 19 290
23 95 62 79 1 0 14 0.00 0.0 0 7.8 14 280 M M 0 17 270
24 99 71 85 7 0 20 0.00 0.0 0 7.3 13 270 M M 0 17 330
25 101 74 88 10 0 23 0.00 0.0 0 7.5 14 270 M M 0 17 90
26 101 71 86 9 0 21 0.00 0.0 0 6.5 12 90 M M 0 17 20
27 100 70 85 8 0 20 0.00 0.0 0 9.0 17 70 M M 0 8 26 80
28 101 74 88 12 0 23 T 0.0 0 10.8 28 110 M M 1 3 36 110
29 100 71 86 10 0 21 0.00 0.0 0 9.2 21 270 M M 0 27 250
30 96 69 83 7 0 18 0.00 0.0 0 9.1 17 260 M M 0 26 230
================================================================================
SM 2942 2147 0 601 0.01 0.0 288.0 M 9
================================================================================
AV 98.1 71.6 9.6 FASTST M M 0 MAX(MPH)
MISC ----> 36 100 52 90
================================================================================
NOTES:
# LAST OF SEVERAL OCCURRENCES
COLUMN 17 PEAK WIND IN M.P.H.
PRELIMINARY LOCAL CLIMATOLOGICAL DATA (WS FORM: F-6) , PAGE 2
STATION: BARSTOW-DAGGETT CA
MONTH: SEPTEMBER
YEAR: 2022
LATITUDE: 34 51 N
LONGITUDE: 116 47 W
[TEMPERATURE DATA] [PRECIPITATION DATA] SYMBOLS USED IN COLUMN 16
AVERAGE MONTHLY: 84.8 TOTAL FOR MONTH: 0.01 1 = FOG OR MIST
DPTR FM NORMAL: 3.7 DPTR FM NORMAL: -0.16 2 = FOG REDUCING VISIBILITY
HIGHEST: 112 ON 6, 1 GRTST 24HR 0.01 ON 12-12 TO 1/4 MILE OR LESS
LOWEST: 58 ON 22 3 = THUNDER
SNOW, ICE PELLETS, HAIL 4 = ICE PELLETS
TOTAL MONTH: 0.0 INCH 5 = HAIL
GRTST 24HR 0.0 6 = FREEZING RAIN OR DRIZZLE
GRTST DEPTH: 0 7 = DUSTSTORM OR SANDSTORM:
VSBY 1/2 MILE OR LESS
8 = SMOKE OR HAZE
[NO. OF DAYS WITH] [WEATHER - DAYS WITH] 9 = BLOWING SNOW
X = TORNADO
MAX 32 OR BELOW: 0 0.01 INCH OR MORE: 1
MAX 90 OR ABOVE: 27 0.10 INCH OR MORE: 0
MIN 32 OR BELOW: 0 0.50 INCH OR MORE: 0
MIN 0 OR BELOW: 0 1.00 INCH OR MORE: 0
[HDD (BASE 65) ]
TOTAL THIS MO. 0 CLEAR (SCALE 0-3) 30
DPTR FM NORMAL -1 PTCLDY (SCALE 4-7) 0
TOTAL FM JUL 1 0 CLOUDY (SCALE 8-10) 0
DPTR FM NORMAL 0
[CDD (BASE 65) ]
TOTAL THIS MO. 601
DPTR FM NORMAL 116 [PRESSURE DATA]
TOTAL FM JAN 1 3319 HIGHEST SLP 30.01 ON 24
DPTR FM NORMAL 364 LOWEST SLP 29.56 ON 9
[REMARKS]
#FINAL-09-22#