000
CXUS54 KFWD 041033
CF6DAL
PRELIMINARY LOCAL CLIMATOLOGICAL DATA (WS FORM: F-6)
STATION: DALLAS LOVE FIELD
MONTH: SEPTEMBER
YEAR: 2023
LATITUDE: 32 50 N
LONGITUDE: 96 51 W
TEMPERATURE IN F: :PCPN: SNOW: WIND :SUNSHINE: SKY :PK WND
================================================================================
1 2 3 4 5 6A 6B 7 8 9 10 11 12 13 14 15 16 17 18
12Z AVG MX 2MIN
DY MAX MIN AVG DEP HDD CDD WTR SNW DPTH SPD SPD DIR MIN PSBL S-S WX SPD DR
================================================================================
1 98 77 88 4 0 23 0.00 0.0 0 8.5 16 120 M M 1 22 120
2 98 73 86 2 0 21 0.00 0.0 0 5.5 10 100 M M 5 16 110
3 100 76 88 4 0 23 T 0.0 0 7.9 20 80 M M 7 3 32 80
4 99 80 90 6 0 25 0.00 0.0 0 11.4 20 150 M M 4 29 120
5 103 81 92 9 0 27 0.00 0.0 0 11.0 17 180 M M 1 26 180
6 105 84 95 12 0 30 0.00 0.0 0 5.6 14 160 M M 3 21 180
7 108 83 96 13 0 31 0.00 0.0 0 5.3 13 250 M M 1 17 260
8 109 82 96 14 0 31 T 0.0 0 7.4 38 170 M M 3 M 170
9 97 74 86 4 0 21 0.03 0.0 0 8.6 18 110 M M 4 3 29 110
10 93 72 83 1 0 18 0.00 0.0 0 7.0 15 120 M M 4 21 110
11 89 74 82 0 0 17 0.01 0.0 0 7.7 23 290 M M 9 30 290
12 85 73 79 -2 0 14 T 0.0 0 7.2 15 10 M M 9 34 230
13 83 70 77 -4 0 12 0.09 0.0 0 5.4 12 140 M M 9 1 29 220
14 75 70 73 -8 0 8 0.55 0.0 0 5.2 12 120 M M 9 1 18 70
15 83 70 77 -3 0 12 0.01 0.0 0 4.8 12 140 M M 6 17 140
16 88 70 79 -1 0 14 0.00 0.0 0 2.4 9 50 M M 6 14 20
17 92 69 81 1 0 16 0.00 0.0 0 4.3 12 30 M M 2 39 40
18 94 67 81 2 0 16 0.00 0.0 0 4.8 14 180 M M 2 22 180
19 96 70 83 4 0 18 1.39 0.0 0 11.6 22 140 M M 7 135 37 60
20 93 72 83 4 0 18 0.00 0.0 0 11.4 22 150 M M 4 3 33 150
21 93 76 85 7 0 20 0.00 0.0 0 8.8 17 140 M M 6 24 180
22 96 78 87 9 0 22 0.00 0.0 0 10.1 16 170 M M 5 24 180
23 98 78 88 10 0 23 0.00 0.0 0 11.0 18 160 M M 2 27 170
24 100 74 87 10 0 22 0.37 0.0 0 9.0 20 150 M M 5 138 29 150
25 92 72 82 5 0 17 0.36 0.0 0 5.6 15 10 M M 6 1 34 230
26 94 72 83 6 0 18 0.00 0.0 0 3.5 9 110 M M 1 22 40
27 95 73 84 8 0 19 0.00 0.0 0 4.7 10 70 M M 2 15 60
28 95 74 85 9 0 20 0.00 0.0 0 6.5 14 160 M M 1 19 130
29 94 74 84 8 0 19 0.00 0.0 0 8.3 15 130 M M 1 22 140
30 93 74 84 9 0 19 0.00 0.0 0 7.4 15 170 M M 2 24 150
================================================================================
SM 2838 2232 0 594 2.81 0.0 217.9 M 127
================================================================================
AV 94.6 74.4 7.3 FASTST M M 4 MAX(MPH)
MISC ----> 38 170 39 40
================================================================================
NOTES:
# LAST OF SEVERAL OCCURRENCES
COLUMN 17 PEAK WIND IN M.P.H.
PRELIMINARY LOCAL CLIMATOLOGICAL DATA (WS FORM: F-6) , PAGE 2
STATION: DALLAS LOVE FIELD
MONTH: SEPTEMBER
YEAR: 2023
LATITUDE: 32 50 N
LONGITUDE: 96 51 W
[TEMPERATURE DATA] [PRECIPITATION DATA] SYMBOLS USED IN COLUMN 16
AVERAGE MONTHLY: 84.5 TOTAL FOR MONTH: 2.81 1 = FOG OR MIST
DPTR FM NORMAL: 4.4 DPTR FM NORMAL: -0.29 2 = FOG REDUCING VISIBILITY
HIGHEST: 109 ON 8 GRTST 24HR 1.39 ON 19-19 TO 1/4 MILE OR LESS
LOWEST: 67 ON 18 3 = THUNDER
SNOW, ICE PELLETS, HAIL 4 = ICE PELLETS
TOTAL MONTH: 0.0 INCH 5 = HAIL
GRTST 24HR 0.0 6 = FREEZING RAIN OR DRIZZLE
GRTST DEPTH: 0 7 = DUSTSTORM OR SANDSTORM:
VSBY 1/2 MILE OR LESS
8 = SMOKE OR HAZE
[NO. OF DAYS WITH] [WEATHER - DAYS WITH] 9 = BLOWING SNOW
X = TORNADO
MAX 32 OR BELOW: 0 0.01 INCH OR MORE: 8
MAX 90 OR ABOVE: 24 0.10 INCH OR MORE: 4
MIN 32 OR BELOW: 0 0.50 INCH OR MORE: 2
MIN 0 OR BELOW: 0 1.00 INCH OR MORE: 1
[HDD (BASE 65) ]
TOTAL THIS MO. 0 CLEAR (SCALE 0-3) 12
DPTR FM NORMAL -2 PTCLDY (SCALE 4-7) 14
TOTAL FM JUL 1 0 CLOUDY (SCALE 8-10) 4
DPTR FM NORMAL 0
[CDD (BASE 65) ]
TOTAL THIS MO. 594
DPTR FM NORMAL 140 [PRESSURE DATA]
TOTAL FM JAN 1 3309 HIGHEST SLP 30.14 ON 10
DPTR FM NORMAL 406 LOWEST SLP 29.71 ON 4
[REMARKS]
#FINAL-09-23#