000
CXUS51 KRNK 010851
CF6DAN
PRELIMINARY LOCAL CLIMATOLOGICAL DATA (WS FORM: F-6)
STATION: DANVILLE VA
MONTH: MARCH
YEAR: 2022
LATITUDE: 36 34 N
LONGITUDE: 79 20 W
TEMPERATURE IN F: :PCPN: SNOW: WIND :SUNSHINE: SKY :PK WND
================================================================================
1 2 3 4 5 6A 6B 7 8 9 10 11 12 13 14 15 16 17 18
12Z AVG MX 2MIN
DY MAX MIN AVG DEP HDD CDD WTR SNW DPTH SPD SPD DIR MIN PSBL S-S WX SPD DR
================================================================================
1 65 29 47 2 18 0 0.00 0.0 0 3.4 15 250 M M 0 19 240
2 74 32 53 8 12 0 0.00 0.0 0 5.3 17 250 M M 0 21 240
3 79 41 60 15 5 0 T 0.0 0 7.7 20 310 M M 2 27 310
4 57 36 47 2 18 0 0.00 0.0 0 5.6 17 60 M M 0 22 50
5 73 36 55 9 10 0 0.00 0.0 0 5.0 18 240 M M 0 24 240
6 78 60 69 23 0 4 0.00 0.0 0 10.1 23 230 M M 4 33 220
7 79 59 69 23 0 4 0.12 0.0 0 12.7 31 240 M M 6 1 44 240
8 60 46 53 7 12 0 0.19 0.0 0 5.7 15 310 M M 7 1 21 290
9 53 42 48 1 17 0 0.87 0.0 0 4.9 14 330 M M 7 1 17 350
10 50 35 43 -4 22 0 0.00 0.0 0 5.0 15 60 M M 8 19 60
11 64 31 48 1 17 0 0.07 0.0 0 3.2 15 230 M M 5 12 20 230
12 52 25 39 -9 26 0 0.97 T 0 12.2 30 320 M M 7 13 42 280
13 50 19 35 -13 30 0 0.00 0.0 0 8.0 17 230 M M 0 25 240
14 65 27 46 -2 19 0 0.00 0.0 0 2.2 10 230 M M 0 15 230
15 69 32 51 2 14 0 0.00 0.0 0 4.4 16 260 M M 0 20 260
16 70 42 56 7 9 0 0.64 0.0 0 2.7 16 70 M M 6 1 22 60
17 72 51 62 13 3 0 0.12 0.0 0 6.9 17 310 M M 7 1 21 310
18 75 45 60 10 5 0 0.00 0.0 0 3.8 14 240 M M 4 12 27 170
19 80 56 68 18 0 3 0.00 0.0 0 11.0 29 230 M M 5 40 230
20 61 37 49 -1 16 0 0.00 0.0 0 10.8 26 300 M M 1 37 310
21 71 31 51 1 14 0 0.00 0.0 0 4.4 14 250 M M 0 22 230
22 72 39 56 5 9 0 0.00 0.0 0 4.0 16 230 M M 0 23 240
23 68 55 62 11 3 0 0.84 0.0 0 4.3 9 200 M M 8 1 16 190
24 72 56 64 13 1 0 0.00 0.0 0 6.9 17 230 M M 4 24 230
25 64 42 53 1 12 0 0.00 0.0 0 9.2 23 240 M M 3 29 250
26 56 40 48 -4 17 0 T 0.0 0 12.6 25 280 M M 5 35 290
27 53 29 41 -11 24 0 0.00 0.0 0 9.3 21 270 M M 0 29 270
28 55 24 40 -13 25 0 0.00 0.0 0 8.4 23 300 M M 0 33 290
29 53 24 39 -14 26 0 0.00 0.0 0 2.0 8 230 M M 4 11 240
30 67 33 50 -3 15 0 0.00 0.0 0 3.7 15 190 M M 6 26 200
31 73 62 68 14 0 3 0.57 0.0 0 10.7 32 230 M M 6 1 43 230
================================================================================
SM 2030 1216 399 14 4.39 T 206.1 M 105
================================================================================
AV 65.5 39.2 6.6 FASTST M M 3 MAX(MPH)
MISC ----> 32 230 44 240
================================================================================
NOTES:
# LAST OF SEVERAL OCCURRENCES
COLUMN 17 PEAK WIND IN M.P.H.
PRELIMINARY LOCAL CLIMATOLOGICAL DATA (WS FORM: F-6) , PAGE 2
STATION: DANVILLE VA
MONTH: MARCH
YEAR: 2022
LATITUDE: 36 34 N
LONGITUDE: 79 20 W
[TEMPERATURE DATA] [PRECIPITATION DATA] SYMBOLS USED IN COLUMN 16
AVERAGE MONTHLY: 52.4 TOTAL FOR MONTH: 4.39 1 = FOG OR MIST
DPTR FM NORMAL: 3.4 DPTR FM NORMAL: 0.86 2 = FOG REDUCING VISIBILITY
HIGHEST: 80 ON 19 GRTST 24HR 1.06 ON 8- 9 TO 1/4 MILE OR LESS
LOWEST: 19 ON 13 3 = THUNDER
SNOW, ICE PELLETS, HAIL 4 = ICE PELLETS
TOTAL MONTH: T 5 = HAIL
GRTST 24HR T ON 12-12 6 = FREEZING RAIN OR DRIZZLE
GRTST DEPTH: 0 7 = DUSTSTORM OR SANDSTORM:
VSBY 1/2 MILE OR LESS
8 = SMOKE OR HAZE
[NO. OF DAYS WITH] [WEATHER - DAYS WITH] 9 = BLOWING SNOW
X = TORNADO
MAX 32 OR BELOW: 0 0.01 INCH OR MORE: 9
MAX 90 OR ABOVE: 0 0.10 INCH OR MORE: 8
MIN 32 OR BELOW: 11 0.50 INCH OR MORE: 5
MIN 0 OR BELOW: 0 1.00 INCH OR MORE: 0
[HDD (BASE 65) ]
TOTAL THIS MO. 399 CLEAR (SCALE 0-3) 13
DPTR FM NORMAL -103 PTCLDY (SCALE 4-7) 18
TOTAL FM JUL 1 3039 CLOUDY (SCALE 8-10) 0
DPTR FM NORMAL -447
[CDD (BASE 65) ]
TOTAL THIS MO. 14
DPTR FM NORMAL 9 [PRESSURE DATA]
TOTAL FM JAN 1 19 HIGHEST SLP 30.53 ON 4
DPTR FM NORMAL 13 LOWEST SLP 29.37 ON 12
[REMARKS]
#FINAL-03-22#