000
CXUS55 KDVN 011000
CF6DBQ
PRELIMINARY LOCAL CLIMATOLOGICAL DATA (WS FORM: F-6)
STATION: DUBUQUE IA
MONTH: SEPTEMBER
YEAR: 2020
LATITUDE: 42 24 N
LONGITUDE: 90 42 W
TEMPERATURE IN F: :PCPN: SNOW: WIND :SUNSHINE: SKY :PK WND
================================================================================
1 2 3 4 5 6A 6B 7 8 9 10 11 12 13 14 15 16 17 18
12Z AVG MX 2MIN
DY MAX MIN AVG DEP HDD CDD WTR SNW DPTH SPD SPD DIR MIN PSBL S-S WX SPD DR
================================================================================
1 71 50 61 -6 4 0 0.40 0.0 0 6.6 16 290 M M 5 1 24 280
2 84 54 69 2 0 4 0.00 0.0 0 7.6 20 270 M M 2 1 30 260
3 77 53 65 -2 0 0 0.00 0.0 0 12.6 30 270 M M 0 40 280
4 81 46 64 -2 1 0 0.00 0.0 0 7.9 21 280 M M 1 31 270
5 80 55 68 2 0 3 T 0.0 0 7.6 16 150 M M 0 3 21 140
6 85 58 72 6 0 7 1.93 0.0 0 14.7 33 180 M M 6 13 48 190
7 69 51 60 -6 5 0 0.48 0.0 0 12.1 24 30 M M 3 13 33 20
8 52 47 50 -15 15 0 2.07 0.0 0 14.4 25 90 M M 10 13 33 80
9 51 47 49 -16 16 0 0.32 0.0 0 14.4 21 40 M M 10 1 28 40
10 53 47 50 -14 15 0 0.49 0.0 0 10.5 16 40 M M 10 1 20 50
11 62 52 57 -7 8 0 1.54 0.0 0 10.3 15 130 M M 10 1 21 70
12 68 56 62 -2 3 0 0.63 0.0 0 9.5 18 150 M M 9 1 27 160
13 74 52 63 0 2 0 0.00 0.0 0 4.6 16 330 M M 0 1 22 340
14 74 52 63 0 2 0 0.00 0.0 0 5.3 12 180 M M 1 12 16 190
15 78 53 66 4 0 1 0.00 0.0 0 10.4 17 200 M M 0 23 180
16 77 56 67 5 0 2 0.00 0.0 0 9.1 16 250 M M 1 23 250
17 68 49 59 -3 6 0 0.00 0.0 0 7.7 13 10 M M 1 16 350
18 62 44 53 -8 12 0 0.00 0.0 0 6.7 14 120 M M 3 16 100
19 65 40 53 -8 12 0 0.00 0.0 0 7.3 15 170 M M 0 20 170
20 70 46 58 -2 7 0 0.00 0.0 0 10.7 18 160 M M 0 27 170
21 74 47 61 1 4 0 0.00 0.0 0 10.1 17 190 M M 0 22 190
22 77 52 65 6 0 0 0.00 0.0 0 5.5 13 210 M M 0 16 180
23 77 50 64 5 1 0 0.00 0.0 0 4.6 16 200 M M 0 1 20 190
24 75 52 64 6 1 0 T 0.0 0 9.1 23 190 M M 5 1 30 190
25 80 56 68 10 0 3 0.00 0.0 0 13.4 22 190 M M 1 29 200
26 76 61 69 11 0 4 0.00 0.0 0 16.6 25 190 M M 0 34 200
27 71 52 62 5 3 0 0.34 0.0 0 9.9 20 290 M M 5 1 28 290
28 60 43 52 -5 13 0 0.04 0.0 0 9.1 20 300 M M 7 18 27 310
29 60 38 49 -7 16 0 0.00 0.0 0 8.4 16 260 M M 6 12 21 240
30 65 43 54 -2 11 0 0.00 0.0 0 14.6 33 320 M M 3 47 310
================================================================================
SM 2116 1502 157 24 8.24 0.0 291.3 M 99
================================================================================
AV 70.5 50.1 9.7 FASTST M M 3 MAX(MPH)
MISC ----> # 33 180 48 190
================================================================================
NOTES:
# LAST OF SEVERAL OCCURRENCES
COLUMN 17 PEAK WIND IN M.P.H.
PRELIMINARY LOCAL CLIMATOLOGICAL DATA (WS FORM: F-6) , PAGE 2
STATION: DUBUQUE IA
MONTH: SEPTEMBER
YEAR: 2020
LATITUDE: 42 24 N
LONGITUDE: 90 42 W
[TEMPERATURE DATA] [PRECIPITATION DATA] SYMBOLS USED IN COLUMN 16
AVERAGE MONTHLY: 60.3 TOTAL FOR MONTH: 8.24 1 = FOG OR MIST
DPTR FM NORMAL: -1.7 DPTR FM NORMAL: 4.78 2 = FOG REDUCING VISIBILITY
HIGHEST: 85 ON 6 GRTST 24HR 2.50 ON 7- 8 TO 1/4 MILE OR LESS
LOWEST: 38 ON 29 3 = THUNDER
SNOW, ICE PELLETS, HAIL 4 = ICE PELLETS
TOTAL MONTH: 0.0 INCH 5 = HAIL
GRTST 24HR 0.0 6 = FREEZING RAIN OR DRIZZLE
GRTST DEPTH: 0 7 = DUSTSTORM OR SANDSTORM:
VSBY 1/2 MILE OR LESS
8 = SMOKE OR HAZE
[NO. OF DAYS WITH] [WEATHER - DAYS WITH] 9 = BLOWING SNOW
X = TORNADO
MAX 32 OR BELOW: 0 0.01 INCH OR MORE: 10
MAX 90 OR ABOVE: 0 0.10 INCH OR MORE: 9
MIN 32 OR BELOW: 0 0.50 INCH OR MORE: 4
MIN 0 OR BELOW: 0 1.00 INCH OR MORE: 3
[HDD (BASE 65) ]
TOTAL THIS MO. 157 CLEAR (SCALE 0-3) 17
DPTR FM NORMAL 6 PTCLDY (SCALE 4-7) 8
TOTAL FM JUL 1 163 CLOUDY (SCALE 8-10) 5
DPTR FM NORMAL -16
[CDD (BASE 65) ]
TOTAL THIS MO. 24
DPTR FM NORMAL -37 [PRESSURE DATA]
TOTAL FM JAN 1 753 HIGHEST SLP 30.42 ON 18
DPTR FM NORMAL 116 LOWEST SLP 29.53 ON 26
[REMARKS]
#FINAL-09-20#