000
CXUS53 KDDC 011452
CF6DDC
PRELIMINARY LOCAL CLIMATOLOGICAL DATA (WS FORM: F-6)
STATION: DODGE CITY KS
MONTH: AUGUST
YEAR: 2021
LATITUDE: 37 46 N
LONGITUDE: 99 58 W
TEMPERATURE IN F: :PCPN: SNOW: WIND :SUNSHINE: SKY :PK WND
================================================================================
1 2 3 4 5 6A 6B 7 8 9 10 11 12 13 14 15 16 17 18
12Z AVG MX 2MIN
DY MAX MIN AVG DEP HDD CDD WTR SNW DPTH SPD SPD DIR MIN PSBL S-S WX SPD DR
================================================================================
1 87 61 74 -6 0 9 0.07 0.0 0 9.9 21 40 M M 3 18 26 20
2 86 54 70 -10 0 5 0.00 0.0 0 3.6 13 120 M M 0 18 20 130
3 88 59 74 -6 0 9 0.00 0.0 0 9.3 17 160 M M 0 8 27 150
4 90 61 76 -4 0 11 0.00 0.0 0 11.1 21 260 M M 0 18 28 190
5 92 64 78 -2 0 13 0.00 0.0 0 7.3 17 160 M M 0 18 22 180
6 97 65 81 1 0 16 0.00 0.0 0 13.6 22 160 M M 0 18 32 150
7 102 67 85 5 0 20 0.63 0.0 0 17.3 37 260 M M 1 138 53 270
8 94 63 79 -1 0 14 0.00 0.0 0 7.4 13 260 M M 0 18 18 290
9 100 66 83 4 0 18 0.00 0.0 0 10.4 18 150 M M 0 18 23 120
10 101 71 86 7 0 21 T 0.0 0 12.4 44 150 M M 1 3 55 150
11 102 73 88 9 0 23 0.00 0.0 0 12.3 23 180 M M 0 29 180
12 100 66 83 4 0 18 0.12 0.0 0 11.5 28 20 M M 1 13 39 350
13 83 65 74 -5 0 9 0.16 0.0 0 6.9 21 50 M M 2 13 27 60
14 88 64 76 -3 0 11 0.00 0.0 0 8.5 16 150 M M 1 1 26 160
15 92 65 79 1 0 14 0.00 0.0 0 12.6 21 160 M M 0 1 30 130
16 87 62 75 -3 0 10 0.18 0.0 0 11.8 24 110 M M 2 13 35 110
17 91 62 77 -1 0 12 0.00 0.0 0 12.0 26 150 M M 1 1 36 140
18 89 65 77 -1 0 12 0.00 0.0 0 15.6 24 160 M M 4 1 34 150
19 90 70 80 2 0 15 0.00 0.0 0 17.9 29 150 M M 6 1 36 140
20 98 70 84 6 0 19 0.00 0.0 0 13.7 23 10 M M 1 1 33 160
21 87 62 75 -2 0 10 0.00 0.0 0 13.1 21 50 M M 2 31 70
22 98 65 82 5 0 17 0.00 0.0 0 15.8 30 180 M M 0 42 180
23 103 71 87 10 0 22 0.00 0.0 0 17.0 28 190 M M 0 39 180
24 105 73 89 12 0 24 0.00 0.0 0 13.5 26 190 M M 0 35 190
25 104 68 86 10 0 21 0.00 0.0 0 9.2 20 150 M M 0 8 29 170
26 100 68 84 8 0 19 0.00 0.0 0 14.2 26 170 M M 0 8 35 200
27 99 73 86 10 0 21 0.00 0.0 0 15.5 25 170 M M 0 8 35 170
28 98 71 85 9 0 20 0.00 0.0 0 17.9 25 160 M M 0 18 36 180
29 81 65 73 -3 0 8 0.06 0.0 0 13.5 28 120 M M 4 13 37 130
30 94 61 78 3 0 13 0.00 0.0 0 8.8 18 180 M M 1 1 26 220
31 98 65 82 7 0 17 0.00 0.0 0 10.2 18 220 M M 0 26 180
================================================================================
SM 2924 2035 0 471 1.22 0.0 373.8 M 30
================================================================================
AV 94.3 65.6 12.1 FASTST M M 1 MAX(MPH)
MISC ----> 44 150 55 150
================================================================================
NOTES:
# LAST OF SEVERAL OCCURRENCES
COLUMN 17 PEAK WIND IN M.P.H.
PRELIMINARY LOCAL CLIMATOLOGICAL DATA (WS FORM: F-6) , PAGE 2
STATION: DODGE CITY KS
MONTH: AUGUST
YEAR: 2021
LATITUDE: 37 46 N
LONGITUDE: 99 58 W
[TEMPERATURE DATA] [PRECIPITATION DATA] SYMBOLS USED IN COLUMN 16
AVERAGE MONTHLY: 80.0 TOTAL FOR MONTH: 1.22 1 = FOG OR MIST
DPTR FM NORMAL: 1.9 DPTR FM NORMAL: -1.77 2 = FOG REDUCING VISIBILITY
HIGHEST: 105 ON 24 GRTST 24HR 0.63 ON 7- 7 TO 1/4 MILE OR LESS
LOWEST: 54 ON 2 3 = THUNDER
SNOW, ICE PELLETS, HAIL 4 = ICE PELLETS
TOTAL MONTH: 0.0 INCH 5 = HAIL
GRTST 24HR 0.0 6 = FREEZING RAIN OR DRIZZLE
GRTST DEPTH: 0 7 = DUSTSTORM OR SANDSTORM:
VSBY 1/2 MILE OR LESS
8 = SMOKE OR HAZE
[NO. OF DAYS WITH] [WEATHER - DAYS WITH] 9 = BLOWING SNOW
X = TORNADO
MAX 32 OR BELOW: 0 0.01 INCH OR MORE: 6
MAX 90 OR ABOVE: 22 0.10 INCH OR MORE: 4
MIN 32 OR BELOW: 0 0.50 INCH OR MORE: 1
MIN 0 OR BELOW: 0 1.00 INCH OR MORE: 0
[HDD (BASE 65) ]
TOTAL THIS MO. 0 CLEAR (SCALE 0-3) 27
DPTR FM NORMAL -2 PTCLDY (SCALE 4-7) 4
TOTAL FM JUL 1 0 CLOUDY (SCALE 8-10) 0
DPTR FM NORMAL -1
[CDD (BASE 65) ]
TOTAL THIS MO. 471
DPTR FM NORMAL 65 [PRESSURE DATA]
TOTAL FM JAN 1 1406 HIGHEST SLP 30.21 ON 14
DPTR FM NORMAL 94 LOWEST SLP 29.56 ON 7
[REMARKS]
#FINAL-08-21#