000
CXUS51 KALY 011941
CLSDDH
CLIMATE REPORT
NATIONAL WEATHER SERVICE ALBANY NY
341 PM EDT FRI SEP 01 2023
...................................
...THE BENNINGTON VT CLIMATE SUMMARY FOR THE SEASON, FROM
6/1/2023 TO 8/31/2023...
CLIMATE NORMAL PERIOD: 1991 TO 2020
CLIMATE RECORD PERIOD: 9999 TO 9999
WEATHER OBSERVED NORMAL DEPART LAST YEAR`S
VALUE DATE(S) VALUE FROM VALUE DATE(S)
NORMAL
................................................................
TEMPERATURE (F)
HIGHEST 91 07/06 95 07/20
08/04
LOWEST 41 06/06 38 06/05
AVG. MAXIMUM 78.1 78.7 -0.6 81.2
AVG. MINIMUM 56.8 55.0 1.8 56.0
MEAN 67.4 66.8 0.6 68.6
DAYS MAX >= 90 2 2.8 -0.8 13
DAYS MAX <= 32 0 0.0 0.0 0
DAYS MIN <= 32 0 0.1 -0.1 0
DAYS MIN <= 0 0 0.0 0.0 0
PRECIPITATION (INCHES)
TOTALS 18.38* 12.56 5.82 7.25
DAILY AVG. 0.20 0.08
DAYS >= .01 45 27
DAYS >= .10 33 16
DAYS >= .50 15 3
DAYS >= 1.00 3 1
GREATEST
24 HR. TOTAL MM
DEGREE DAYS
HEATING TOTAL 137 143 -6 81
SINCE 7/1 32 58 -26 12
COOLING TOTAL 391 313 78 440
SINCE 1/1 409 332 77 497
................................................................
WIND (MPH)
AVERAGE WIND SPEED 3.5
HIGHEST WIND SPEED/DIRECTION 35/160 DATE 07/12
HIGHEST GUST SPEED/DIRECTION 46/150 DATE 07/12
WEATHER CONDITIONS. NUMBER OF DAYS WITH
THUNDERSTORM 23 MIXED PRECIP 0
HEAVY RAIN 22 RAIN 32
LIGHT RAIN 51 FREEZING RAIN 0
LT FREEZING RAIN 0 HAIL 0
HEAVY SNOW 0 SNOW 0
LIGHT SNOW 0 SLEET 0
FOG 81 FOG W/VIS <= 1/4 MILE 24
HAZE 34
- INDICATES NEGATIVE NUMBERS.
R INDICATES RECORD WAS SET OR TIED.
MM INDICATES DATA IS MISSING.
T INDICATES TRACE AMOUNT.
$$
* MISSING PRECIPITATION TOTALS FROM THE FOLLOWING DATES:
JULY 18TH, 29TH AND 31ST AND AUGUST 3RD AND 7TH.