000
CXUS54 KSHV 011300
CF6DEQ
PRELIMINARY LOCAL CLIMATOLOGICAL DATA (WS FORM: F-6)
STATION: DE QUEEN
MONTH: JULY
YEAR: 2022
LATITUDE: 34 2 N
LONGITUDE: 94 24 W
TEMPERATURE IN F: :PCPN: SNOW: WIND :SUNSHINE: SKY :PK WND
================================================================================
1 2 3 4 5 6A 6B 7 8 9 10 11 12 13 14 15 16 17 18
12Z AVG MX 2MIN
DY MAX MIN AVG DEP HDD CDD WTR SNW DPTH SPD SPD DIR MIN PSBL S-S WX SPD DR
================================================================================
1 94 71 83 2 0 18 0.00 0.0 0 3.9 12 170 M M 1 18 17 180
2 91 73 82 1 0 17 0.00 0.0 0 2.0 8 170 M M 4 1 11 170
3 97 72 85 4 0 20 0.00 0.0 0 3.4 10 160 M M 4 128 15 170
4 99 76 88 7 0 23 0.00 0.0 0 4.0 12 190 M M 2 18 16 180
5 99 72 86 5 0 21 0.00 0.0 0 4.4 12 190 M M 0 1 19 200
6 99 72 86 5 0 21 0.00 0.0 0 3.9 12 200 M M 0 16 140
7 100 73 87 5 0 22 0.00 0.0 0 3.5 13 210 M M 0 18 19 180
8 103 74 89 7 0 24 0.00 0.0 0 3.5 13 240 M M 0 17 230
9 107 77 92 10 0 27 0.00 0.0 0 3.2 12 190 M M 2 3 16 240
10 97 74 86 4 0 21 0.00 0.0 0 4.6 14 110 M M 1 17 110
11 99 68 84 2 0 19 0.00 0.0 0 3.4 13 110 M M 1 128 19 120
12 104 68 86 4 0 21 0.00 0.0 0 3.3 14 180 M M 1 1 19 210
13 100 73 87 5 0 22 T 0.0 0 3.5 18 320 M M 1 38 23 310
14 101 72 87 5 0 22 0.00 0.0 0 4.3 12 120 M M 1 18 110
15 101 73 87 5 0 22 0.00 0.0 0 3.1 14 160 M M 2 18 19 180
16 101 70 86 4 0 21 0.00 0.0 0 2.5 13 180 M M 0 1 17 200
17 103 74 89 7 0 24 0.00 0.0 0 5.1 15 210 M M 0 26 230
18 105 77 91 9 0 26 T 0.0 0 5.4 16 240 M M 1 21 190
19 106 74 90 8 0 25 0.00 0.0 0 6.3 20 200 M M 0 23 190
20 105 74 90 8 0 25 0.00 0.0 0 3.5 15 250 M M 0 19 250
21 106 74 90 8 0 25 0.25 0.0 0 5.3 20 240 M M 2 138 28 270
22 88 73 81 -1 0 16 0.00 0.0 0 2.5 8 160 M M 1 12 10 50
23 99 69 84 2 0 19 0.00 0.0 0 3.3 13 210 M M 2 12 19 160
24 102 72 87 5 0 22 0.00 0.0 0 3.6 14 200 M M 0 25 170
25 103 73 88 6 0 23 0.00 0.0 0 3.9 15 180 M M 0 20 190
26 103 74 89 7 0 24 0.00 0.0 0 4.4 16 160 M M 0 21 150
27 103 74 89 7 0 24 0.00 0.0 0 4.7 16 180 M M 1 19 180
28 103 75 89 7 0 24 0.00 0.0 0 4.4 16 190 M M 0 22 220
29 99 75 87 5 0 22 T 0.0 0 5.0 18 100 M M 3 3 27 40
30 95 74 85 3 0 20 0.28 0.0 0 3.7 16 320 M M 2 13 22 330
31 95 74 85 3 0 20 0.01 0.0 0 4.6 10 230 M M 2 M M
================================================================================
SM 3107 2264 0 680 0.54 0.0 122.2 M 34
================================================================================
AV100.2 73.0 3.9 FASTST M M 1 MAX(MPH)
MISC ----> # 20 200 28 270
================================================================================
NOTES:
# LAST OF SEVERAL OCCURRENCES
COLUMN 17 PEAK WIND IN M.P.H.
PRELIMINARY LOCAL CLIMATOLOGICAL DATA (WS FORM: F-6) , PAGE 2
STATION: DE QUEEN
MONTH: JULY
YEAR: 2022
LATITUDE: 34 2 N
LONGITUDE: 94 24 W
[TEMPERATURE DATA] [PRECIPITATION DATA] SYMBOLS USED IN COLUMN 16
AVERAGE MONTHLY: 86.6 TOTAL FOR MONTH: 0.54 1 = FOG OR MIST
DPTR FM NORMAL: 4.6 DPTR FM NORMAL: -2.41 2 = FOG REDUCING VISIBILITY
HIGHEST: 107 ON 9 GRTST 24HR 0.28 ON 30-30 TO 1/4 MILE OR LESS
LOWEST: 68 ON 12,11 3 = THUNDER
SNOW, ICE PELLETS, HAIL 4 = ICE PELLETS
TOTAL MONTH: 0.0 INCH 5 = HAIL
GRTST 24HR 0.0 6 = FREEZING RAIN OR DRIZZLE
GRTST DEPTH: 0 7 = DUSTSTORM OR SANDSTORM:
VSBY 1/2 MILE OR LESS
8 = SMOKE OR HAZE
[NO. OF DAYS WITH] [WEATHER - DAYS WITH] 9 = BLOWING SNOW
X = TORNADO
MAX 32 OR BELOW: 0 0.01 INCH OR MORE: 3
MAX 90 OR ABOVE: 30 0.10 INCH OR MORE: 2
MIN 32 OR BELOW: 0 0.50 INCH OR MORE: 0
MIN 0 OR BELOW: 0 1.00 INCH OR MORE: 0
[HDD (BASE 65) ]
TOTAL THIS MO. 0 CLEAR (SCALE 0-3) 29
DPTR FM NORMAL 0 PTCLDY (SCALE 4-7) 2
TOTAL FM JUL 1 0 CLOUDY (SCALE 8-10) 0
DPTR FM NORMAL 0
[CDD (BASE 65) ]
TOTAL THIS MO. 680
DPTR FM NORMAL 155 [PRESSURE DATA]
TOTAL FM JAN 1 1520 HIGHEST SLP M ON M
DPTR FM NORMAL 314 LOWEST SLP 29.72 ON 19
[REMARKS]
#FINAL-07-22#